24.30.82.160 - - [13/Jul/2017:23:11:46 +0200] "GET /timestamp.js?1491341099 HTTP/1.1" 200 2853 "http://timestamp.online/countdown/1500000000" "Mozilla/5.0 (Macintosh; Intel Mac OS X 10_12_5) AppleWebKit/603.2.4 (KHTML, like Gecko) Version/10.1.1 Safari/603.2.4"
24.255.249.111 - - [13/Jul/2017:23:11:46 +0200] "GET /countdown/1500000000 HTTP/1.1" 200 4341 "https://news.ycombinator.com/" "Mozilla/5.0 (Macintosh; Intel Mac OS X 10_12_5) AppleWebKit/537.36 (KHTML, like Gecko) Chrome/59.0.3071.115 Safari/537.36"
167.191.240.1 - - [13/Jul/2017:23:11:46 +0200] "GET /countdown/1500000000 HTTP/1.1" 200 4341 "https://news.ycombinator.com/" "Mozilla/5.0 (Windows NT 6.1; Win64; x64) AppleWebKit/537.36 (KHTML, like Gecko) Chrome/59.0.3071.115 Safari/537.36"
24.30.82.160 - - [13/Jul/2017:23:11:46 +0200] "GET /favicon.ico HTTP/1.1" 404 22529 "http://timestamp.online/countdown/1500000000" "Mozilla/5.0 (Macintosh; Intel Mac OS X 10_12_5) AppleWebKit/603.2.4 (KHTML, like Gecko) Version/10.1.1 Safari/603.2.4"
24.255.249.111 - - [13/Jul/2017:23:11:46 +0200] "GET /zzstyle.css?1491341099 HTTP/1.1" 200 1389 "http://timestamp.online/countdown/1500000000" "Mozilla/5.0 (Macintosh; Intel Mac OS X 10_12_5) AppleWebKit/537.36 (KHTML, like Gecko) Chrome/59.0.3071.115 Safari/537.36"
24.255.249.111 - - [13/Jul/2017:23:11:46 +0200] "GET /timestamp.js?1491341099 HTTP/1.1" 200 2853 "http://timestamp.online/countdown/1500000000" "Mozilla/5.0 (Macintosh; Intel Mac OS X 10_12_5) AppleWebKit/537.36 (KHTML, like Gecko) Chrome/59.0.3071.115 Safari/537.36"
167.191.240.1 - - [13/Jul/2017:23:11:46 +0200] "GET /zzstyle.css?1491341099 HTTP/1.1" 200 1389 "http://timestamp.online/countdown/1500000000" "Mozilla/5.0 (Windows NT 6.1; Win64; x64) AppleWebKit/537.36 (KHTML, like Gecko) Chrome/59.0.3071.115 Safari/537.36"
167.191.240.1 - - [13/Jul/2017:23:11:46 +0200] "GET /timestamp.js?1491341099 HTTP/1.1" 200 2853 "http://timestamp.online/countdown/1500000000" "Mozilla/5.0 (Windows NT 6.1; Win64; x64) AppleWebKit/537.36 (KHTML, like Gecko) Chrome/59.0.3071.115 Safari/537.36"
167.191.240.1 - - [13/Jul/2017:23:11:47 +0200] "GET /favicon.ico HTTP/1.1" 404 22529 "http://timestamp.online/countdown/1500000000" "Mozilla/5.0 (Windows NT 6.1; Win64; x64) AppleWebKit/537.36 (KHTML, like Gecko) Chrome/59.0.3071.115 Safari/537.36"
24.255.249.111 - - [13/Jul/2017:23:11:47 +0200] "GET /favicon.ico HTTP/1.1" 404 22529 "http://timestamp.online/countdown/1500000000" "Mozilla/5.0 (Macintosh; Intel Mac OS X 10_12_5) AppleWebKit/537.36 (KHTML, like Gecko) Chrome/59.0.3071.115 Safari/537.36"
34.228.130.247 - - [13/Jul/2017:23:11:47 +0200] "GET /countdown/1500000000 HTTP/1.1" 200 4341 "-" "Mozilla/5.0 (Windows; U; Windows NT 5.1; zh-CN; rv:1.8.1.6) Gecko/20070725 Firefox/2.0.0.6"
91.158.160.127 - - [13/Jul/2017:23:11:49 +0200] "GET /wp-login.php HTTP/1.1" 404 22356 "-" "Mozilla/5.0 (Windows NT 6.1; WOW64; rv:40.0) Gecko/20100101 Firefox/40.1"
91.158.160.127 - - [13/Jul/2017:23:11:49 +0200] "GET / HTTP/1.1" 200 8619 "-" "Mozilla/5.0 (Windows NT 6.1; WOW64; rv:40.0) Gecko/20100101 Firefox/40.1"
52.21.176.42 - - [13/Jul/2017:23:11:49 +0200] "GET /countdown/1500000000 HTTP/1.1" 200 4341 "-" "Mozilla/5.0 (SymbianOS/9.3; Series60/3.2 NokiaE52-1/052.003; Profile/MIDP-2.1 Configuration/CLDC-1.1 ) AppleWebKit/525 (KHTML, like Gecko) Version/3.0 BrowserNG/7.2.6.2 3gpp-gba"
130.253.27.11 - - [13/Jul/2017:23:11:49 +0200] "GET /countdown/1500000000 HTTP/1.1" 200 4341 "https://news.ycombinator.com/" "Mozilla/5.0 (Macintosh; Intel Mac OS X 10_12_5) AppleWebKit/603.2.4 (KHTML, like Gecko) Version/10.1.1 Safari/603.2.4"
130.253.27.11 - - [13/Jul/2017:23:11:50 +0200] "GET /zzstyle.css?1491341099 HTTP/1.1" 200 1389 "http://timestamp.online/countdown/1500000000" "Mozilla/5.0 (Macintosh; Intel Mac OS X 10_12_5) AppleWebKit/603.2.4 (KHTML, like Gecko) Version/10.1.1 Safari/603.2.4"
130.253.27.11 - - [13/Jul/2017:23:11:50 +0200] "GET /timestamp.js?1491341099 HTTP/1.1" 200 2853 "http://timestamp.online/countdown/1500000000" "Mozilla/5.0 (Macintosh; Intel Mac OS X 10_12_5) AppleWebKit/603.2.4 (KHTML, like Gecko) Version/10.1.1 Safari/603.2.4"
2600:1014:b02a:3cc0:a0d0:feab:dccc:1c28 - - [13/Jul/2017:23:11:50 +0200] "GET /countdown/1000000000 HTTP/1.1" 200 4366 "-" "Mozilla/5.0 (Macintosh; Intel Mac OS X 10_10_5) AppleWebKit/537.36 (KHTML, like Gecko) Chrome/59.0.3071.115 Safari/537.36"
155.4.230.97 - - [13/Jul/2017:23:11:50 +0200] "GET /countdown/1500000000 HTTP/1.1" 200 4341 "-" "Mozilla/5.0 (Android; Mobile; rv:38.0) Gecko/38.0 Firefox/38.0"
130.253.27.11 - - [13/Jul/2017:23:11:50 +0200] "GET /favicon.ico HTTP/1.1" 404 22529 "http://timestamp.online/countdown/1500000000" "Mozilla/5.0 (Macintosh; Intel Mac OS X 10_12_5) AppleWebKit/603.2.4 (KHTML, like Gecko) Version/10.1.1 Safari/603.2.4"
136.243.154.95 - - [13/Jul/2017:23:11:50 +0200] "HEAD /countdown/1500000000 HTTP/1.1" 200 - "-" "MetaURI API/2.0 +metauri.com"
136.243.154.95 - - [13/Jul/2017:23:11:50 +0200] "GET /countdown/1500000000 HTTP/1.1" 206 4341 "-" "MetaURI API/2.0 +metauri.com"
67.86.243.74 - - [13/Jul/2017:23:11:50 +0200] "GET /countdown/200000000 HTTP/1.1" 200 4365 "-" "Mozilla/5.0 (Macintosh; Intel Mac OS X 10_11_4) AppleWebKit/537.36 (KHTML, like Gecko) Chrome/58.0.3029.110 Safari/537.36"
88.98.246.147 - - [13/Jul/2017:23:11:50 +0200] "GET /countdown/1500000000 HTTP/1.1" 200 4341 "https://news.ycombinator.com/" "Mozilla/5.0 (Linux; Android 7.1.1; Nexus 5X Build/N4F26T) AppleWebKit/537.36 (KHTML, like Gecko) Chrome/59.0.3071.125 Mobile Safari/537.36"
88.98.246.147 - - [13/Jul/2017:23:11:51 +0200] "GET /zzstyle.css?1491341099 HTTP/1.1" 200 1389 "http://timestamp.online/countdown/1500000000" "Mozilla/5.0 (Linux; Android 7.1.1; Nexus 5X Build/N4F26T) AppleWebKit/537.36 (KHTML, like Gecko) Chrome/59.0.3071.125 Mobile Safari/537.36"
88.98.246.147 - - [13/Jul/2017:23:11:51 +0200] "GET /timestamp.js?1491341099 HTTP/1.1" 200 2853 "http://timestamp.online/countdown/1500000000" "Mozilla/5.0 (Linux; Android 7.1.1; Nexus 5X Build/N4F26T) AppleWebKit/537.36 (KHTML, like Gecko) Chrome/59.0.3071.125 Mobile Safari/537.36"
155.4.230.97 - - [13/Jul/2017:23:11:51 +0200] "GET /zzstyle.css?1491341099 HTTP/1.1" 200 1389 "-" "Mozilla/5.0 (Android; Mobile; rv:38.0) Gecko/38.0 Firefox/38.0"
88.98.246.147 - - [13/Jul/2017:23:11:51 +0200] "GET /favicon.ico HTTP/1.1" 404 22529 "http://timestamp.online/countdown/1500000000" "Mozilla/5.0 (Linux; Android 7.1.1; Nexus 5X Build/N4F26T) AppleWebKit/537.36 (KHTML, like Gecko) Chrome/59.0.3071.125 Mobile Safari/537.36"
136.243.154.93 - - [13/Jul/2017:23:11:51 +0200] "HEAD /countdown/1500000000 HTTP/1.1" 200 - "-" "MetaURI API/2.0 +metauri.com"
86.190.157.94 - - [13/Jul/2017:23:11:51 +0200] "GET /countdown/1500000000 HTTP/1.1" 200 4341 "https://news.ycombinator.com/" "Mozilla/5.0 (Macintosh; Intel Mac OS X 10_11_4) AppleWebKit/537.36 (KHTML, like Gecko) Chrome/59.0.3071.115 Safari/537.36"
136.243.154.93 - - [13/Jul/2017:23:11:51 +0200] "GET /countdown/1500000000 HTTP/1.1" 206 4341 "-" "MetaURI API/2.0 +metauri.com"
86.190.157.94 - - [13/Jul/2017:23:11:51 +0200] "GET /zzstyle.css?1491341099 HTTP/1.1" 200 1389 "http://timestamp.online/countdown/1500000000" "Mozilla/5.0 (Macintosh; Intel Mac OS X 10_11_4) AppleWebKit/537.36 (KHTML, like Gecko) Chrome/59.0.3071.115 Safari/537.36"
86.190.157.94 - - [13/Jul/2017:23:11:51 +0200] "GET /timestamp.js?1491341099 HTTP/1.1" 200 2853 "http://timestamp.online/countdown/1500000000" "Mozilla/5.0 (Macintosh; Intel Mac OS X 10_11_4) AppleWebKit/537.36 (KHTML, like Gecko) Chrome/59.0.3071.115 Safari/537.36"
86.190.157.94 - - [13/Jul/2017:23:11:51 +0200] "GET /favicon.ico HTTP/1.1" 404 22529 "http://timestamp.online/countdown/1500000000" "Mozilla/5.0 (Macintosh; Intel Mac OS X 10_11_4) AppleWebKit/537.36 (KHTML, like Gecko) Chrome/59.0.3071.115 Safari/537.36"
79.97.181.7 - - [13/Jul/2017:23:11:52 +0200] "GET /countdown/1500000000 HTTP/1.1" 200 4341 "https://news.ycombinator.com/" "Mozilla/5.0 (Windows NT 6.1; Win64; x64; rv:54.0) Gecko/20100101 Firefox/54.0"
155.4.230.97 - - [13/Jul/2017:23:11:52 +0200] "GET /favicon.ico HTTP/1.1" 404 22356 "-" "Mozilla/5.0 (Android 7.1.2; Mobile; rv:45.5.1) Gecko/45.5.1 Firefox/45.5.1"
79.97.181.7 - - [13/Jul/2017:23:11:52 +0200] "GET /zzstyle.css?1491341099 HTTP/1.1" 200 1389 "http://timestamp.online/countdown/1500000000" "Mozilla/5.0 (Windows NT 6.1; Win64; x64; rv:54.0) Gecko/20100101 Firefox/54.0"
79.97.181.7 - - [13/Jul/2017:23:11:52 +0200] "GET /timestamp.js?1491341099 HTTP/1.1" 200 2853 "http://timestamp.online/countdown/1500000000" "Mozilla/5.0 (Windows NT 6.1; Win64; x64; rv:54.0) Gecko/20100101 Firefox/54.0"
79.97.181.7 - - [13/Jul/2017:23:11:52 +0200] "GET /favicon.ico HTTP/1.1" 404 22356 "-" "Mozilla/5.0 (Windows NT 6.1; Win64; x64; rv:54.0) Gecko/20100101 Firefox/54.0"
79.97.181.7 - - [13/Jul/2017:23:11:52 +0200] "GET /favicon.ico HTTP/1.1" 404 22356 "-" "Mozilla/5.0 (Windows NT 6.1; Win64; x64; rv:54.0) Gecko/20100101 Firefox/54.0"
155.4.230.97 - - [13/Jul/2017:23:11:52 +0200] "GET /favicon.ico HTTP/1.1" 404 22356 "-" "Mozilla/5.0 (Android 7.1.2; Mobile; rv:45.5.1) Gecko/45.5.1 Firefox/45.5.1"
46.218.58.220 - - [13/Jul/2017:23:11:53 +0200] "GET /countdown/1500000000 HTTP/1.1" 200 4341 "https://news.ycombinator.com/" "Mozilla/5.0 (Macintosh; Intel Mac OS X 10_12_5) AppleWebKit/537.36 (KHTML, like Gecko) Chrome/59.0.3071.115 Safari/537.36"
46.218.58.220 - - [13/Jul/2017:23:11:53 +0200] "GET /zzstyle.css?1491341099 HTTP/1.1" 200 1389 "http://timestamp.online/countdown/1500000000" "Mozilla/5.0 (Macintosh; Intel Mac OS X 10_12_5) AppleWebKit/537.36 (KHTML, like Gecko) Chrome/59.0.3071.115 Safari/537.36"
46.218.58.220 - - [13/Jul/2017:23:11:53 +0200] "GET /timestamp.js?1491341099 HTTP/1.1" 200 2853 "http://timestamp.online/countdown/1500000000" "Mozilla/5.0 (Macintosh; Intel Mac OS X 10_12_5) AppleWebKit/537.36 (KHTML, like Gecko) Chrome/59.0.3071.115 Safari/537.36"
46.218.58.220 - - [13/Jul/2017:23:11:53 +0200] "GET /favicon.ico HTTP/1.1" 404 22529 "http://timestamp.online/countdown/1500000000" "Mozilla/5.0 (Macintosh; Intel Mac OS X 10_12_5) AppleWebKit/537.36 (KHTML, like Gecko) Chrome/59.0.3071.115 Safari/537.36"
67.86.243.74 - - [13/Jul/2017:23:11:54 +0200] "GET /countdown/2000000000 HTTP/1.1" 200 4362 "-" "Mozilla/5.0 (Macintosh; Intel Mac OS X 10_11_4) AppleWebKit/537.36 (KHTML, like Gecko) Chrome/58.0.3029.110 Safari/537.36"
203.4.169.34 - - [13/Jul/2017:23:11:56 +0200] "GET /countdown/1500000000 HTTP/1.1" 200 4341 "-" "Mozilla/5.0 (Macintosh; Intel Mac OS X 10_12_5) AppleWebKit/603.2.4 (KHTML, like Gecko) Version/10.1.1 Safari/603.2.4"
203.4.169.34 - - [13/Jul/2017:23:11:56 +0200] "GET /zzstyle.css?1491341099 HTTP/1.1" 200 1389 "http://timestamp.online/countdown/1500000000" "Mozilla/5.0 (Macintosh; Intel Mac OS X 10_12_5) AppleWebKit/603.2.4 (KHTML, like Gecko) Version/10.1.1 Safari/603.2.4"
172.73.214.173 - - [13/Jul/2017:23:11:56 +0200] "GET /countdown/1500000000 HTTP/1.1" 200 4341 "-" "Mozilla/5.0 (X11; Linux x86_64) AppleWebKit/537.36 (KHTML, like Gecko) Chrome/49.0.2623.75 Safari/537.36 Google Favicon"
203.4.169.34 - - [13/Jul/2017:23:11:57 +0200] "GET /timestamp.js?1491341099 HTTP/1.1" 200 2853 "http://timestamp.online/countdown/1500000000" "Mozilla/5.0 (Macintosh; Intel Mac OS X 10_12_5) AppleWebKit/603.2.4 (KHTML, like Gecko) Version/10.1.1 Safari/603.2.4"
172.73.214.173 - - [13/Jul/2017:23:11:57 +0200] "GET /favicon.ico HTTP/1.1" 406 - "-" "Mozilla/5.0 (X11; Linux x86_64) AppleWebKit/537.36 (KHTML, like Gecko) Chrome/49.0.2623.75 Safari/537.36 Google Favicon"
169.60.66.165 - - [13/Jul/2017:23:11:57 +0200] "GET /countdown/1500000000 HTTP/1.1" 200 4341 "-" "newspaper/0.1.7"
203.4.169.34 - - [13/Jul/2017:23:11:57 +0200] "GET /favicon.ico HTTP/1.1" 404 22529 "http://timestamp.online/countdown/1500000000" "Mozilla/5.0 (Macintosh; Intel Mac OS X 10_12_5) AppleWebKit/603.2.4 (KHTML, like Gecko) Version/10.1.1 Safari/603.2.4"
91.121.67.189 - - [13/Jul/2017:23:11:58 +0200] "HEAD /favicon.ico HTTP/1.1" 404 - "-" "python-requests/2.11.1"
144.76.90.34 - - [13/Jul/2017:23:11:58 +0200] "GET /countdown/1500000000 HTTP/1.1" 200 4341 "-" "Mozilla/5.0 (compatible; BazQux/2.4; +https://bazqux.com/fetcher; 1 subscribers)"
45.23.235.170 - - [13/Jul/2017:23:11:58 +0200] "GET /countdown/1500000000 HTTP/1.1" 200 4341 "-" "Mozilla/5.0 (Macintosh; Intel Mac OS X 10_11_6) AppleWebKit/603.2.5 (KHTML, like Gecko) Version/10.1.1 Safari/603.2.5"
45.23.235.170 - - [13/Jul/2017:23:11:59 +0200] "GET /zzstyle.css?1491341099 HTTP/1.1" 200 1389 "http://timestamp.online/countdown/1500000000" "Mozilla/5.0 (Macintosh; Intel Mac OS X 10_11_6) AppleWebKit/603.2.5 (KHTML, like Gecko) Version/10.1.1 Safari/603.2.5"
45.23.235.170 - - [13/Jul/2017:23:11:59 +0200] "GET /timestamp.js?1491341099 HTTP/1.1" 200 2853 "http://timestamp.online/countdown/1500000000" "Mozilla/5.0 (Macintosh; Intel Mac OS X 10_11_6) AppleWebKit/603.2.5 (KHTML, like Gecko) Version/10.1.1 Safari/603.2.5"
45.23.235.170 - - [13/Jul/2017:23:12:00 +0200] "GET /favicon.ico HTTP/1.1" 404 22529 "http://timestamp.online/countdown/1500000000" "Mozilla/5.0 (Macintosh; Intel Mac OS X 10_11_6) AppleWebKit/603.2.5 (KHTML, like Gecko) Version/10.1.1 Safari/603.2.5"
167.191.240.1 - - [13/Jul/2017:23:12:01 +0200] "GET /countdown/1600000000 HTTP/1.1" 200 4361 "-" "Mozilla/5.0 (Windows NT 6.1; Win64; x64) AppleWebKit/537.36 (KHTML, like Gecko) Chrome/59.0.3071.115 Safari/537.36"
45.23.235.170 - - [13/Jul/2017:23:12:01 +0200] "GET /countdown/2147483647 HTTP/1.1" 200 4363 "-" "Mozilla/5.0 (Macintosh; Intel Mac OS X 10_11_6) AppleWebKit/603.2.5 (KHTML, like Gecko) Version/10.1.1 Safari/603.2.5"
2a01:4f8:201:5131::2 - - [13/Jul/2017:23:12:01 +0200] "GET /countdown/1500000000 HTTP/1.1" 200 4341 "-" "Wget/1.18 (linux-gnu)"
2a01:4f8:201:5131::2 - - [13/Jul/2017:23:12:01 +0200] "GET /robots.txt HTTP/1.1" 200 73 "-" "Wget/1.18 (linux-gnu)"
2a01:4f8:201:5131::2 - - [13/Jul/2017:23:12:01 +0200] "GET /zzstyle.css?1491341099 HTTP/1.1" 200 1389 "http://timestamp.online/countdown/1500000000" "Wget/1.18 (linux-gnu)"
2a01:4f8:201:5131::2 - - [13/Jul/2017:23:12:01 +0200] "GET /timestamp.js?1491341099 HTTP/1.1" 200 2853 "http://timestamp.online/countdown/1500000000" "Wget/1.18 (linux-gnu)"
218.17.212.241 - - [13/Jul/2017:23:12:01 +0200] "GET /countdown/1500000000 HTTP/1.1" 200 4341 "-" "Mozilla/4.0 (compatible; MSIE 8.0; Windows NT 6.1; WOW64; Trident/4.0; SLCC2;)"
62.138.6.157 - - [13/Jul/2017:23:12:02 +0200] "GET /countdown/1500000000 HTTP/1.1" 200 4341 "-" "Wget/1.17.1 (linux-gnu)"
62.138.6.157 - - [13/Jul/2017:23:12:02 +0200] "GET /robots.txt HTTP/1.1" 200 73 "-" "Wget/1.17.1 (linux-gnu)"
62.138.6.157 - - [13/Jul/2017:23:12:02 +0200] "GET /zzstyle.css?1491341099 HTTP/1.1" 200 1389 "http://timestamp.online/countdown/1500000000" "Wget/1.17.1 (linux-gnu)"
62.138.6.157 - - [13/Jul/2017:23:12:02 +0200] "GET /timestamp.js?1491341099 HTTP/1.1" 200 2853 "http://timestamp.online/countdown/1500000000" "Wget/1.17.1 (linux-gnu)"
218.17.212.241 - - [13/Jul/2017:23:12:02 +0200] "GET /countdown/1500000000 HTTP/1.1" 200 4341 "-" "Mozilla/4.0 (compatible; MSIE 8.0; Windows NT 6.1; WOW64; Trident/4.0; SLCC2;)"
2604:a880:800:a1::95:c001 - - [13/Jul/2017:23:12:02 +0200] "GET /countdown/1500000000 HTTP/1.1" 200 4341 "-" "Mozilla/5.0 (Macintosh; Intel Mac OS X 10_9_4) AppleWebKit/537.36 (KHTML, like Gecko) Chrome/37.0.2062.94 Safari/537.36"
201.106.105.73 - - [13/Jul/2017:23:12:03 +0200] "GET / HTTP/1.1" 200 8619 "-" "Mozilla/5.0 (Macintosh; Intel Mac OS X 10_12_5) AppleWebKit/537.36 (KHTML, like Gecko) Chrome/59.0.3071.115 Safari/537.36"
71.33.206.155 - - [13/Jul/2017:23:12:03 +0200] "GET /countdown/1500000000 HTTP/1.1" 200 4341 "-" "Mozilla/5.0 (Linux; Android 7.1.2; Nexus 5X Build/N2G47W) AppleWebKit/537.36 (KHTML, like Gecko) Chrome/59.0.3071.125 Mobile Safari/537.36"
71.33.206.155 - - [13/Jul/2017:23:12:03 +0200] "GET /zzstyle.css?1491341099 HTTP/1.1" 200 1389 "http://timestamp.online/countdown/1500000000" "Mozilla/5.0 (Linux; Android 7.1.2; Nexus 5X Build/N2G47W) AppleWebKit/537.36 (KHTML, like Gecko) Chrome/59.0.3071.125 Mobile Safari/537.36"
71.33.206.155 - - [13/Jul/2017:23:12:03 +0200] "GET /timestamp.js?1491341099 HTTP/1.1" 200 2853 "http://timestamp.online/countdown/1500000000" "Mozilla/5.0 (Linux; Android 7.1.2; Nexus 5X Build/N2G47W) AppleWebKit/537.36 (KHTML, like Gecko) Chrome/59.0.3071.125 Mobile Safari/537.36"
80.229.227.100 - - [13/Jul/2017:23:12:03 +0200] "GET /countdown/1500000000 HTTP/1.1" 200 4341 "https://news.ycombinator.com/" "Mozilla/5.0 (Macintosh; Intel Mac OS X 10_11_6) AppleWebKit/537.36 (KHTML, like Gecko) Chrome/58.0.3029.110 Safari/537.36"
2620:0:1000:1610:3467:255d:958b:d0fb - - [13/Jul/2017:23:12:03 +0200] "GET /countdown/1500000000 HTTP/1.1" 200 4341 "https://news.ycombinator.com/" "Mozilla/5.0 (Macintosh; Intel Mac OS X 10_12_5) AppleWebKit/537.36 (KHTML, like Gecko) Chrome/59.0.3071.115 Safari/537.36"
80.229.227.100 - - [13/Jul/2017:23:12:04 +0200] "GET /zzstyle.css?1491341099 HTTP/1.1" 200 1389 "http://timestamp.online/countdown/1500000000" "Mozilla/5.0 (Macintosh; Intel Mac OS X 10_11_6) AppleWebKit/537.36 (KHTML, like Gecko) Chrome/58.0.3029.110 Safari/537.36"
80.229.227.100 - - [13/Jul/2017:23:12:04 +0200] "GET /timestamp.js?1491341099 HTTP/1.1" 200 2853 "http://timestamp.online/countdown/1500000000" "Mozilla/5.0 (Macintosh; Intel Mac OS X 10_11_6) AppleWebKit/537.36 (KHTML, like Gecko) Chrome/58.0.3029.110 Safari/537.36"
2620:0:1000:1610:3467:255d:958b:d0fb - - [13/Jul/2017:23:12:04 +0200] "GET /zzstyle.css?1491341099 HTTP/1.1" 200 1389 "http://timestamp.online/countdown/1500000000" "Mozilla/5.0 (Macintosh; Intel Mac OS X 10_12_5) AppleWebKit/537.36 (KHTML, like Gecko) Chrome/59.0.3071.115 Safari/537.36"
2620:0:1000:1610:3467:255d:958b:d0fb - - [13/Jul/2017:23:12:04 +0200] "GET /timestamp.js?1491341099 HTTP/1.1" 200 2853 "http://timestamp.online/countdown/1500000000" "Mozilla/5.0 (Macintosh; Intel Mac OS X 10_12_5) AppleWebKit/537.36 (KHTML, like Gecko) Chrome/59.0.3071.115 Safari/537.36"
2620:0:1000:1610:3467:255d:958b:d0fb - - [13/Jul/2017:23:12:04 +0200] "GET /favicon.ico HTTP/1.1" 404 22529 "http://timestamp.online/countdown/1500000000" "Mozilla/5.0 (Macintosh; Intel Mac OS X 10_12_5) AppleWebKit/537.36 (KHTML, like Gecko) Chrome/59.0.3071.115 Safari/537.36"
52.33.231.85 - - [13/Jul/2017:23:12:05 +0200] "GET /countdown/1500000000 HTTP/1.1" 200 4341 "-" "Mozilla/5.0 (Windows NT 6.1; WOW64; rv:23.0) Gecko/20100101 Firefox/23.0"
80.229.227.100 - - [13/Jul/2017:23:12:05 +0200] "GET /favicon.ico HTTP/1.1" 404 22529 "http://timestamp.online/countdown/1500000000" "Mozilla/5.0 (Macintosh; Intel Mac OS X 10_11_6) AppleWebKit/537.36 (KHTML, like Gecko) Chrome/58.0.3029.110 Safari/537.36"
71.33.206.155 - - [13/Jul/2017:23:12:05 +0200] "GET /favicon.ico HTTP/1.1" 404 22529 "http://timestamp.online/countdown/1500000000" "Mozilla/5.0 (Linux; Android 7.1.2; Nexus 5X Build/N2G47W) AppleWebKit/537.36 (KHTML, like Gecko) Chrome/59.0.3071.125 Mobile Safari/537.36"
12.178.113.254 - - [13/Jul/2017:23:12:05 +0200] "GET /countdown/1500000000 HTTP/1.1" 200 4341 "https://news.ycombinator.com/" "Mozilla/5.0 (Windows NT 10.0; Win64; x64) AppleWebKit/537.36 (KHTML, like Gecko) Chrome/59.0.3071.115 Safari/537.36"
2604:5500:34:31ff:30d7:fc92:da14:b57d - - [13/Jul/2017:23:12:05 +0200] "GET /countdown/1500000000 HTTP/1.1" 200 4341 "-" "Mozilla/5.0 (Macintosh; Intel Mac OS X 10_11_6) AppleWebKit/537.36 (KHTML, like Gecko) Chrome/59.0.3071.115 Safari/537.36"
2604:5500:34:31ff:30d7:fc92:da14:b57d - - [13/Jul/2017:23:12:05 +0200] "GET /zzstyle.css?1491341099 HTTP/1.1" 200 1389 "http://timestamp.online/countdown/1500000000" "Mozilla/5.0 (Macintosh; Intel Mac OS X 10_11_6) AppleWebKit/537.36 (KHTML, like Gecko) Chrome/59.0.3071.115 Safari/537.36"
34.211.145.91 - - [13/Jul/2017:23:12:06 +0200] "GET /countdown/1500000000 HTTP/1.1" 200 4341 "-" "Mozilla/5.0"
93.71.18.115 - - [13/Jul/2017:23:12:06 +0200] "GET /countdown/1500000000 HTTP/1.1" 200 4341 "-" "WhatsApp/2.17.221 A"
2604:5500:34:31ff:30d7:fc92:da14:b57d - - [13/Jul/2017:23:12:06 +0200] "GET /timestamp.js?1491341099 HTTP/1.1" 200 2853 "http://timestamp.online/countdown/1500000000" "Mozilla/5.0 (Macintosh; Intel Mac OS X 10_11_6) AppleWebKit/537.36 (KHTML, like Gecko) Chrome/59.0.3071.115 Safari/537.36"
96.230.69.122 - - [13/Jul/2017:23:12:06 +0200] "GET /countdown/1500000000 HTTP/1.1" 200 4341 "https://news.ycombinator.com/" "Mozilla/5.0 (Macintosh; Intel Mac OS X 10_11_6) AppleWebKit/537.36 (KHTML, like Gecko) Chrome/59.0.3071.115 Safari/537.36"
12.178.113.254 - - [13/Jul/2017:23:12:06 +0200] "GET /zzstyle.css?1491341099 HTTP/1.1" 200 1389 "http://timestamp.online/countdown/1500000000" "Mozilla/5.0 (Windows NT 10.0; Win64; x64) AppleWebKit/537.36 (KHTML, like Gecko) Chrome/59.0.3071.115 Safari/537.36"
12.178.113.254 - - [13/Jul/2017:23:12:06 +0200] "GET /timestamp.js?1491341099 HTTP/1.1" 200 2853 "http://timestamp.online/countdown/1500000000" "Mozilla/5.0 (Windows NT 10.0; Win64; x64) AppleWebKit/537.36 (KHTML, like Gecko) Chrome/59.0.3071.115 Safari/537.36"
213.186.8.43 - - [13/Jul/2017:23:12:06 +0200] "GET / HTTP/1.1" 200 8619 "-" "Mediatoolkitbot (complaints@mediatoolkit.com)"
104.198.130.196 - - [13/Jul/2017:23:12:06 +0200] "GET /countdown/1500000000 HTTP/1.1" 200 4341 "-" "Mozilla/5.0 (X11; Linux x86_64) AppleWebKit/537.36 (KHTML, like Gecko) Chrome/53.0.2785.116 Safari/537.36"
167.191.240.1 - - [13/Jul/2017:23:12:06 +0200] "GET /countdown/1500000000 HTTP/1.1" 200 4341 "http://timestamp.online/countdown/1600000000" "Mozilla/5.0 (Windows NT 6.1; Win64; x64) AppleWebKit/537.36 (KHTML, like Gecko) Chrome/59.0.3071.115 Safari/537.36"
96.230.69.122 - - [13/Jul/2017:23:12:06 +0200] "GET /zzstyle.css?1491341099 HTTP/1.1" 200 1389 "http://timestamp.online/countdown/1500000000" "Mozilla/5.0 (Macintosh; Intel Mac OS X 10_11_6) AppleWebKit/537.36 (KHTML, like Gecko) Chrome/59.0.3071.115 Safari/537.36"
138.201.129.70 - - [13/Jul/2017:23:12:06 +0200] "HEAD /countdown/1500000000 HTTP/1.1" 200 - "-" "MetaURI API/2.0 +metauri.com"
2604:5500:34:31ff:30d7:fc92:da14:b57d - - [13/Jul/2017:23:12:06 +0200] "GET /favicon.ico HTTP/1.1" 404 22529 "http://timestamp.online/countdown/1500000000" "Mozilla/5.0 (Macintosh; Intel Mac OS X 10_11_6) AppleWebKit/537.36 (KHTML, like Gecko) Chrome/59.0.3071.115 Safari/537.36"
104.198.130.196 - - [13/Jul/2017:23:12:06 +0200] "GET /zzstyle.css?1491341099 HTTP/1.1" 200 1389 "http://timestamp.online/countdown/1500000000" "Mozilla/5.0 (X11; Linux x86_64) AppleWebKit/537.36 (KHTML, like Gecko) Chrome/53.0.2785.116 Safari/537.36"
138.201.129.70 - - [13/Jul/2017:23:12:06 +0200] "GET /countdown/1500000000 HTTP/1.1" 206 4341 "-" "MetaURI API/2.0 +metauri.com"
96.230.69.122 - - [13/Jul/2017:23:12:06 +0200] "GET /timestamp.js?1491341099 HTTP/1.1" 200 2853 "http://timestamp.online/countdown/1500000000" "Mozilla/5.0 (Macintosh; Intel Mac OS X 10_11_6) AppleWebKit/537.36 (KHTML, like Gecko) Chrome/59.0.3071.115 Safari/537.36"
104.198.130.196 - - [13/Jul/2017:23:12:06 +0200] "GET /timestamp.js?1491341099 HTTP/1.1" 200 2853 "http://timestamp.online/countdown/1500000000" "Mozilla/5.0 (X11; Linux x86_64) AppleWebKit/537.36 (KHTML, like Gecko) Chrome/53.0.2785.116 Safari/537.36"
37.120.167.245 - - [13/Jul/2017:23:12:06 +0200] "GET /countdown/1500000000 HTTP/1.1" 200 4341 "http://www.google.co.uk/url?sa=t&source=web&cd=1" "Mozilla/5.0 (Windows NT 6.1; WOW64) AppleWebKit/535.2 (KHTML, like Gecko) Chrome/15.0.874.92 Safari/535.2"
12.178.113.254 - - [13/Jul/2017:23:12:06 +0200] "GET /favicon.ico HTTP/1.1" 404 22529 "http://timestamp.online/countdown/1500000000" "Mozilla/5.0 (Windows NT 10.0; Win64; x64) AppleWebKit/537.36 (KHTML, like Gecko) Chrome/59.0.3071.115 Safari/537.36"
96.230.69.122 - - [13/Jul/2017:23:12:07 +0200] "GET /favicon.ico HTTP/1.1" 404 22529 "http://timestamp.online/countdown/1500000000" "Mozilla/5.0 (Macintosh; Intel Mac OS X 10_11_6) AppleWebKit/537.36 (KHTML, like Gecko) Chrome/59.0.3071.115 Safari/537.36"
46.218.58.220 - - [13/Jul/2017:23:12:08 +0200] "GET /countdown/1500000000 HTTP/1.1" 200 4341 "http://timestamp.online/countdown/1500000000" "Mozilla/5.0 (Macintosh; Intel Mac OS X 10_12_5) AppleWebKit/537.36 (KHTML, like Gecko) Chrome/59.0.3071.115 Safari/537.36"
40.114.82.241 - - [13/Jul/2017:23:12:08 +0200] "GET /countdown/1500000000 HTTP/1.1" 200 4341 "-" "Mozilla/5.0 (X11; Linux x86_64) AppleWebKit/537.36 (KHTML, like Gecko) Chrome/51.0.2704.63 Safari/537.36 (compatible; aylienbot/0.2; +http://www.aylien.com/bot.html)"
8.28.16.254 - - [13/Jul/2017:23:12:08 +0200] "GET /countdown/1500000000 HTTP/1.1" 200 4341 "-" "Mozilla/5.0 (Windows NT 6.1; Win64; x64) AppleWebKit/537.36 (KHTML, like Gecko) Chrome/59.0.3071.115 Safari/537.36"
37.187.165.37 - - [13/Jul/2017:23:12:08 +0200] "GET /countdown/1500000000 HTTP/1.1" 200 4341 "-" "Mozilla/5.0 (compatible; PaperLiBot/2.1; http://support.paper.li/entries/20023257-what-is-paper-li)"
37.187.165.37 - - [13/Jul/2017:23:12:08 +0200] "GET /countdown/1500000000 HTTP/1.1" 200 4341 "-" "Mozilla/5.0 (compatible; PaperLiBot/2.1; http://support.paper.li/entries/20023257-what-is-paper-li)"
46.218.58.220 - - [13/Jul/2017:23:12:08 +0200] "GET /countdown/1500000000 HTTP/1.1" 200 4341 "http://timestamp.online/countdown/1500000000" "Mozilla/5.0 (Macintosh; Intel Mac OS X 10_12_5) AppleWebKit/537.36 (KHTML, like Gecko) Chrome/59.0.3071.115 Safari/537.36"
217.73.142.49 - - [13/Jul/2017:23:12:09 +0200] "GET /countdown/1500000000 HTTP/1.1" 200 4341 "-" "Mozilla/5.0 (Macintosh; Intel Mac OS X 10_12_5) AppleWebKit/603.2.4 (KHTML, like Gecko) Version/10.1.1 Safari/603.2.4"
217.73.142.49 - - [13/Jul/2017:23:12:09 +0200] "GET /zzstyle.css?1491341099 HTTP/1.1" 200 1389 "http://timestamp.online/countdown/1500000000" "Mozilla/5.0 (Macintosh; Intel Mac OS X 10_12_5) AppleWebKit/603.2.4 (KHTML, like Gecko) Version/10.1.1 Safari/603.2.4"
46.218.58.220 - - [13/Jul/2017:23:12:09 +0200] "GET /countdown/1500000000 HTTP/1.1" 200 4341 "http://timestamp.online/countdown/1500000000" "Mozilla/5.0 (Macintosh; Intel Mac OS X 10_12_5) AppleWebKit/537.36 (KHTML, like Gecko) Chrome/59.0.3071.115 Safari/537.36"
217.73.142.49 - - [13/Jul/2017:23:12:09 +0200] "GET /timestamp.js?1491341099 HTTP/1.1" 200 2853 "http://timestamp.online/countdown/1500000000" "Mozilla/5.0 (Macintosh; Intel Mac OS X 10_12_5) AppleWebKit/603.2.4 (KHTML, like Gecko) Version/10.1.1 Safari/603.2.4"
137.74.194.39 - - [13/Jul/2017:23:12:09 +0200] "GET /countdown/1500000000 HTTP/1.1" 200 4341 "-" "-"
217.73.142.49 - - [13/Jul/2017:23:12:09 +0200] "GET /favicon.ico HTTP/1.1" 404 22529 "http://timestamp.online/countdown/1500000000" "Mozilla/5.0 (Macintosh; Intel Mac OS X 10_12_5) AppleWebKit/603.2.4 (KHTML, like Gecko) Version/10.1.1 Safari/603.2.4"
46.218.58.220 - - [13/Jul/2017:23:12:09 +0200] "GET /countdown/1500000000 HTTP/1.1" 200 4341 "http://timestamp.online/countdown/1500000000" "Mozilla/5.0 (Macintosh; Intel Mac OS X 10_12_5) AppleWebKit/537.36 (KHTML, like Gecko) Chrome/59.0.3071.115 Safari/537.36"
2600:1001:b11a:5807:7072:cdff:4768:7a6a - - [13/Jul/2017:23:12:09 +0200] "GET /countdown/1500000000 HTTP/1.1" 200 4341 "https://news.ycombinator.com/" "Mozilla/5.0 (Macintosh; Intel Mac OS X 10_10_4) AppleWebKit/537.36 (KHTML, like Gecko) Chrome/59.0.3071.115 Safari/537.36"
2600:1001:b11a:5807:7072:cdff:4768:7a6a - - [13/Jul/2017:23:12:10 +0200] "GET /zzstyle.css?1491341099 HTTP/1.1" 200 1389 "http://timestamp.online/countdown/1500000000" "Mozilla/5.0 (Macintosh; Intel Mac OS X 10_10_4) AppleWebKit/537.36 (KHTML, like Gecko) Chrome/59.0.3071.115 Safari/537.36"
46.218.58.220 - - [13/Jul/2017:23:12:11 +0200] "GET /countdown/1500000000 HTTP/1.1" 200 4341 "http://timestamp.online/countdown/1500000000" "Mozilla/5.0 (Macintosh; Intel Mac OS X 10_12_5) AppleWebKit/537.36 (KHTML, like Gecko) Chrome/59.0.3071.115 Safari/537.36"
2600:1001:b11a:5807:7072:cdff:4768:7a6a - - [13/Jul/2017:23:12:11 +0200] "GET /timestamp.js?1491341099 HTTP/1.1" 200 2853 "http://timestamp.online/countdown/1500000000" "Mozilla/5.0 (Macintosh; Intel Mac OS X 10_10_4) AppleWebKit/537.36 (KHTML, like Gecko) Chrome/59.0.3071.115 Safari/537.36"
199.246.40.56 - - [13/Jul/2017:23:12:11 +0200] "GET /countdown/1500000000 HTTP/1.1" 200 4341 "https://news.ycombinator.com/" "Mozilla/5.0 (Macintosh; Intel Mac OS X 10_12_5) AppleWebKit/537.36 (KHTML, like Gecko) Chrome/58.0.3029.110 Safari/537.36"
46.218.58.220 - - [13/Jul/2017:23:12:11 +0200] "GET /countdown/1500000000 HTTP/1.1" 200 4341 "http://timestamp.online/countdown/1500000000" "Mozilla/5.0 (Macintosh; Intel Mac OS X 10_12_5) AppleWebKit/537.36 (KHTML, like Gecko) Chrome/59.0.3071.115 Safari/537.36"
46.218.58.220 - - [13/Jul/2017:23:12:11 +0200] "GET /countdown/1500000000 HTTP/1.1" 200 4341 "http://timestamp.online/countdown/1500000000" "Mozilla/5.0 (Macintosh; Intel Mac OS X 10_12_5) AppleWebKit/537.36 (KHTML, like Gecko) Chrome/59.0.3071.115 Safari/537.36"
164.132.161.84 - - [13/Jul/2017:23:12:11 +0200] "GET /timestamp/1498064910 HTTP/1.1" 200 3665 "-" "Mozilla/5.0 (compatible; AhrefsBot/5.2; +http://ahrefs.com/robot/)"
46.218.58.220 - - [13/Jul/2017:23:12:11 +0200] "GET /countdown/1500000000 HTTP/1.1" 200 4341 "http://timestamp.online/countdown/1500000000" "Mozilla/5.0 (Macintosh; Intel Mac OS X 10_12_5) AppleWebKit/537.36 (KHTML, like Gecko) Chrome/59.0.3071.115 Safari/537.36"
73.20.92.51 - - [13/Jul/2017:23:12:11 +0200] "GET /countdown/1500000000 HTTP/1.1" 200 4341 "https://news.ycombinator.com/" "Mozilla/5.0 (Macintosh; Intel Mac OS X 10_12_6) AppleWebKit/537.36 (KHTML, like Gecko) Chrome/60.0.3112.66 Safari/537.36"
46.218.58.220 - - [13/Jul/2017:23:12:11 +0200] "GET /countdown/1500000000 HTTP/1.1" 200 4341 "http://timestamp.online/countdown/1500000000" "Mozilla/5.0 (Macintosh; Intel Mac OS X 10_12_5) AppleWebKit/537.36 (KHTML, like Gecko) Chrome/59.0.3071.115 Safari/537.36"
46.218.58.220 - - [13/Jul/2017:23:12:11 +0200] "GET /countdown/1500000000 HTTP/1.1" 200 4341 "http://timestamp.online/countdown/1500000000" "Mozilla/5.0 (Macintosh; Intel Mac OS X 10_12_5) AppleWebKit/537.36 (KHTML, like Gecko) Chrome/59.0.3071.115 Safari/537.36"
46.218.58.220 - - [13/Jul/2017:23:12:11 +0200] "GET /countdown/1500000000 HTTP/1.1" 200 4341 "http://timestamp.online/countdown/1500000000" "Mozilla/5.0 (Macintosh; Intel Mac OS X 10_12_5) AppleWebKit/537.36 (KHTML, like Gecko) Chrome/59.0.3071.115 Safari/537.36"
2600:1001:b11a:5807:7072:cdff:4768:7a6a - - [13/Jul/2017:23:12:11 +0200] "GET /favicon.ico HTTP/1.1" 404 22529 "http://timestamp.online/countdown/1500000000" "Mozilla/5.0 (Macintosh; Intel Mac OS X 10_10_4) AppleWebKit/537.36 (KHTML, like Gecko) Chrome/59.0.3071.115 Safari/537.36"
46.218.58.220 - - [13/Jul/2017:23:12:11 +0200] "GET /countdown/1500000000 HTTP/1.1" 200 4341 "http://timestamp.online/countdown/1500000000" "Mozilla/5.0 (Macintosh; Intel Mac OS X 10_12_5) AppleWebKit/537.36 (KHTML, like Gecko) Chrome/59.0.3071.115 Safari/537.36"
199.246.40.56 - - [13/Jul/2017:23:12:11 +0200] "GET /zzstyle.css?1491341099 HTTP/1.1" 200 1389 "http://timestamp.online/countdown/1500000000" "Mozilla/5.0 (Macintosh; Intel Mac OS X 10_12_5) AppleWebKit/537.36 (KHTML, like Gecko) Chrome/58.0.3029.110 Safari/537.36"
199.246.40.56 - - [13/Jul/2017:23:12:11 +0200] "GET /timestamp.js?1491341099 HTTP/1.1" 200 2853 "http://timestamp.online/countdown/1500000000" "Mozilla/5.0 (Macintosh; Intel Mac OS X 10_12_5) AppleWebKit/537.36 (KHTML, like Gecko) Chrome/58.0.3029.110 Safari/537.36"
73.20.92.51 - - [13/Jul/2017:23:12:11 +0200] "GET /zzstyle.css?1491341099 HTTP/1.1" 200 1389 "http://timestamp.online/countdown/1500000000" "Mozilla/5.0 (Macintosh; Intel Mac OS X 10_12_6) AppleWebKit/537.36 (KHTML, like Gecko) Chrome/60.0.3112.66 Safari/537.36"
73.20.92.51 - - [13/Jul/2017:23:12:11 +0200] "GET /timestamp.js?1491341099 HTTP/1.1" 200 2853 "http://timestamp.online/countdown/1500000000" "Mozilla/5.0 (Macintosh; Intel Mac OS X 10_12_6) AppleWebKit/537.36 (KHTML, like Gecko) Chrome/60.0.3112.66 Safari/537.36"
161.247.135.32 - - [13/Jul/2017:23:12:11 +0200] "GET /countdown/1500000000 HTTP/1.1" 200 4341 "https://news.ycombinator.com/" "Mozilla/5.0 (Macintosh; Intel Mac OS X 10_12_5) AppleWebKit/537.36 (KHTML, like Gecko) Chrome/54.0.2840.87 Safari/537.36"
50.233.29.229 - - [13/Jul/2017:23:12:11 +0200] "GET /countdown/1500000000 HTTP/1.1" 200 4341 "https://news.ycombinator.com/" "Mozilla/5.0 (Macintosh; Intel Mac OS X 10_12_1) AppleWebKit/537.36 (KHTML, like Gecko) Chrome/59.0.3071.115 Safari/537.36"
199.246.40.56 - - [13/Jul/2017:23:12:12 +0200] "GET /favicon.ico HTTP/1.1" 404 22529 "http://timestamp.online/countdown/1500000000" "Mozilla/5.0 (Macintosh; Intel Mac OS X 10_12_5) AppleWebKit/537.36 (KHTML, like Gecko) Chrome/58.0.3029.110 Safari/537.36"
50.233.29.229 - - [13/Jul/2017:23:12:12 +0200] "GET /zzstyle.css?1491341099 HTTP/1.1" 200 1389 "http://timestamp.online/countdown/1500000000" "Mozilla/5.0 (Macintosh; Intel Mac OS X 10_12_1) AppleWebKit/537.36 (KHTML, like Gecko) Chrome/59.0.3071.115 Safari/537.36"
51.255.65.32 - - [13/Jul/2017:23:12:12 +0200] "GET /timestamp/1499153134 HTTP/1.1" 200 3665 "-" "Mozilla/5.0 (compatible; AhrefsBot/5.2; +http://ahrefs.com/robot/)"
50.233.29.229 - - [13/Jul/2017:23:12:12 +0200] "GET /timestamp.js?1491341099 HTTP/1.1" 200 2853 "http://timestamp.online/countdown/1500000000" "Mozilla/5.0 (Macintosh; Intel Mac OS X 10_12_1) AppleWebKit/537.36 (KHTML, like Gecko) Chrome/59.0.3071.115 Safari/537.36"
46.218.58.220 - - [13/Jul/2017:23:12:12 +0200] "GET /countdown/1500000000 HTTP/1.1" 200 4341 "http://timestamp.online/countdown/1500000000" "Mozilla/5.0 (Macintosh; Intel Mac OS X 10_12_5) AppleWebKit/537.36 (KHTML, like Gecko) Chrome/59.0.3071.115 Safari/537.36"
50.233.29.229 - - [13/Jul/2017:23:12:12 +0200] "GET /favicon.ico HTTP/1.1" 404 22529 "http://timestamp.online/countdown/1500000000" "Mozilla/5.0 (Macintosh; Intel Mac OS X 10_12_1) AppleWebKit/537.36 (KHTML, like Gecko) Chrome/59.0.3071.115 Safari/537.36"
161.247.135.32 - - [13/Jul/2017:23:12:12 +0200] "GET /zzstyle.css?1491341099 HTTP/1.1" 200 1389 "http://timestamp.online/countdown/1500000000" "Mozilla/5.0 (Macintosh; Intel Mac OS X 10_12_5) AppleWebKit/537.36 (KHTML, like Gecko) Chrome/54.0.2840.87 Safari/537.36"
73.20.92.51 - - [13/Jul/2017:23:12:12 +0200] "GET /favicon.ico HTTP/1.1" 404 22529 "http://timestamp.online/countdown/1500000000" "Mozilla/5.0 (Macintosh; Intel Mac OS X 10_12_6) AppleWebKit/537.36 (KHTML, like Gecko) Chrome/60.0.3112.66 Safari/537.36"
161.247.135.32 - - [13/Jul/2017:23:12:12 +0200] "GET /timestamp.js?1491341099 HTTP/1.1" 200 2853 "http://timestamp.online/countdown/1500000000" "Mozilla/5.0 (Macintosh; Intel Mac OS X 10_12_5) AppleWebKit/537.36 (KHTML, like Gecko) Chrome/54.0.2840.87 Safari/537.36"
72.30.14.71 - - [13/Jul/2017:23:12:12 +0200] "HEAD /countdown/1500000000 HTTP/1.1" 200 - "-" "Mozilla/5.0 (compatible; Yahoo! Slurp; http://help.yahoo.com/help/us/ysearch/slurp)"
161.247.135.32 - - [13/Jul/2017:23:12:12 +0200] "GET /favicon.ico HTTP/1.1" 404 22529 "http://timestamp.online/countdown/1500000000" "Mozilla/5.0 (Macintosh; Intel Mac OS X 10_12_5) AppleWebKit/537.36 (KHTML, like Gecko) Chrome/54.0.2840.87 Safari/537.36"
52.90.121.46 - - [13/Jul/2017:23:12:12 +0200] "GET /countdown/2147483647 HTTP/1.1" 206 4363 "-" "Slackbot-LinkExpanding 1.0 (+https://api.slack.com/robots)"
130.253.27.11 - - [13/Jul/2017:23:12:13 +0200] "GET /countdown/1500000000 HTTP/1.1" 200 4341 "https://news.ycombinator.com/" "Mozilla/5.0 (Macintosh; Intel Mac OS X 10_12_5) AppleWebKit/603.2.4 (KHTML, like Gecko) Version/10.1.1 Safari/603.2.4"
52.90.33.223 - - [13/Jul/2017:23:12:13 +0200] "GET /favicon.ico HTTP/1.1" 404 22475 "https://slack.com" "Slackbot-LinkExpanding 1.0 (+https://api.slack.com/robots)"
72.30.14.71 - - [13/Jul/2017:23:12:13 +0200] "HEAD /countdown/1500000000 HTTP/1.1" 200 - "-" "Mozilla/5.0 (compatible; Yahoo! Slurp; http://help.yahoo.com/help/us/ysearch/slurp)"
206.124.142.26 - - [13/Jul/2017:23:12:13 +0200] "GET /countdown/1500000000 HTTP/1.1" 200 4341 "-" "Mozilla/5.0 (Macintosh; Intel Mac OS X 10.11; rv:54.0) Gecko/20100101 Firefox/54.0"
206.124.142.26 - - [13/Jul/2017:23:12:14 +0200] "GET /zzstyle.css?1491341099 HTTP/1.1" 200 1389 "http://timestamp.online/countdown/1500000000" "Mozilla/5.0 (Macintosh; Intel Mac OS X 10.11; rv:54.0) Gecko/20100101 Firefox/54.0"
206.124.142.26 - - [13/Jul/2017:23:12:14 +0200] "GET /timestamp.js?1491341099 HTTP/1.1" 200 2853 "http://timestamp.online/countdown/1500000000" "Mozilla/5.0 (Macintosh; Intel Mac OS X 10.11; rv:54.0) Gecko/20100101 Firefox/54.0"
206.124.142.26 - - [13/Jul/2017:23:12:14 +0200] "GET /favicon.ico HTTP/1.1" 404 22356 "-" "Mozilla/5.0 (Macintosh; Intel Mac OS X 10.11; rv:54.0) Gecko/20100101 Firefox/54.0"
206.124.142.26 - - [13/Jul/2017:23:12:14 +0200] "GET /favicon.ico HTTP/1.1" 404 22356 "-" "Mozilla/5.0 (Macintosh; Intel Mac OS X 10.11; rv:54.0) Gecko/20100101 Firefox/54.0"
46.218.58.220 - - [13/Jul/2017:23:12:15 +0200] "GET /example/javascript HTTP/1.1" 200 4384 "http://timestamp.online/countdown/1500000000" "Mozilla/5.0 (Macintosh; Intel Mac OS X 10_12_5) AppleWebKit/537.36 (KHTML, like Gecko) Chrome/59.0.3071.115 Safari/537.36"
4.7.10.162 - - [13/Jul/2017:23:12:15 +0200] "GET /countdown/1500000000 HTTP/1.1" 200 4341 "http://app.muz.li/go?link=http%3A%2F%2Ftimestamp.online%2Fcountdown%2F1500000000&source=hacker_news&post=e23a59b030f9454eff518d5b84eb5ced" "Mozilla/5.0 (Macintosh; Intel Mac OS X 10_12_3) AppleWebKit/537.36 (KHTML, like Gecko) Chrome/59.0.3071.104 Safari/537.36"
2604:2000:1444:1ab:f533:f2e2:1147:1a2e - - [13/Jul/2017:23:12:15 +0200] "GET /countdown/1500000000 HTTP/1.1" 200 4341 "https://news.ycombinator.com/" "Mozilla/5.0 (Macintosh; Intel Mac OS X 10_11_6) AppleWebKit/537.36 (KHTML, like Gecko) Chrome/59.0.3071.115 Safari/537.36"
2604:2000:1444:1ab:f533:f2e2:1147:1a2e - - [13/Jul/2017:23:12:16 +0200] "GET /zzstyle.css?1491341099 HTTP/1.1" 200 1389 "http://timestamp.online/countdown/1500000000" "Mozilla/5.0 (Macintosh; Intel Mac OS X 10_11_6) AppleWebKit/537.36 (KHTML, like Gecko) Chrome/59.0.3071.115 Safari/537.36"
2604:2000:1444:1ab:f533:f2e2:1147:1a2e - - [13/Jul/2017:23:12:16 +0200] "GET /timestamp.js?1491341099 HTTP/1.1" 200 2853 "http://timestamp.online/countdown/1500000000" "Mozilla/5.0 (Macintosh; Intel Mac OS X 10_11_6) AppleWebKit/537.36 (KHTML, like Gecko) Chrome/59.0.3071.115 Safari/537.36"
4.7.10.162 - - [13/Jul/2017:23:12:16 +0200] "GET /zzstyle.css?1491341099 HTTP/1.1" 200 1389 "http://timestamp.online/countdown/1500000000" "Mozilla/5.0 (Macintosh; Intel Mac OS X 10_12_3) AppleWebKit/537.36 (KHTML, like Gecko) Chrome/59.0.3071.104 Safari/537.36"
4.7.10.162 - - [13/Jul/2017:23:12:16 +0200] "GET /timestamp.js?1491341099 HTTP/1.1" 200 2853 "http://timestamp.online/countdown/1500000000" "Mozilla/5.0 (Macintosh; Intel Mac OS X 10_12_3) AppleWebKit/537.36 (KHTML, like Gecko) Chrome/59.0.3071.104 Safari/537.36"
2604:2000:1444:1ab:f533:f2e2:1147:1a2e - - [13/Jul/2017:23:12:16 +0200] "GET /favicon.ico HTTP/1.1" 404 22529 "http://timestamp.online/countdown/1500000000" "Mozilla/5.0 (Macintosh; Intel Mac OS X 10_11_6) AppleWebKit/537.36 (KHTML, like Gecko) Chrome/59.0.3071.115 Safari/537.36"
2001:4898:80e8:9::4db - - [13/Jul/2017:23:12:16 +0200] "GET /countdown/1500000000 HTTP/1.1" 200 4341 "https://news.ycombinator.com/" "Mozilla/5.0 (Windows NT 10.0; WOW64; rv:54.0) Gecko/20100101 Firefox/54.0"
2001:4898:80e8:9::4db - - [13/Jul/2017:23:12:16 +0200] "GET /zzstyle.css?1491341099 HTTP/1.1" 200 1389 "http://timestamp.online/countdown/1500000000" "Mozilla/5.0 (Windows NT 10.0; WOW64; rv:54.0) Gecko/20100101 Firefox/54.0"
2001:4898:80e8:9::4db - - [13/Jul/2017:23:12:17 +0200] "GET /timestamp.js?1491341099 HTTP/1.1" 200 2853 "http://timestamp.online/countdown/1500000000" "Mozilla/5.0 (Windows NT 10.0; WOW64; rv:54.0) Gecko/20100101 Firefox/54.0"
2001:4898:80e8:9::4db - - [13/Jul/2017:23:12:17 +0200] "GET /favicon.ico HTTP/1.1" 404 22356 "-" "Mozilla/5.0 (Windows NT 10.0; WOW64; rv:54.0) Gecko/20100101 Firefox/54.0"
4.7.10.162 - - [13/Jul/2017:23:12:17 +0200] "GET /favicon.ico HTTP/1.1" 404 22529 "http://timestamp.online/countdown/1500000000" "Mozilla/5.0 (Macintosh; Intel Mac OS X 10_12_3) AppleWebKit/537.36 (KHTML, like Gecko) Chrome/59.0.3071.104 Safari/537.36"
68.237.174.38 - - [13/Jul/2017:23:12:18 +0200] "GET /countdown/1500000000 HTTP/1.1" 200 4341 "https://news.ycombinator.com/" "Mozilla/5.0 (Windows NT 10.0; Win64; x64) AppleWebKit/537.36 (KHTML, like Gecko) Chrome/59.0.3071.115 Safari/537.36"
72.3.161.23 - - [13/Jul/2017:23:12:18 +0200] "GET /countdown/1500000000 HTTP/1.1" 200 4341 "https://news.ycombinator.com/" "Mozilla/5.0 (Macintosh; Intel Mac OS X 10_11_6) AppleWebKit/537.36 (KHTML, like Gecko) Chrome/59.0.3071.115 Safari/537.36"
68.237.174.38 - - [13/Jul/2017:23:12:18 +0200] "GET /zzstyle.css?1491341099 HTTP/1.1" 200 1389 "http://timestamp.online/countdown/1500000000" "Mozilla/5.0 (Windows NT 10.0; Win64; x64) AppleWebKit/537.36 (KHTML, like Gecko) Chrome/59.0.3071.115 Safari/537.36"
68.237.174.38 - - [13/Jul/2017:23:12:18 +0200] "GET /timestamp.js?1491341099 HTTP/1.1" 200 2853 "http://timestamp.online/countdown/1500000000" "Mozilla/5.0 (Windows NT 10.0; Win64; x64) AppleWebKit/537.36 (KHTML, like Gecko) Chrome/59.0.3071.115 Safari/537.36"
68.237.174.38 - - [13/Jul/2017:23:12:18 +0200] "GET /favicon.ico HTTP/1.1" 404 22529 "http://timestamp.online/countdown/1500000000" "Mozilla/5.0 (Windows NT 10.0; Win64; x64) AppleWebKit/537.36 (KHTML, like Gecko) Chrome/59.0.3071.115 Safari/537.36"
50.203.248.222 - - [13/Jul/2017:23:12:19 +0200] "GET /countdown/1500000000 HTTP/1.1" 200 4341 "https://news.ycombinator.com/" "Mozilla/5.0 (Macintosh; Intel Mac OS X 10_11_6) AppleWebKit/537.36 (KHTML, like Gecko) Chrome/59.0.3071.115 Safari/537.36"
50.203.248.222 - - [13/Jul/2017:23:12:19 +0200] "GET /zzstyle.css?1491341099 HTTP/1.1" 200 1389 "http://timestamp.online/countdown/1500000000" "Mozilla/5.0 (Macintosh; Intel Mac OS X 10_11_6) AppleWebKit/537.36 (KHTML, like Gecko) Chrome/59.0.3071.115 Safari/537.36"
50.203.248.222 - - [13/Jul/2017:23:12:20 +0200] "GET /timestamp.js?1491341099 HTTP/1.1" 200 2853 "http://timestamp.online/countdown/1500000000" "Mozilla/5.0 (Macintosh; Intel Mac OS X 10_11_6) AppleWebKit/537.36 (KHTML, like Gecko) Chrome/59.0.3071.115 Safari/537.36"
72.3.161.23 - - [13/Jul/2017:23:12:20 +0200] "GET /zzstyle.css?1491341099 HTTP/1.1" 200 1389 "http://timestamp.online/countdown/1500000000" "Mozilla/5.0 (Macintosh; Intel Mac OS X 10_11_6) AppleWebKit/537.36 (KHTML, like Gecko) Chrome/59.0.3071.115 Safari/537.36"
72.30.14.71 - - [13/Jul/2017:23:12:20 +0200] "HEAD /countdown/1500000000 HTTP/1.1" 200 - "-" "Mozilla/5.0 (compatible; Yahoo! Slurp; http://help.yahoo.com/help/us/ysearch/slurp)"
72.3.161.23 - - [13/Jul/2017:23:12:20 +0200] "GET /timestamp.js?1491341099 HTTP/1.1" 200 2853 "http://timestamp.online/countdown/1500000000" "Mozilla/5.0 (Macintosh; Intel Mac OS X 10_11_6) AppleWebKit/537.36 (KHTML, like Gecko) Chrome/59.0.3071.115 Safari/537.36"
12.201.37.2 - - [13/Jul/2017:23:12:20 +0200] "GET /countdown/1500000000 HTTP/1.1" 200 4341 "https://news.ycombinator.com/" "Mozilla/5.0 (Macintosh; Intel Mac OS X 10_12_5) AppleWebKit/537.36 (KHTML, like Gecko) Chrome/59.0.3071.115 Safari/537.36"
50.203.248.222 - - [13/Jul/2017:23:12:20 +0200] "GET /favicon.ico HTTP/1.1" 404 22529 "http://timestamp.online/countdown/1500000000" "Mozilla/5.0 (Macintosh; Intel Mac OS X 10_11_6) AppleWebKit/537.36 (KHTML, like Gecko) Chrome/59.0.3071.115 Safari/537.36"
72.3.161.23 - - [13/Jul/2017:23:12:20 +0200] "GET /favicon.ico HTTP/1.1" 404 22529 "http://timestamp.online/countdown/1500000000" "Mozilla/5.0 (Macintosh; Intel Mac OS X 10_11_6) AppleWebKit/537.36 (KHTML, like Gecko) Chrome/59.0.3071.115 Safari/537.36"
12.201.37.2 - - [13/Jul/2017:23:12:21 +0200] "GET /zzstyle.css?1491341099 HTTP/1.1" 200 1389 "http://timestamp.online/countdown/1500000000" "Mozilla/5.0 (Macintosh; Intel Mac OS X 10_12_5) AppleWebKit/537.36 (KHTML, like Gecko) Chrome/59.0.3071.115 Safari/537.36"
12.201.37.2 - - [13/Jul/2017:23:12:21 +0200] "GET /timestamp.js?1491341099 HTTP/1.1" 200 2853 "http://timestamp.online/countdown/1500000000" "Mozilla/5.0 (Macintosh; Intel Mac OS X 10_12_5) AppleWebKit/537.36 (KHTML, like Gecko) Chrome/59.0.3071.115 Safari/537.36"
2.24.25.120 - - [13/Jul/2017:23:12:21 +0200] "GET /countdown/1500000000 HTTP/1.1" 200 4341 "https://news.ycombinator.com/" "Mozilla/5.0 (Macintosh; Intel Mac OS X 10_12_5) AppleWebKit/537.36 (KHTML, like Gecko) Chrome/59.0.3071.115 Safari/537.36"
2.24.25.120 - - [13/Jul/2017:23:12:21 +0200] "GET /zzstyle.css?1491341099 HTTP/1.1" 200 1389 "http://timestamp.online/countdown/1500000000" "Mozilla/5.0 (Macintosh; Intel Mac OS X 10_12_5) AppleWebKit/537.36 (KHTML, like Gecko) Chrome/59.0.3071.115 Safari/537.36"
2.24.25.120 - - [13/Jul/2017:23:12:21 +0200] "GET /timestamp.js?1491341099 HTTP/1.1" 200 2853 "http://timestamp.online/countdown/1500000000" "Mozilla/5.0 (Macintosh; Intel Mac OS X 10_12_5) AppleWebKit/537.36 (KHTML, like Gecko) Chrome/59.0.3071.115 Safari/537.36"
94.130.15.91 - - [13/Jul/2017:23:12:21 +0200] "HEAD /countdown/1500000000 HTTP/1.1" 200 - "-" "MetaURI API/2.0 +metauri.com"
94.130.15.91 - - [13/Jul/2017:23:12:21 +0200] "GET /countdown/1500000000 HTTP/1.1" 206 4341 "-" "MetaURI API/2.0 +metauri.com"
92.247.181.36 - - [13/Jul/2017:23:12:21 +0200] "GET /countdown/1500000000 HTTP/1.1" 200 4341 "http://www.google.co.uk/url?sa=t&source=web&cd=1" "PHP/5.5"
2.24.25.120 - - [13/Jul/2017:23:12:21 +0200] "GET /favicon.ico HTTP/1.1" 404 22529 "http://timestamp.online/countdown/1500000000" "Mozilla/5.0 (Macintosh; Intel Mac OS X 10_12_5) AppleWebKit/537.36 (KHTML, like Gecko) Chrome/59.0.3071.115 Safari/537.36"
12.201.37.2 - - [13/Jul/2017:23:12:21 +0200] "GET /favicon.ico HTTP/1.1" 404 22529 "http://timestamp.online/countdown/1500000000" "Mozilla/5.0 (Macintosh; Intel Mac OS X 10_12_5) AppleWebKit/537.36 (KHTML, like Gecko) Chrome/59.0.3071.115 Safari/537.36"
67.86.243.74 - - [13/Jul/2017:23:12:21 +0200] "GET /countdown/4000000000 HTTP/1.1" 200 4363 "-" "Mozilla/5.0 (Macintosh; Intel Mac OS X 10_11_4) AppleWebKit/537.36 (KHTML, like Gecko) Chrome/58.0.3029.110 Safari/537.36"
63.148.222.162 - - [13/Jul/2017:23:12:22 +0200] "GET /countdown/1500000000 HTTP/1.1" 200 4341 "https://news.ycombinator.com/" "Mozilla/5.0 (Macintosh; Intel Mac OS X 10_12_5) AppleWebKit/537.36 (KHTML, like Gecko) Chrome/59.0.3071.115 Safari/537.36"
93.71.18.115 - - [13/Jul/2017:23:12:22 +0200] "GET /countdown/1500000000 HTTP/1.1" 200 4341 "-" "Mozilla/5.0 (iPhone; CPU iPhone OS 10_3_2 like Mac OS X) AppleWebKit/603.2.4 (KHTML, like Gecko) Version/10.0 Mobile/14F89 Safari/602.1"
63.148.222.162 - - [13/Jul/2017:23:12:22 +0200] "GET /zzstyle.css?1491341099 HTTP/1.1" 200 1389 "http://timestamp.online/countdown/1500000000" "Mozilla/5.0 (Macintosh; Intel Mac OS X 10_12_5) AppleWebKit/537.36 (KHTML, like Gecko) Chrome/59.0.3071.115 Safari/537.36"
13.64.194.123 - - [13/Jul/2017:23:12:22 +0200] "GET /countdown/1500000000 HTTP/1.1" 200 4341 "-" "Goose/1.0.25"
93.71.18.115 - - [13/Jul/2017:23:12:22 +0200] "GET /zzstyle.css?1491341099 HTTP/1.1" 200 1389 "http://timestamp.online/countdown/1500000000" "Mozilla/5.0 (iPhone; CPU iPhone OS 10_3_2 like Mac OS X) AppleWebKit/603.2.4 (KHTML, like Gecko) Version/10.0 Mobile/14F89 Safari/602.1"
93.71.18.115 - - [13/Jul/2017:23:12:22 +0200] "GET /timestamp.js?1491341099 HTTP/1.1" 200 2853 "http://timestamp.online/countdown/1500000000" "Mozilla/5.0 (iPhone; CPU iPhone OS 10_3_2 like Mac OS X) AppleWebKit/603.2.4 (KHTML, like Gecko) Version/10.0 Mobile/14F89 Safari/602.1"
63.148.222.162 - - [13/Jul/2017:23:12:22 +0200] "GET /timestamp.js?1491341099 HTTP/1.1" 200 2853 "http://timestamp.online/countdown/1500000000" "Mozilla/5.0 (Macintosh; Intel Mac OS X 10_12_5) AppleWebKit/537.36 (KHTML, like Gecko) Chrome/59.0.3071.115 Safari/537.36"
63.148.222.162 - - [13/Jul/2017:23:12:23 +0200] "GET /favicon.ico HTTP/1.1" 404 22529 "http://timestamp.online/countdown/1500000000" "Mozilla/5.0 (Macintosh; Intel Mac OS X 10_12_5) AppleWebKit/537.36 (KHTML, like Gecko) Chrome/59.0.3071.115 Safari/537.36"
54.240.198.33 - - [13/Jul/2017:23:12:23 +0200] "GET /countdown/1500000000 HTTP/1.1" 200 4341 "https://news.ycombinator.com/" "Mozilla/5.0 (Macintosh; Intel Mac OS X 10_12_5) AppleWebKit/537.36 (KHTML, like Gecko) Chrome/59.0.3071.115 Safari/537.36"
54.240.198.33 - - [13/Jul/2017:23:12:23 +0200] "GET /zzstyle.css?1491341099 HTTP/1.1" 200 1389 "http://timestamp.online/countdown/1500000000" "Mozilla/5.0 (Macintosh; Intel Mac OS X 10_12_5) AppleWebKit/537.36 (KHTML, like Gecko) Chrome/59.0.3071.115 Safari/537.36"
54.240.198.33 - - [13/Jul/2017:23:12:23 +0200] "GET /timestamp.js?1491341099 HTTP/1.1" 200 2853 "http://timestamp.online/countdown/1500000000" "Mozilla/5.0 (Macintosh; Intel Mac OS X 10_12_5) AppleWebKit/537.36 (KHTML, like Gecko) Chrome/59.0.3071.115 Safari/537.36"
54.240.198.33 - - [13/Jul/2017:23:12:24 +0200] "GET /favicon.ico HTTP/1.1" 404 22529 "http://timestamp.online/countdown/1500000000" "Mozilla/5.0 (Macintosh; Intel Mac OS X 10_12_5) AppleWebKit/537.36 (KHTML, like Gecko) Chrome/59.0.3071.115 Safari/537.36"
64.71.9.226 - - [13/Jul/2017:23:12:24 +0200] "GET /countdown/1500000000 HTTP/1.1" 200 4341 "http://hckrnews.com/" "Mozilla/5.0 (Macintosh; Intel Mac OS X 10_12_5) AppleWebKit/537.36 (KHTML, like Gecko) Chrome/59.0.3071.115 Safari/537.36"
64.71.9.226 - - [13/Jul/2017:23:12:24 +0200] "GET /zzstyle.css?1491341099 HTTP/1.1" 200 1389 "http://timestamp.online/countdown/1500000000" "Mozilla/5.0 (Macintosh; Intel Mac OS X 10_12_5) AppleWebKit/537.36 (KHTML, like Gecko) Chrome/59.0.3071.115 Safari/537.36"
64.71.9.226 - - [13/Jul/2017:23:12:24 +0200] "GET /timestamp.js?1491341099 HTTP/1.1" 200 2853 "http://timestamp.online/countdown/1500000000" "Mozilla/5.0 (Macintosh; Intel Mac OS X 10_12_5) AppleWebKit/537.36 (KHTML, like Gecko) Chrome/59.0.3071.115 Safari/537.36"
