109.67.198.139 - - [13/Jul/2017:23:18:36 +0200] "GET /zzstyle.css?1491341099 HTTP/1.1" 200 1389 "http://timestamp.online/countdown/1500000000" "Mozilla/5.0 (Windows NT 10.0; Win64; x64) AppleWebKit/537.36 (KHTML, like Gecko) Chrome/59.0.3071.115 Safari/537.36"
109.67.198.139 - - [13/Jul/2017:23:18:36 +0200] "GET /timestamp.js?1491341099 HTTP/1.1" 200 2853 "http://timestamp.online/countdown/1500000000" "Mozilla/5.0 (Windows NT 10.0; Win64; x64) AppleWebKit/537.36 (KHTML, like Gecko) Chrome/59.0.3071.115 Safari/537.36"
178.202.6.105 - - [13/Jul/2017:23:18:36 +0200] "GET /zzstyle.css?1491341099 HTTP/1.1" 200 1389 "http://timestamp.online/countdown/1500000000" "Mozilla/5.0 (Windows NT 6.1; Win64; x64; rv:54.0) Gecko/20100101 Firefox/54.0"
178.202.6.105 - - [13/Jul/2017:23:18:36 +0200] "GET /timestamp.js?1491341099 HTTP/1.1" 200 2853 "http://timestamp.online/countdown/1500000000" "Mozilla/5.0 (Windows NT 6.1; Win64; x64; rv:54.0) Gecko/20100101 Firefox/54.0"
64.124.202.250 - - [13/Jul/2017:23:18:36 +0200] "GET /favicon.ico HTTP/1.1" 404 22529 "http://timestamp.online/countdown/1500000000" "Mozilla/5.0 (Macintosh; Intel Mac OS X 10_12_2) AppleWebKit/537.36 (KHTML, like Gecko) Chrome/59.0.3071.115 Safari/537.36"
109.67.198.139 - - [13/Jul/2017:23:18:37 +0200] "GET /favicon.ico HTTP/1.1" 404 22529 "http://timestamp.online/countdown/1500000000" "Mozilla/5.0 (Windows NT 10.0; Win64; x64) AppleWebKit/537.36 (KHTML, like Gecko) Chrome/59.0.3071.115 Safari/537.36"
2620:0:1002:1002:acb6:63c9:5066:443d - - [13/Jul/2017:23:18:37 +0200] "GET /countdown/1500000000 HTTP/1.1" 200 4341 "https://news.ycombinator.com/" "Mozilla/5.0 (X11; Linux x86_64) AppleWebKit/537.36 (KHTML, like Gecko) Chrome/59.0.3071.115 Safari/537.36"
2620:0:1002:1002:acb6:63c9:5066:443d - - [13/Jul/2017:23:18:38 +0200] "GET /zzstyle.css?1491341099 HTTP/1.1" 200 1389 "http://timestamp.online/countdown/1500000000" "Mozilla/5.0 (X11; Linux x86_64) AppleWebKit/537.36 (KHTML, like Gecko) Chrome/59.0.3071.115 Safari/537.36"
2620:0:1002:1002:acb6:63c9:5066:443d - - [13/Jul/2017:23:18:38 +0200] "GET /timestamp.js?1491341099 HTTP/1.1" 200 2853 "http://timestamp.online/countdown/1500000000" "Mozilla/5.0 (X11; Linux x86_64) AppleWebKit/537.36 (KHTML, like Gecko) Chrome/59.0.3071.115 Safari/537.36"
2620:0:1002:1002:acb6:63c9:5066:443d - - [13/Jul/2017:23:18:38 +0200] "GET /favicon.ico HTTP/1.1" 404 22529 "http://timestamp.online/countdown/1500000000" "Mozilla/5.0 (X11; Linux x86_64) AppleWebKit/537.36 (KHTML, like Gecko) Chrome/59.0.3071.115 Safari/537.36"
38.140.133.154 - - [13/Jul/2017:23:18:39 +0200] "GET /timestamp.js?1491341099 HTTP/1.1" 200 2853 "http://timestamp.online/" "Mozilla/5.0 (X11; Fedora; Linux x86_64; rv:55.0) Gecko/20100101 Firefox/56.0"
72.30.14.71 - - [13/Jul/2017:23:18:39 +0200] "HEAD /countdown/1500000000 HTTP/1.1" 200 - "-" "Mozilla/5.0 (compatible; Yahoo! Slurp; http://help.yahoo.com/help/us/ysearch/slurp)"
202.154.141.150 - - [13/Jul/2017:23:18:39 +0200] "GET /countdown/1500000000 HTTP/1.1" 200 4341 "-" "Mozilla/5.0 (iPhone; CPU iPhone OS 10_3_2 like Mac OS X) AppleWebKit/603.2.4 (KHTML, like Gecko) Version/10.0 Mobile/14F89 Safari/602.1"
73.254.68.21 - - [13/Jul/2017:23:18:39 +0200] "GET /countdown/1500000000 HTTP/1.1" 200 4341 "-" "Mozilla/5.0 (Linux; Android 6.0; Studio Max Build/MRA58K) AppleWebKit/537.36 (KHTML, like Gecko) Chrome/58.0.3029.83 Mobile Safari/537.36"
168.91.17.188 - - [13/Jul/2017:23:18:39 +0200] "GET /countdown/1500000000 HTTP/1.1" 200 4341 "https://news.ycombinator.com/" "Mozilla/5.0 (X11; Linux x86_64; rv:54.0) Gecko/20100101 Firefox/54.0"
172.85.40.6 - - [13/Jul/2017:23:18:39 +0200] "GET /countdown/1500000000 HTTP/1.1" 200 4341 "https://news.ycombinator.com/" "Mozilla/5.0 (Macintosh; Intel Mac OS X 10_11_6) AppleWebKit/537.36 (KHTML, like Gecko) Chrome/59.0.3071.115 Safari/537.36"
178.155.151.121 - - [13/Jul/2017:23:18:39 +0200] "GET /countdown/1500000000 HTTP/1.1" 200 4341 "-" "Mozilla/5.0 (Macintosh; Intel Mac OS X 10_12_5) AppleWebKit/603.2.4 (KHTML, like Gecko) Version/10.1.1 Safari/603.2.4"
174.34.184.130 - - [13/Jul/2017:23:18:40 +0200] "GET /countdown/1500000000 HTTP/1.1" 200 4341 "-" "Mozilla/5.0 (Macintosh; Intel Mac OS X 10_12_5) AppleWebKit/537.36 (KHTML, like Gecko) Chrome/59.0.3071.115 Safari/537.36 OPR/46.0.2597.39"
201.6.227.117 - - [13/Jul/2017:23:18:40 +0200] "GET /countdown/1500000000 HTTP/1.1" 200 4341 "-" "Mozilla/5.0 (iPhone; U; CPU iPhone OS 3_0 like Mac OS X; en-us) AppleWebKit/528.18 (KHTML, like Gecko) Version/4.0 Mobile/7A341 Safari/528.16"
178.155.151.121 - - [13/Jul/2017:23:18:40 +0200] "GET /zzstyle.css?1491341099 HTTP/1.1" 200 1389 "http://timestamp.online/countdown/1500000000" "Mozilla/5.0 (Macintosh; Intel Mac OS X 10_12_5) AppleWebKit/603.2.4 (KHTML, like Gecko) Version/10.1.1 Safari/603.2.4"
178.155.151.121 - - [13/Jul/2017:23:18:40 +0200] "GET /timestamp.js?1491341099 HTTP/1.1" 200 2853 "http://timestamp.online/countdown/1500000000" "Mozilla/5.0 (Macintosh; Intel Mac OS X 10_12_5) AppleWebKit/603.2.4 (KHTML, like Gecko) Version/10.1.1 Safari/603.2.4"
202.154.141.150 - - [13/Jul/2017:23:18:40 +0200] "GET /countdown/1500000000 HTTP/1.1" 200 4341 "-" "Mozilla/5.0 (iPhone; CPU iPhone OS 10_3_2 like Mac OS X) AppleWebKit/603.2.4 (KHTML, like Gecko) Version/10.0 Mobile/14F89 Safari/602.1"
168.91.17.188 - - [13/Jul/2017:23:18:40 +0200] "GET /zzstyle.css?1491341099 HTTP/1.1" 200 1389 "http://timestamp.online/countdown/1500000000" "Mozilla/5.0 (X11; Linux x86_64; rv:54.0) Gecko/20100101 Firefox/54.0"
172.85.40.6 - - [13/Jul/2017:23:18:40 +0200] "GET /zzstyle.css?1491341099 HTTP/1.1" 200 1389 "http://timestamp.online/countdown/1500000000" "Mozilla/5.0 (Macintosh; Intel Mac OS X 10_11_6) AppleWebKit/537.36 (KHTML, like Gecko) Chrome/59.0.3071.115 Safari/537.36"
172.85.40.6 - - [13/Jul/2017:23:18:40 +0200] "GET /timestamp.js?1491341099 HTTP/1.1" 200 2853 "http://timestamp.online/countdown/1500000000" "Mozilla/5.0 (Macintosh; Intel Mac OS X 10_11_6) AppleWebKit/537.36 (KHTML, like Gecko) Chrome/59.0.3071.115 Safari/537.36"
178.155.151.121 - - [13/Jul/2017:23:18:40 +0200] "GET /favicon.ico HTTP/1.1" 404 22529 "http://timestamp.online/countdown/1500000000" "Mozilla/5.0 (Macintosh; Intel Mac OS X 10_12_5) AppleWebKit/603.2.4 (KHTML, like Gecko) Version/10.1.1 Safari/603.2.4"
174.34.184.130 - - [13/Jul/2017:23:18:40 +0200] "GET /zzstyle.css?1491341099 HTTP/1.1" 200 1389 "http://timestamp.online/countdown/1500000000" "Mozilla/5.0 (Macintosh; Intel Mac OS X 10_12_5) AppleWebKit/537.36 (KHTML, like Gecko) Chrome/59.0.3071.115 Safari/537.36 OPR/46.0.2597.39"
174.34.184.130 - - [13/Jul/2017:23:18:40 +0200] "GET /timestamp.js?1491341099 HTTP/1.1" 200 2853 "http://timestamp.online/countdown/1500000000" "Mozilla/5.0 (Macintosh; Intel Mac OS X 10_12_5) AppleWebKit/537.36 (KHTML, like Gecko) Chrome/59.0.3071.115 Safari/537.36 OPR/46.0.2597.39"
73.254.68.21 - - [13/Jul/2017:23:18:40 +0200] "GET /zzstyle.css?1491341099 HTTP/1.1" 200 1389 "http://timestamp.online/countdown/1500000000" "Mozilla/5.0 (Linux; Android 6.0; Studio Max Build/MRA58K) AppleWebKit/537.36 (KHTML, like Gecko) Chrome/58.0.3029.83 Mobile Safari/537.36"
73.254.68.21 - - [13/Jul/2017:23:18:40 +0200] "GET /timestamp.js?1491341099 HTTP/1.1" 200 2853 "http://timestamp.online/countdown/1500000000" "Mozilla/5.0 (Linux; Android 6.0; Studio Max Build/MRA58K) AppleWebKit/537.36 (KHTML, like Gecko) Chrome/58.0.3029.83 Mobile Safari/537.36"
174.34.184.130 - - [13/Jul/2017:23:18:41 +0200] "GET /favicon.ico HTTP/1.1" 404 22529 "http://timestamp.online/countdown/1500000000" "Mozilla/5.0 (Macintosh; Intel Mac OS X 10_12_5) AppleWebKit/537.36 (KHTML, like Gecko) Chrome/59.0.3071.115 Safari/537.36 OPR/46.0.2597.39"
2a01:5a20:100f:111::fe4 - - [13/Jul/2017:23:18:41 +0200] "GET /countdown/1500000000 HTTP/1.1" 200 4341 "https://news.ycombinator.com/" "Mozilla/5.0 (Macintosh; Intel Mac OS X 10_12_5) AppleWebKit/537.36 (KHTML, like Gecko) Chrome/59.0.3071.115 Safari/537.36"
2a01:5a20:100f:111::fe4 - - [13/Jul/2017:23:18:41 +0200] "GET /zzstyle.css?1491341099 HTTP/1.1" 200 1389 "http://timestamp.online/countdown/1500000000" "Mozilla/5.0 (Macintosh; Intel Mac OS X 10_12_5) AppleWebKit/537.36 (KHTML, like Gecko) Chrome/59.0.3071.115 Safari/537.36"
2602:304:ce71:95b0:4dec:10e2:1087:6b35 - - [13/Jul/2017:23:18:41 +0200] "GET /countdown/1500000000 HTTP/1.1" 200 4341 "https://news.ycombinator.com/" "Mozilla/5.0 (Macintosh; Intel Mac OS X 10_12_5) AppleWebKit/537.36 (KHTML, like Gecko) Chrome/59.0.3071.115 Safari/537.36"
2602:304:ce71:95b0:4dec:10e2:1087:6b35 - - [13/Jul/2017:23:18:41 +0200] "GET /zzstyle.css?1491341099 HTTP/1.1" 200 1389 "http://timestamp.online/countdown/1500000000" "Mozilla/5.0 (Macintosh; Intel Mac OS X 10_12_5) AppleWebKit/537.36 (KHTML, like Gecko) Chrome/59.0.3071.115 Safari/537.36"
2a01:5a20:100f:111::fe4 - - [13/Jul/2017:23:18:46 +0200] "GET /timestamp.js?1491341099 HTTP/1.1" 200 2853 "http://timestamp.online/countdown/1500000000" "Mozilla/5.0 (Macintosh; Intel Mac OS X 10_12_5) AppleWebKit/537.36 (KHTML, like Gecko) Chrome/59.0.3071.115 Safari/537.36"
2a01:5a20:100f:111::fe4 - - [13/Jul/2017:23:18:46 +0200] "GET /favicon.ico HTTP/1.1" 404 22529 "http://timestamp.online/countdown/1500000000" "Mozilla/5.0 (Macintosh; Intel Mac OS X 10_12_5) AppleWebKit/537.36 (KHTML, like Gecko) Chrome/59.0.3071.115 Safari/537.36"
31.193.51.45 - - [13/Jul/2017:23:18:48 +0200] "GET /countdown/1500000000 HTTP/1.1" 200 4341 "https://news.ycombinator.com/rss" "Mozilla/5.0 (Windows NT 6.1; WOW64; rv:15.0) Gecko/20100101 Firefox/15.0.1"
172.85.40.6 - - [13/Jul/2017:23:18:48 +0200] "GET /favicon.ico HTTP/1.1" 404 22529 "http://timestamp.online/countdown/1500000000" "Mozilla/5.0 (Macintosh; Intel Mac OS X 10_11_6) AppleWebKit/537.36 (KHTML, like Gecko) Chrome/59.0.3071.115 Safari/537.36"
168.91.17.188 - - [13/Jul/2017:23:18:48 +0200] "GET /timestamp.js?1491341099 HTTP/1.1" 200 2853 "http://timestamp.online/countdown/1500000000" "Mozilla/5.0 (X11; Linux x86_64; rv:54.0) Gecko/20100101 Firefox/54.0"
104.197.57.249 - - [13/Jul/2017:23:18:48 +0200] "GET /countdown/1500000000 HTTP/1.1" 200 4341 "-" "Mozilla/5.0 (compatible; MSIE 7.0; Windows NT 6.0)"
2602:304:ce71:95b0:4dec:10e2:1087:6b35 - - [13/Jul/2017:23:18:48 +0200] "GET /timestamp.js?1491341099 HTTP/1.1" 200 2853 "http://timestamp.online/countdown/1500000000" "Mozilla/5.0 (Macintosh; Intel Mac OS X 10_12_5) AppleWebKit/537.36 (KHTML, like Gecko) Chrome/59.0.3071.115 Safari/537.36"
86.174.36.170 - - [13/Jul/2017:23:18:48 +0200] "GET /countdown/1500000000 HTTP/1.1" 200 4341 "-" "Mozilla/5.0 (X11; Linux x86_64) AppleWebKit/537.36 (KHTML, like Gecko) Chrome/59.0.3071.115 Safari/537.36"
73.254.68.21 - - [13/Jul/2017:23:18:48 +0200] "GET /favicon.ico HTTP/1.1" 404 22529 "http://timestamp.online/countdown/1500000000" "Mozilla/5.0 (Linux; Android 6.0; Studio Max Build/MRA58K) AppleWebKit/537.36 (KHTML, like Gecko) Chrome/58.0.3029.83 Mobile Safari/537.36"
38.140.222.155 - - [13/Jul/2017:23:18:48 +0200] "GET /countdown/1500000000 HTTP/1.1" 200 4341 "https://www.facebook.com/" "Mozilla/5.0 (Macintosh; Intel Mac OS X 10_12_4) AppleWebKit/537.36 (KHTML, like Gecko) Chrome/59.0.3071.115 Safari/537.36"
127.0.0.1 - - [13/Jul/2017:23:18:48 +0200] "GET /example/php HTTP/1.1" 200 4270 "http://timestamp.online/countdown/1500000000" "Mozilla/5.0 (X11; Ubuntu; Linux x86_64; rv:54.0) Gecko/20100101 Firefox/54.0"
206.55.179.223 - - [13/Jul/2017:23:18:48 +0200] "GET /countdown/1500000000 HTTP/1.1" 200 4341 "https://news.ycombinator.com/" "Mozilla/5.0 (X11; Linux x86_64) AppleWebKit/537.36 (KHTML, like Gecko) Chrome/59.0.3071.115 Safari/537.36"
38.88.166.162 - - [13/Jul/2017:23:18:48 +0200] "GET /countdown/1500000000 HTTP/1.1" 200 4341 "https://news.ycombinator.com/" "Mozilla/5.0 (Macintosh; Intel Mac OS X 10_11_6) AppleWebKit/537.36 (KHTML, like Gecko) Chrome/59.0.3071.115 Safari/537.36"
38.140.133.154 - - [13/Jul/2017:23:18:48 +0200] "GET /countdown/1500000000 HTTP/1.1" 200 4341 "http://timestamp.online/" "Mozilla/5.0 (X11; Fedora; Linux x86_64; rv:55.0) Gecko/20100101 Firefox/56.0"
118.200.17.79 - - [13/Jul/2017:23:18:48 +0200] "GET /timestamp.js?1491341099 HTTP/1.1" 200 2853 "http://timestamp.online/countdown/1500000000" "Mozilla/5.0 (Linux; Android 7.0; SM-G950F Build/NRD90M; wv) AppleWebKit/537.36 (KHTML, like Gecko) Version/4.0 Chrome/59.0.3071.125 Mobile Safari/537.36"
118.200.17.79 - - [13/Jul/2017:23:18:48 +0200] "GET /zzstyle.css?1491341099 HTTP/1.1" 200 1389 "http://timestamp.online/countdown/1500000000" "Mozilla/5.0 (Linux; Android 7.0; SM-G950F Build/NRD90M; wv) AppleWebKit/537.36 (KHTML, like Gecko) Version/4.0 Chrome/59.0.3071.125 Mobile Safari/537.36"
207.38.89.161 - - [13/Jul/2017:23:18:48 +0200] "GET /countdown/1500000000 HTTP/1.1" 200 4341 "-" "Mozilla/5.0 (Linux; Android 7.0; SAMSUNG-SM-G930A Build/NRD90M) AppleWebKit/537.36 (KHTML, like Gecko) Chrome/59.0.3071.125 Mobile Safari/537.36"
216.208.8.138 - - [13/Jul/2017:23:18:48 +0200] "GET /countdown/1500000000 HTTP/1.1" 200 4341 "https://news.ycombinator.com/" "Mozilla/5.0 (X11; Linux x86_64) AppleWebKit/537.36 (KHTML, like Gecko) Chrome/57.0.2987.133 Safari/537.36"
168.91.17.188 - - [13/Jul/2017:23:18:48 +0200] "GET /favicon.ico HTTP/1.1" 404 22356 "-" "Mozilla/5.0 (X11; Linux x86_64; rv:54.0) Gecko/20100101 Firefox/54.0"
31.193.51.45 - - [13/Jul/2017:23:18:48 +0200] "GET /countdown/1500000000 HTTP/1.1" 200 4341 "https://news.ycombinator.com/rss" "Mozilla/5.0 (Windows NT 6.1; WOW64; rv:15.0) Gecko/20100101 Firefox/15.0.1"
204.14.152.106 - - [13/Jul/2017:23:18:48 +0200] "GET /countdown/1500000000 HTTP/1.1" 200 4341 "https://news.ycombinator.com/" "Mozilla/5.0 (Macintosh; Intel Mac OS X 10_11_4) AppleWebKit/537.36 (KHTML, like Gecko) Chrome/59.0.3071.115 Safari/537.36"
206.55.179.223 - - [13/Jul/2017:23:18:48 +0200] "GET /zzstyle.css?1491341099 HTTP/1.1" 200 1389 "http://timestamp.online/countdown/1500000000" "Mozilla/5.0 (X11; Linux x86_64) AppleWebKit/537.36 (KHTML, like Gecko) Chrome/59.0.3071.115 Safari/537.36"
216.208.8.138 - - [13/Jul/2017:23:18:48 +0200] "GET /zzstyle.css?1491341099 HTTP/1.1" 200 1389 "http://timestamp.online/countdown/1500000000" "Mozilla/5.0 (X11; Linux x86_64) AppleWebKit/537.36 (KHTML, like Gecko) Chrome/57.0.2987.133 Safari/537.36"
86.174.36.170 - - [13/Jul/2017:23:18:48 +0200] "GET /zzstyle.css?1491341099 HTTP/1.1" 200 1389 "http://timestamp.online/countdown/1500000000" "Mozilla/5.0 (X11; Linux x86_64) AppleWebKit/537.36 (KHTML, like Gecko) Chrome/59.0.3071.115 Safari/537.36"
168.91.17.188 - - [13/Jul/2017:23:18:48 +0200] "GET /favicon.ico HTTP/1.1" 404 22356 "-" "Mozilla/5.0 (X11; Linux x86_64; rv:54.0) Gecko/20100101 Firefox/54.0"
38.88.166.162 - - [13/Jul/2017:23:18:48 +0200] "GET /zzstyle.css?1491341099 HTTP/1.1" 200 1389 "http://timestamp.online/countdown/1500000000" "Mozilla/5.0 (Macintosh; Intel Mac OS X 10_11_6) AppleWebKit/537.36 (KHTML, like Gecko) Chrome/59.0.3071.115 Safari/537.36"
2602:304:ce71:95b0:4dec:10e2:1087:6b35 - - [13/Jul/2017:23:18:48 +0200] "GET /favicon.ico HTTP/1.1" 404 22529 "http://timestamp.online/countdown/1500000000" "Mozilla/5.0 (Macintosh; Intel Mac OS X 10_12_5) AppleWebKit/537.36 (KHTML, like Gecko) Chrome/59.0.3071.115 Safari/537.36"
206.55.179.223 - - [13/Jul/2017:23:18:48 +0200] "GET /timestamp.js?1491341099 HTTP/1.1" 200 2853 "http://timestamp.online/countdown/1500000000" "Mozilla/5.0 (X11; Linux x86_64) AppleWebKit/537.36 (KHTML, like Gecko) Chrome/59.0.3071.115 Safari/537.36"
216.208.8.138 - - [13/Jul/2017:23:18:48 +0200] "GET /timestamp.js?1491341099 HTTP/1.1" 200 2853 "http://timestamp.online/countdown/1500000000" "Mozilla/5.0 (X11; Linux x86_64) AppleWebKit/537.36 (KHTML, like Gecko) Chrome/57.0.2987.133 Safari/537.36"
207.38.89.161 - - [13/Jul/2017:23:18:48 +0200] "GET /timestamp.js?1491341099 HTTP/1.1" 200 2853 "http://timestamp.online/countdown/1500000000" "Mozilla/5.0 (Linux; Android 7.0; SAMSUNG-SM-G930A Build/NRD90M) AppleWebKit/537.36 (KHTML, like Gecko) Chrome/59.0.3071.125 Mobile Safari/537.36"
207.38.89.161 - - [13/Jul/2017:23:18:48 +0200] "GET /zzstyle.css?1491341099 HTTP/1.1" 200 1389 "http://timestamp.online/countdown/1500000000" "Mozilla/5.0 (Linux; Android 7.0; SAMSUNG-SM-G930A Build/NRD90M) AppleWebKit/537.36 (KHTML, like Gecko) Chrome/59.0.3071.125 Mobile Safari/537.36"
204.14.152.106 - - [13/Jul/2017:23:18:48 +0200] "GET /zzstyle.css?1491341099 HTTP/1.1" 200 1389 "http://timestamp.online/countdown/1500000000" "Mozilla/5.0 (Macintosh; Intel Mac OS X 10_11_4) AppleWebKit/537.36 (KHTML, like Gecko) Chrome/59.0.3071.115 Safari/537.36"
31.193.51.45 - - [13/Jul/2017:23:18:49 +0200] "GET /countdown/1500000000 HTTP/1.1" 200 4341 "https://news.ycombinator.com/rss" "Mozilla/5.0 (Windows NT 6.1; WOW64; rv:15.0) Gecko/20100101 Firefox/15.0.1"
38.88.166.162 - - [13/Jul/2017:23:18:49 +0200] "GET /timestamp.js?1491341099 HTTP/1.1" 200 2853 "http://timestamp.online/countdown/1500000000" "Mozilla/5.0 (Macintosh; Intel Mac OS X 10_11_6) AppleWebKit/537.36 (KHTML, like Gecko) Chrome/59.0.3071.115 Safari/537.36"
86.174.36.170 - - [13/Jul/2017:23:18:49 +0200] "GET /favicon.ico HTTP/1.1" 404 22529 "http://timestamp.online/countdown/1500000000" "Mozilla/5.0 (X11; Linux x86_64) AppleWebKit/537.36 (KHTML, like Gecko) Chrome/59.0.3071.115 Safari/537.36"
216.208.8.138 - - [13/Jul/2017:23:18:49 +0200] "GET /favicon.ico HTTP/1.1" 404 22529 "http://timestamp.online/countdown/1500000000" "Mozilla/5.0 (X11; Linux x86_64) AppleWebKit/537.36 (KHTML, like Gecko) Chrome/57.0.2987.133 Safari/537.36"
204.14.152.106 - - [13/Jul/2017:23:18:49 +0200] "GET /timestamp.js?1491341099 HTTP/1.1" 200 2853 "http://timestamp.online/countdown/1500000000" "Mozilla/5.0 (Macintosh; Intel Mac OS X 10_11_4) AppleWebKit/537.36 (KHTML, like Gecko) Chrome/59.0.3071.115 Safari/537.36"
206.55.179.223 - - [13/Jul/2017:23:18:49 +0200] "GET /favicon.ico HTTP/1.1" 404 22529 "http://timestamp.online/countdown/1500000000" "Mozilla/5.0 (X11; Linux x86_64) AppleWebKit/537.36 (KHTML, like Gecko) Chrome/59.0.3071.115 Safari/537.36"
31.193.51.45 - - [13/Jul/2017:23:18:49 +0200] "GET /countdown/1500000000 HTTP/1.1" 200 4341 "https://news.ycombinator.com/rss" "Mozilla/5.0 (Windows NT 6.1; WOW64; rv:15.0) Gecko/20100101 Firefox/15.0.1"
118.200.17.79 - - [13/Jul/2017:23:18:49 +0200] "GET /favicon.ico HTTP/1.1" 404 22529 "http://timestamp.online/countdown/1500000000" "Mozilla/5.0 (Linux; Android 7.0; SM-G950F Build/NRD90M; wv) AppleWebKit/537.36 (KHTML, like Gecko) Version/4.0 Chrome/59.0.3071.125 Mobile Safari/537.36"
38.88.166.162 - - [13/Jul/2017:23:18:49 +0200] "GET /favicon.ico HTTP/1.1" 404 22529 "http://timestamp.online/countdown/1500000000" "Mozilla/5.0 (Macintosh; Intel Mac OS X 10_11_6) AppleWebKit/537.36 (KHTML, like Gecko) Chrome/59.0.3071.115 Safari/537.36"
204.14.152.106 - - [13/Jul/2017:23:18:49 +0200] "GET /favicon.ico HTTP/1.1" 404 22529 "http://timestamp.online/countdown/1500000000" "Mozilla/5.0 (Macintosh; Intel Mac OS X 10_11_4) AppleWebKit/537.36 (KHTML, like Gecko) Chrome/59.0.3071.115 Safari/537.36"
31.193.51.45 - - [13/Jul/2017:23:18:49 +0200] "GET /countdown/1500000000 HTTP/1.1" 200 4341 "https://news.ycombinator.com/rss" "Mozilla/5.0 (Windows NT 6.1; WOW64; rv:15.0) Gecko/20100101 Firefox/15.0.1"
31.193.51.45 - - [13/Jul/2017:23:18:49 +0200] "GET /countdown/1500000000 HTTP/1.1" 200 4341 "https://news.ycombinator.com/rss" "Mozilla/5.0 (Windows NT 6.1; WOW64; rv:15.0) Gecko/20100101 Firefox/15.0.1"
31.193.51.45 - - [13/Jul/2017:23:18:49 +0200] "GET /countdown/1500000000 HTTP/1.1" 200 4341 "https://news.ycombinator.com/rss" "Mozilla/5.0 (Windows NT 6.1; WOW64; rv:15.0) Gecko/20100101 Firefox/15.0.1"
207.38.89.161 - - [13/Jul/2017:23:18:50 +0200] "GET /favicon.ico HTTP/1.1" 404 22529 "http://timestamp.online/countdown/1500000000" "Mozilla/5.0 (Linux; Android 7.0; SAMSUNG-SM-G930A Build/NRD90M) AppleWebKit/537.36 (KHTML, like Gecko) Chrome/59.0.3071.125 Mobile Safari/537.36"
104.131.116.115 - - [13/Jul/2017:23:18:50 +0200] "HEAD /countdown/1500000000 HTTP/1.1" 200 - "-" "Tiny Tiny RSS/16.1 (1003f71) (http://tt-rss.org/)"
31.193.51.45 - - [13/Jul/2017:23:18:50 +0200] "GET /countdown/1500000000 HTTP/1.1" 200 4341 "https://news.ycombinator.com/rss" "Mozilla/5.0 (Windows NT 6.1; WOW64; rv:15.0) Gecko/20100101 Firefox/15.0.1"
121.40.39.119 - - [13/Jul/2017:23:18:50 +0200] "GET /countdown/1500000000 HTTP/1.1" 200 4341 "-" "Mozilla/5.0 (Ubuntu; X11; Linux x86_64; rv:8.0) Gecko/20100101 Firefox/8.0"
104.131.116.115 - - [13/Jul/2017:23:18:50 +0200] "GET /countdown/1500000000 HTTP/1.1" 200 4341 "-" "Tiny Tiny RSS/16.1 (1003f71) (http://tt-rss.org/)"
24.37.211.22 - - [13/Jul/2017:23:18:50 +0200] "GET /countdown/1500000000 HTTP/1.1" 200 4341 "https://news.ycombinator.com/" "Mozilla/5.0 (iPhone; CPU iPhone OS 10_3_2 like Mac OS X) AppleWebKit/603.1.30 (KHTML, like Gecko) CriOS/59.0.3071.102 Mobile/14F89 Safari/602.1"
24.37.211.22 - - [13/Jul/2017:23:18:51 +0200] "GET /zzstyle.css?1491341099 HTTP/1.1" 200 1389 "http://timestamp.online/countdown/1500000000" "Mozilla/5.0 (iPhone; CPU iPhone OS 10_3_2 like Mac OS X) AppleWebKit/603.1.30 (KHTML, like Gecko) CriOS/59.0.3071.102 Mobile/14F89 Safari/602.1"
209.116.186.42 - - [13/Jul/2017:23:18:51 +0200] "GET /favicon.ico HTTP/1.1" 404 22356 "-" "Mozilla/5.0 (Macintosh; Intel Mac OS X 10_12_5) AppleWebKit/603.2.4 (KHTML, like Gecko) HipChat/732 (modern)"
209.116.186.42 - - [13/Jul/2017:23:18:51 +0200] "GET /favicon.ico HTTP/1.1" 404 22356 "-" "Mozilla/5.0 (Macintosh; Intel Mac OS X 10_12_2) AppleWebKit/602.3.12 (KHTML, like Gecko) HipChat/732 (modern)"
209.116.186.42 - - [13/Jul/2017:23:18:51 +0200] "GET /favicon.ico HTTP/1.1" 404 22356 "-" "Mozilla/5.0 (Macintosh; Intel Mac OS X 10_12_5) AppleWebKit/603.2.4 (KHTML, like Gecko) HipChat/732 (modern)"
209.116.186.42 - - [13/Jul/2017:23:18:51 +0200] "GET /favicon.ico HTTP/1.1" 404 22356 "-" "Mozilla/5.0 (Macintosh; Intel Mac OS X 10_12_5) AppleWebKit/603.2.4 (KHTML, like Gecko) HipChat/732 (modern)"
209.116.186.42 - - [13/Jul/2017:23:18:51 +0200] "GET /favicon.ico HTTP/1.1" 404 22356 "-" "Mozilla/5.0 (Macintosh; Intel Mac OS X 10_12_5) AppleWebKit/603.2.4 (KHTML, like Gecko) HipChat/732 (modern)"
209.116.186.42 - - [13/Jul/2017:23:18:51 +0200] "GET /favicon.ico HTTP/1.1" 404 22356 "-" "Mozilla/5.0 (Macintosh; Intel Mac OS X 10_12_4) AppleWebKit/603.1.30 (KHTML, like Gecko) HipChat/732 (modern)"
2601:282:502:87a1:b949:ae27:8931:5dd8 - - [13/Jul/2017:23:18:51 +0200] "GET /favicon.ico HTTP/1.1" 404 22356 "-" "Mozilla/5.0 (Macintosh; Intel Mac OS X 10_12_5) AppleWebKit/603.2.4 (KHTML, like Gecko) HipChat/732 (modern)"
209.116.186.42 - - [13/Jul/2017:23:18:51 +0200] "GET /favicon.ico HTTP/1.1" 404 22356 "-" "Mozilla/5.0 (Macintosh; Intel Mac OS X 10_12_5) AppleWebKit/603.2.4 (KHTML, like Gecko) HipChat/732 (modern)"
167.160.191.193 - - [13/Jul/2017:23:18:51 +0200] "GET /countdown/1500000000 HTTP/1.1" 200 4341 "https://news.ycombinator.com/" "Mozilla/5.0 (X11; Linux x86_64; rv:41.0) Gecko/20100101 Firefox/41.0"
24.37.211.22 - - [13/Jul/2017:23:18:51 +0200] "GET /timestamp.js?1491341099 HTTP/1.1" 200 2853 "http://timestamp.online/countdown/1500000000" "Mozilla/5.0 (iPhone; CPU iPhone OS 10_3_2 like Mac OS X) AppleWebKit/603.1.30 (KHTML, like Gecko) CriOS/59.0.3071.102 Mobile/14F89 Safari/602.1"
38.142.73.204 - - [13/Jul/2017:23:18:51 +0200] "GET /countdown/1500000000 HTTP/1.1" 200 4341 "https://news.ycombinator.com/" "Mozilla/5.0 (Macintosh; Intel Mac OS X 10_12_5) AppleWebKit/537.36 (KHTML, like Gecko) Chrome/59.0.3071.115 Safari/537.36"
209.116.186.42 - - [13/Jul/2017:23:18:51 +0200] "GET /favicon.ico HTTP/1.1" 404 22356 "-" "Mozilla/5.0 (Macintosh; Intel Mac OS X 10_12_5) AppleWebKit/603.2.4 (KHTML, like Gecko) HipChat/732 (modern)"
38.109.203.254 - - [13/Jul/2017:23:18:51 +0200] "GET /favicon.ico HTTP/1.1" 404 22356 "-" "Mozilla/5.0 (Macintosh; Intel Mac OS X 10_12_5) AppleWebKit/603.2.4 (KHTML, like Gecko) HipChat/732 (modern)"
38.142.73.204 - - [13/Jul/2017:23:18:51 +0200] "GET /zzstyle.css?1491341099 HTTP/1.1" 200 1389 "http://timestamp.online/countdown/1500000000" "Mozilla/5.0 (Macintosh; Intel Mac OS X 10_12_5) AppleWebKit/537.36 (KHTML, like Gecko) Chrome/59.0.3071.115 Safari/537.36"
38.142.73.204 - - [13/Jul/2017:23:18:51 +0200] "GET /timestamp.js?1491341099 HTTP/1.1" 200 2853 "http://timestamp.online/countdown/1500000000" "Mozilla/5.0 (Macintosh; Intel Mac OS X 10_12_5) AppleWebKit/537.36 (KHTML, like Gecko) Chrome/59.0.3071.115 Safari/537.36"
38.109.203.254 - - [13/Jul/2017:23:18:51 +0200] "GET /favicon.ico HTTP/1.1" 404 22356 "-" "Mozilla/5.0 (Macintosh; Intel Mac OS X 10_11_6) AppleWebKit/601.7.8 (KHTML, like Gecko) HipChat/732 (modern)"
38.142.73.204 - - [13/Jul/2017:23:18:51 +0200] "GET /favicon.ico HTTP/1.1" 404 22529 "http://timestamp.online/countdown/1500000000" "Mozilla/5.0 (Macintosh; Intel Mac OS X 10_12_5) AppleWebKit/537.36 (KHTML, like Gecko) Chrome/59.0.3071.115 Safari/537.36"
167.160.191.193 - - [13/Jul/2017:23:18:51 +0200] "GET /zzstyle.css?1491341099 HTTP/1.1" 200 1389 "http://timestamp.online/countdown/1500000000" "Mozilla/5.0 (X11; Linux x86_64; rv:41.0) Gecko/20100101 Firefox/41.0"
209.116.186.42 - - [13/Jul/2017:23:18:52 +0200] "GET /favicon.ico HTTP/1.1" 404 22356 "-" "Mozilla/5.0 (Macintosh; Intel Mac OS X 10_12_5) AppleWebKit/603.2.4 (KHTML, like Gecko) HipChat/732 (modern)"
167.160.191.193 - - [13/Jul/2017:23:18:52 +0200] "GET /favicon.ico HTTP/1.1" 404 22356 "-" "Mozilla/5.0 (X11; Linux x86_64; rv:41.0) Gecko/20100101 Firefox/41.0"
209.116.186.42 - - [13/Jul/2017:23:18:52 +0200] "GET /favicon.ico HTTP/1.1" 404 22356 "-" "Mozilla/5.0 (Macintosh; Intel Mac OS X 10_12_5) AppleWebKit/603.2.4 (KHTML, like Gecko) HipChat/732 (modern)"
216.221.252.130 - - [13/Jul/2017:23:18:53 +0200] "GET /countdown/1500000000 HTTP/1.1" 200 4341 "https://news.ycombinator.com/" "Mozilla/5.0 (Macintosh; Intel Mac OS X 10_11_3) AppleWebKit/537.36 (KHTML, like Gecko) Chrome/55.0.2883.95 Safari/537.36"
216.221.252.130 - - [13/Jul/2017:23:18:53 +0200] "GET /zzstyle.css?1491341099 HTTP/1.1" 200 1389 "http://timestamp.online/countdown/1500000000" "Mozilla/5.0 (Macintosh; Intel Mac OS X 10_11_3) AppleWebKit/537.36 (KHTML, like Gecko) Chrome/55.0.2883.95 Safari/537.36"
216.221.252.130 - - [13/Jul/2017:23:18:53 +0200] "GET /timestamp.js?1491341099 HTTP/1.1" 200 2853 "http://timestamp.online/countdown/1500000000" "Mozilla/5.0 (Macintosh; Intel Mac OS X 10_11_3) AppleWebKit/537.36 (KHTML, like Gecko) Chrome/55.0.2883.95 Safari/537.36"
198.27.198.2 - - [13/Jul/2017:23:18:53 +0200] "GET /countdown/1500000000 HTTP/1.1" 200 4341 "https://news.ycombinator.com/" "Mozilla/5.0 (Macintosh; Intel Mac OS X 10_12_5) AppleWebKit/537.36 (KHTML, like Gecko) Chrome/59.0.3071.115 Safari/537.36"
47.149.139.131 - - [13/Jul/2017:23:18:53 +0200] "HEAD /countdown/1500000000 HTTP/1.1" 200 - "-" "Tiny Tiny RSS/17.4 (7611f0c) (http://tt-rss.org/)"
167.160.191.193 - - [13/Jul/2017:23:18:53 +0200] "GET /favicon.ico HTTP/1.1" 404 22356 "-" "Mozilla/5.0 (X11; Linux x86_64; rv:41.0) Gecko/20100101 Firefox/41.0"
198.27.198.2 - - [13/Jul/2017:23:18:53 +0200] "GET /zzstyle.css?1491341099 HTTP/1.1" 200 1389 "http://timestamp.online/countdown/1500000000" "Mozilla/5.0 (Macintosh; Intel Mac OS X 10_12_5) AppleWebKit/537.36 (KHTML, like Gecko) Chrome/59.0.3071.115 Safari/537.36"
216.221.252.130 - - [13/Jul/2017:23:18:53 +0200] "GET /favicon.ico HTTP/1.1" 404 22529 "http://timestamp.online/countdown/1500000000" "Mozilla/5.0 (Macintosh; Intel Mac OS X 10_11_3) AppleWebKit/537.36 (KHTML, like Gecko) Chrome/55.0.2883.95 Safari/537.36"
198.27.198.2 - - [13/Jul/2017:23:18:53 +0200] "GET /timestamp.js?1491341099 HTTP/1.1" 200 2853 "http://timestamp.online/countdown/1500000000" "Mozilla/5.0 (Macintosh; Intel Mac OS X 10_12_5) AppleWebKit/537.36 (KHTML, like Gecko) Chrome/59.0.3071.115 Safari/537.36"
47.149.139.131 - - [13/Jul/2017:23:18:53 +0200] "GET /countdown/1500000000 HTTP/1.1" 200 4341 "-" "Tiny Tiny RSS/17.4 (7611f0c) (http://tt-rss.org/)"
198.27.198.2 - - [13/Jul/2017:23:18:53 +0200] "GET /favicon.ico HTTP/1.1" 404 22529 "http://timestamp.online/countdown/1500000000" "Mozilla/5.0 (Macintosh; Intel Mac OS X 10_12_5) AppleWebKit/537.36 (KHTML, like Gecko) Chrome/59.0.3071.115 Safari/537.36"
2404:130:0:1000:a425:f591:a697:5811 - - [13/Jul/2017:23:18:54 +0200] "GET /countdown/1500000000 HTTP/1.1" 200 4341 "https://news.ycombinator.com/" "Mozilla/5.0 (X11; Linux x86_64) AppleWebKit/537.36 (KHTML, like Gecko) Chrome/59.0.3071.104 Safari/537.36"
73.239.11.79 - - [13/Jul/2017:23:18:54 +0200] "GET /countdown/1500000000 HTTP/1.1" 200 4341 "http://popurls.com/" "Mozilla/5.0 (Macintosh; Intel Mac OS X 10_12_5) AppleWebKit/537.36 (KHTML, like Gecko) Chrome/59.0.3071.115 Safari/537.36"
2404:130:0:1000:a425:f591:a697:5811 - - [13/Jul/2017:23:18:54 +0200] "GET /zzstyle.css?1491341099 HTTP/1.1" 200 1389 "http://timestamp.online/countdown/1500000000" "Mozilla/5.0 (X11; Linux x86_64) AppleWebKit/537.36 (KHTML, like Gecko) Chrome/59.0.3071.104 Safari/537.36"
2404:130:0:1000:a425:f591:a697:5811 - - [13/Jul/2017:23:18:54 +0200] "GET /timestamp.js?1491341099 HTTP/1.1" 200 2853 "http://timestamp.online/countdown/1500000000" "Mozilla/5.0 (X11; Linux x86_64) AppleWebKit/537.36 (KHTML, like Gecko) Chrome/59.0.3071.104 Safari/537.36"
2404:130:0:1000:a425:f591:a697:5811 - - [13/Jul/2017:23:18:55 +0200] "GET /favicon.ico HTTP/1.1" 404 22529 "http://timestamp.online/countdown/1500000000" "Mozilla/5.0 (X11; Linux x86_64) AppleWebKit/537.36 (KHTML, like Gecko) Chrome/59.0.3071.104 Safari/537.36"
73.239.11.79 - - [13/Jul/2017:23:18:55 +0200] "GET /zzstyle.css?1491341099 HTTP/1.1" 200 1389 "http://timestamp.online/countdown/1500000000" "Mozilla/5.0 (Macintosh; Intel Mac OS X 10_12_5) AppleWebKit/537.36 (KHTML, like Gecko) Chrome/59.0.3071.115 Safari/537.36"
73.239.11.79 - - [13/Jul/2017:23:18:55 +0200] "GET /timestamp.js?1491341099 HTTP/1.1" 200 2853 "http://timestamp.online/countdown/1500000000" "Mozilla/5.0 (Macintosh; Intel Mac OS X 10_12_5) AppleWebKit/537.36 (KHTML, like Gecko) Chrome/59.0.3071.115 Safari/537.36"
45.55.65.163 - - [13/Jul/2017:23:18:55 +0200] "HEAD /countdown/1500000000 HTTP/1.1" 200 - "-" "Mozilla/5.0 (X11; Ubuntu; Linux x86_64; rv:49.0) Gecko/20100101 Firefox/49.0 / GnowitNewsbot / Contact information at http://www.gnowit.com"
207.148.173.43 - - [13/Jul/2017:23:18:55 +0200] "GET /countdown/1500000000 HTTP/1.1" 200 4341 "https://news.ycombinator.com/" "Mozilla/5.0 (Windows NT 6.1; Win64; x64) AppleWebKit/537.36 (KHTML, like Gecko) Chrome/59.0.3071.115 Safari/537.36"
192.99.147.100 - - [13/Jul/2017:23:18:55 +0200] "GET /countdown/1500000000 HTTP/1.1" 206 4341 "-" "Mozilla/5.0 (Windows NT 6.1; WOW64) AppleWebKit/537.11 (KHTML, like Gecko) Chrome/23.0.1271.10 Safari/537.11"
24.37.211.22 - - [13/Jul/2017:23:18:55 +0200] "GET /favicon.ico HTTP/1.1" 404 22356 "-" "Mozilla/5.0 (iPhone; CPU iPhone OS 10_3_2 like Mac OS X) AppleWebKit/603.1.30 (KHTML, like Gecko) CriOS/59.0.3071.102 Mobile/14F89 Safari/602.1"
207.148.173.43 - - [13/Jul/2017:23:18:55 +0200] "GET /zzstyle.css?1491341099 HTTP/1.1" 200 1389 "http://timestamp.online/countdown/1500000000" "Mozilla/5.0 (Windows NT 6.1; Win64; x64) AppleWebKit/537.36 (KHTML, like Gecko) Chrome/59.0.3071.115 Safari/537.36"
207.148.173.43 - - [13/Jul/2017:23:18:55 +0200] "GET /timestamp.js?1491341099 HTTP/1.1" 200 2853 "http://timestamp.online/countdown/1500000000" "Mozilla/5.0 (Windows NT 6.1; Win64; x64) AppleWebKit/537.36 (KHTML, like Gecko) Chrome/59.0.3071.115 Safari/537.36"
209.116.186.42 - - [13/Jul/2017:23:18:55 +0200] "GET /favicon.ico HTTP/1.1" 404 22356 "-" "Mozilla/5.0 (Macintosh; Intel Mac OS X 10_12_5) AppleWebKit/603.2.4 (KHTML, like Gecko) HipChat/732 (modern)"
73.239.11.79 - - [13/Jul/2017:23:18:56 +0200] "GET /favicon.ico HTTP/1.1" 404 22529 "http://timestamp.online/countdown/1500000000" "Mozilla/5.0 (Macintosh; Intel Mac OS X 10_12_5) AppleWebKit/537.36 (KHTML, like Gecko) Chrome/59.0.3071.115 Safari/537.36"
207.148.173.43 - - [13/Jul/2017:23:18:56 +0200] "GET /favicon.ico HTTP/1.1" 404 22529 "http://timestamp.online/countdown/1500000000" "Mozilla/5.0 (Windows NT 6.1; Win64; x64) AppleWebKit/537.36 (KHTML, like Gecko) Chrome/59.0.3071.115 Safari/537.36"
78.245.60.105 - - [13/Jul/2017:23:18:56 +0200] "GET /countdown/1500000000 HTTP/1.1" 200 4341 "https://news.ycombinator.com/" "Mozilla/5.0 (Windows NT 10.0; Win64; x64; rv:55.0) Gecko/20100101 Firefox/55.0"
78.245.60.105 - - [13/Jul/2017:23:18:56 +0200] "GET /zzstyle.css?1491341099 HTTP/1.1" 200 1389 "http://timestamp.online/countdown/1500000000" "Mozilla/5.0 (Windows NT 10.0; Win64; x64; rv:55.0) Gecko/20100101 Firefox/55.0"
78.245.60.105 - - [13/Jul/2017:23:18:56 +0200] "GET /timestamp.js?1491341099 HTTP/1.1" 200 2853 "http://timestamp.online/countdown/1500000000" "Mozilla/5.0 (Windows NT 10.0; Win64; x64; rv:55.0) Gecko/20100101 Firefox/55.0"
73.170.252.195 - - [13/Jul/2017:23:18:56 +0200] "GET /countdown/1500000000 HTTP/1.1" 200 4341 "https://news.ycombinator.com/" "Mozilla/5.0 (Macintosh; Intel Mac OS X 10_12_5) AppleWebKit/537.36 (KHTML, like Gecko) Chrome/58.0.3029.110 Safari/537.36"
78.245.60.105 - - [13/Jul/2017:23:18:56 +0200] "GET /favicon.ico HTTP/1.1" 404 22452 "-" "Mozilla/5.0 (Windows NT 10.0; Win64; x64; rv:55.0) Gecko/20100101 Firefox/55.0"
78.245.60.105 - - [13/Jul/2017:23:18:56 +0200] "GET /favicon.ico HTTP/1.1" 404 22452 "-" "Mozilla/5.0 (Windows NT 10.0; Win64; x64; rv:55.0) Gecko/20100101 Firefox/55.0"
73.170.252.195 - - [13/Jul/2017:23:18:56 +0200] "GET /zzstyle.css?1491341099 HTTP/1.1" 200 1389 "http://timestamp.online/countdown/1500000000" "Mozilla/5.0 (Macintosh; Intel Mac OS X 10_12_5) AppleWebKit/537.36 (KHTML, like Gecko) Chrome/58.0.3029.110 Safari/537.36"
73.170.252.195 - - [13/Jul/2017:23:18:57 +0200] "GET /timestamp.js?1491341099 HTTP/1.1" 200 2853 "http://timestamp.online/countdown/1500000000" "Mozilla/5.0 (Macintosh; Intel Mac OS X 10_12_5) AppleWebKit/537.36 (KHTML, like Gecko) Chrome/58.0.3029.110 Safari/537.36"
73.170.252.195 - - [13/Jul/2017:23:18:57 +0200] "GET /favicon.ico HTTP/1.1" 404 22529 "http://timestamp.online/countdown/1500000000" "Mozilla/5.0 (Macintosh; Intel Mac OS X 10_12_5) AppleWebKit/537.36 (KHTML, like Gecko) Chrome/58.0.3029.110 Safari/537.36"
24.182.101.16 - - [13/Jul/2017:23:18:57 +0200] "GET /countdown/1500000000 HTTP/1.1" 200 4341 "https://news.ycombinator.com/" "Mozilla/5.0 (Macintosh; Intel Mac OS X 10_11_6) AppleWebKit/603.2.5 (KHTML, like Gecko) Version/10.1.1 Safari/603.2.5"
24.182.101.16 - - [13/Jul/2017:23:18:57 +0200] "GET /zzstyle.css?1491341099 HTTP/1.1" 200 1389 "http://timestamp.online/countdown/1500000000" "Mozilla/5.0 (Macintosh; Intel Mac OS X 10_11_6) AppleWebKit/603.2.5 (KHTML, like Gecko) Version/10.1.1 Safari/603.2.5"
24.182.101.16 - - [13/Jul/2017:23:18:58 +0200] "GET /timestamp.js?1491341099 HTTP/1.1" 200 2853 "http://timestamp.online/countdown/1500000000" "Mozilla/5.0 (Macintosh; Intel Mac OS X 10_11_6) AppleWebKit/603.2.5 (KHTML, like Gecko) Version/10.1.1 Safari/603.2.5"
24.182.101.16 - - [13/Jul/2017:23:18:58 +0200] "GET /favicon.ico HTTP/1.1" 404 22529 "http://timestamp.online/countdown/1500000000" "Mozilla/5.0 (Macintosh; Intel Mac OS X 10_11_6) AppleWebKit/603.2.5 (KHTML, like Gecko) Version/10.1.1 Safari/603.2.5"
216.81.54.178 - - [13/Jul/2017:23:18:58 +0200] "GET /countdown/1500000000 HTTP/1.1" 200 4341 "http://timestamp.online/countdown/1500000000" "Mozilla/5.0 (Macintosh; Intel Mac OS X 10_12_5) AppleWebKit/537.36 (KHTML, like Gecko) Chrome/59.0.3071.115 Safari/537.36"
182.92.7.12 - - [13/Jul/2017:23:18:58 +0200] "GET /countdown/1500000000 HTTP/1.1" 200 4341 "-" "Mozilla/5.0 (Ubuntu; X11; Linux x86_64; rv:8.0) Gecko/20100101 Firefox/8.0"
66.135.55.191 - - [13/Jul/2017:23:18:58 +0200] "GET /countdown/1500000000 HTTP/1.1" 200 4341 "-" "Mozilla/5.0 (Windows NT 6.2; Win64; x64) AppleWebKit/537.36 (KHTML, like Gecko) Chrome/32.0.1667.0 Safari/537.36"
130.164.62.35 - - [13/Jul/2017:23:18:59 +0200] "GET /countdown/1500000000 HTTP/1.1" 200 4341 "https://news.ycombinator.com/" "Mozilla/5.0 (Windows NT 6.1; WOW64; rv:54.0) Gecko/20100101 Firefox/54.0"
130.164.62.35 - - [13/Jul/2017:23:19:00 +0200] "GET /zzstyle.css?1491341099 HTTP/1.1" 200 1389 "http://timestamp.online/countdown/1500000000" "Mozilla/5.0 (Windows NT 6.1; WOW64; rv:54.0) Gecko/20100101 Firefox/54.0"
130.164.62.35 - - [13/Jul/2017:23:19:00 +0200] "GET /timestamp.js?1491341099 HTTP/1.1" 200 2853 "http://timestamp.online/countdown/1500000000" "Mozilla/5.0 (Windows NT 6.1; WOW64; rv:54.0) Gecko/20100101 Firefox/54.0"
209.116.186.42 - - [13/Jul/2017:23:19:00 +0200] "GET /countdown/1500000000 HTTP/1.1" 200 4341 "-" "Mozilla/5.0 (Macintosh; Intel Mac OS X 10_12_5) AppleWebKit/537.36 (KHTML, like Gecko) Chrome/59.0.3071.115 Safari/537.36"
209.116.186.42 - - [13/Jul/2017:23:19:00 +0200] "GET /zzstyle.css?1491341099 HTTP/1.1" 200 1389 "http://timestamp.online/countdown/1500000000" "Mozilla/5.0 (Macintosh; Intel Mac OS X 10_12_5) AppleWebKit/537.36 (KHTML, like Gecko) Chrome/59.0.3071.115 Safari/537.36"
209.116.186.42 - - [13/Jul/2017:23:19:00 +0200] "GET /timestamp.js?1491341099 HTTP/1.1" 200 2853 "http://timestamp.online/countdown/1500000000" "Mozilla/5.0 (Macintosh; Intel Mac OS X 10_12_5) AppleWebKit/537.36 (KHTML, like Gecko) Chrome/59.0.3071.115 Safari/537.36"
73.106.140.51 - - [13/Jul/2017:23:19:00 +0200] "GET /favicon.ico HTTP/1.1" 404 22356 "-" "Mozilla/5.0 (Macintosh; Intel Mac OS X 10_12_5) AppleWebKit/603.2.4 (KHTML, like Gecko) HipChat/732 (modern)"
130.164.62.35 - - [13/Jul/2017:23:19:00 +0200] "GET /favicon.ico HTTP/1.1" 404 22356 "-" "Mozilla/5.0 (Windows NT 6.1; WOW64; rv:54.0) Gecko/20100101 Firefox/54.0"
209.116.186.42 - - [13/Jul/2017:23:19:00 +0200] "GET /favicon.ico HTTP/1.1" 404 22356 "-" "Mozilla/5.0 (Macintosh; Intel Mac OS X 10_12_5) AppleWebKit/603.2.4 (KHTML, like Gecko) HipChat/732 (modern)"
209.116.186.42 - - [13/Jul/2017:23:19:01 +0200] "GET /favicon.ico HTTP/1.1" 404 22529 "http://timestamp.online/countdown/1500000000" "Mozilla/5.0 (Macintosh; Intel Mac OS X 10_12_5) AppleWebKit/537.36 (KHTML, like Gecko) Chrome/59.0.3071.115 Safari/537.36"
74.140.216.20 - - [13/Jul/2017:23:19:01 +0200] "GET /countdown/1500000000 HTTP/1.1" 200 4341 "-" "Mozilla/5.0 (Linux; Android 7.1.2; Nexus 5X Build/NJH47D; wv) AppleWebKit/537.36 (KHTML, like Gecko) Version/4.0 Chrome/59.0.3071.92 Mobile Safari/537.36"
167.160.191.193 - - [13/Jul/2017:23:19:01 +0200] "GET /timestamp.js?1491341099 HTTP/1.1" 200 2853 "http://timestamp.online/countdown/1500000000" "Mozilla/5.0 (X11; Linux x86_64; rv:41.0) Gecko/20100101 Firefox/41.0"
37.176.112.46 - - [13/Jul/2017:23:19:01 +0200] "GET /countdown/1500000000 HTTP/1.1" 200 4341 "-" "Mozilla/5.0 (iPhone; U; CPU iPhone OS 3_0 like Mac OS X; en-us) AppleWebKit/528.18 (KHTML, like Gecko) Version/4.0 Mobile/7A341 Safari/528.16"
74.140.216.20 - - [13/Jul/2017:23:19:01 +0200] "GET /zzstyle.css?1491341099 HTTP/1.1" 200 1389 "http://timestamp.online/countdown/1500000000" "Mozilla/5.0 (Linux; Android 7.1.2; Nexus 5X Build/NJH47D; wv) AppleWebKit/537.36 (KHTML, like Gecko) Version/4.0 Chrome/59.0.3071.92 Mobile Safari/537.36"
74.140.216.20 - - [13/Jul/2017:23:19:01 +0200] "GET /timestamp.js?1491341099 HTTP/1.1" 200 2853 "http://timestamp.online/countdown/1500000000" "Mozilla/5.0 (Linux; Android 7.1.2; Nexus 5X Build/NJH47D; wv) AppleWebKit/537.36 (KHTML, like Gecko) Version/4.0 Chrome/59.0.3071.92 Mobile Safari/537.36"
74.140.216.20 - - [13/Jul/2017:23:19:02 +0200] "GET /favicon.ico HTTP/1.1" 404 22529 "http://timestamp.online/countdown/1500000000" "Mozilla/5.0 (Linux; Android 7.1.2; Nexus 5X Build/NJH47D; wv) AppleWebKit/537.36 (KHTML, like Gecko) Version/4.0 Chrome/59.0.3071.92 Mobile Safari/537.36"
8.18.218.250 - - [13/Jul/2017:23:19:02 +0200] "GET /countdown/1500000000 HTTP/1.1" 200 4341 "https://news.ycombinator.com/" "Mozilla/5.0 (iPhone; CPU iPhone OS 10_3_2 like Mac OS X) AppleWebKit/603.2.4 (KHTML, like Gecko) Version/10.0 Mobile/14F89 Safari/602.1"
91.121.67.189 - - [13/Jul/2017:23:19:02 +0200] "HEAD /favicon.ico HTTP/1.1" 404 - "-" "python-requests/2.11.1"
75.101.140.93 - - [13/Jul/2017:23:19:02 +0200] "GET /countdown/1500000000 HTTP/1.1" 200 4341 "-" "BuzzTrends"
128.12.245.10 - - [13/Jul/2017:23:19:02 +0200] "GET /countdown/1500000000 HTTP/1.1" 200 4341 "https://news.ycombinator.com/" "Mozilla/5.0 (Macintosh; Intel Mac OS X 10_10_5) AppleWebKit/537.36 (KHTML, like Gecko) Chrome/59.0.3071.115 Safari/537.36"
128.12.245.10 - - [13/Jul/2017:23:19:03 +0200] "GET /zzstyle.css?1491341099 HTTP/1.1" 200 1389 "http://timestamp.online/countdown/1500000000" "Mozilla/5.0 (Macintosh; Intel Mac OS X 10_10_5) AppleWebKit/537.36 (KHTML, like Gecko) Chrome/59.0.3071.115 Safari/537.36"
128.12.245.10 - - [13/Jul/2017:23:19:03 +0200] "GET /timestamp.js?1491341099 HTTP/1.1" 200 2853 "http://timestamp.online/countdown/1500000000" "Mozilla/5.0 (Macintosh; Intel Mac OS X 10_10_5) AppleWebKit/537.36 (KHTML, like Gecko) Chrome/59.0.3071.115 Safari/537.36"
75.101.140.93 - - [13/Jul/2017:23:19:03 +0200] "GET /countdown/1500000000 HTTP/1.1" 200 4341 "-" "BuzzTrends"
137.74.194.39 - - [13/Jul/2017:23:19:03 +0200] "GET /countdown/1500000000 HTTP/1.1" 200 4341 "-" "-"
128.12.245.10 - - [13/Jul/2017:23:19:03 +0200] "GET /favicon.ico HTTP/1.1" 404 22529 "http://timestamp.online/countdown/1500000000" "Mozilla/5.0 (Macintosh; Intel Mac OS X 10_10_5) AppleWebKit/537.36 (KHTML, like Gecko) Chrome/59.0.3071.115 Safari/537.36"
101.200.204.198 - - [13/Jul/2017:23:19:03 +0200] "GET / HTTP/1.1" 301 232 "-" "Mozilla/5.0 (Ubuntu; X11; Linux x86_64; rv:8.0) Gecko/20100101 Firefox/8.0"
75.101.140.93 - - [13/Jul/2017:23:19:03 +0200] "HEAD /countdown/1500000000 HTTP/1.1" 200 - "-" "Ruby"
173.228.45.18 - - [13/Jul/2017:23:19:03 +0200] "GET /countdown/1500000000 HTTP/1.1" 200 4341 "https://news.ycombinator.com/" "Mozilla/5.0 (X11; Linux x86_64) AppleWebKit/537.36 (KHTML, like Gecko) Chrome/59.0.3071.115 Safari/537.36"
173.228.45.18 - - [13/Jul/2017:23:19:03 +0200] "GET /zzstyle.css?1491341099 HTTP/1.1" 200 1389 "http://timestamp.online/countdown/1500000000" "Mozilla/5.0 (X11; Linux x86_64) AppleWebKit/537.36 (KHTML, like Gecko) Chrome/59.0.3071.115 Safari/537.36"
173.228.45.18 - - [13/Jul/2017:23:19:03 +0200] "GET /timestamp.js?1491341099 HTTP/1.1" 200 2853 "http://timestamp.online/countdown/1500000000" "Mozilla/5.0 (X11; Linux x86_64) AppleWebKit/537.36 (KHTML, like Gecko) Chrome/59.0.3071.115 Safari/537.36"
75.101.140.93 - - [13/Jul/2017:23:19:03 +0200] "GET /countdown/1500000000 HTTP/1.1" 200 4341 "-" "Ruby"
101.200.204.198 - - [13/Jul/2017:23:19:03 +0200] "GET / HTTP/1.1" 200 8619 "-" "Mozilla/5.0 (Ubuntu; X11; Linux x86_64; rv:8.0) Gecko/20100101 Firefox/8.0"
173.228.45.18 - - [13/Jul/2017:23:19:03 +0200] "GET /favicon.ico HTTP/1.1" 404 22529 "http://timestamp.online/countdown/1500000000" "Mozilla/5.0 (X11; Linux x86_64) AppleWebKit/537.36 (KHTML, like Gecko) Chrome/59.0.3071.115 Safari/537.36"
75.101.140.93 - - [13/Jul/2017:23:19:03 +0200] "HEAD /countdown/1500000000 HTTP/1.1" 200 - "-" "Ruby"
75.101.140.93 - - [13/Jul/2017:23:19:03 +0200] "GET /countdown/1500000000 HTTP/1.1" 200 4341 "-" "Ruby"
50.232.234.58 - - [13/Jul/2017:23:19:04 +0200] "GET /countdown/1500000000 HTTP/1.1" 200 4341 "https://news.ycombinator.com/" "Mozilla/5.0 (Macintosh; Intel Mac OS X 10_11_6) AppleWebKit/537.36 (KHTML, like Gecko) Chrome/59.0.3071.115 Safari/537.36"
50.232.234.58 - - [13/Jul/2017:23:19:04 +0200] "GET /zzstyle.css?1491341099 HTTP/1.1" 200 1389 "http://timestamp.online/countdown/1500000000" "Mozilla/5.0 (Macintosh; Intel Mac OS X 10_11_6) AppleWebKit/537.36 (KHTML, like Gecko) Chrome/59.0.3071.115 Safari/537.36"
50.232.234.58 - - [13/Jul/2017:23:19:04 +0200] "GET /timestamp.js?1491341099 HTTP/1.1" 200 2853 "http://timestamp.online/countdown/1500000000" "Mozilla/5.0 (Macintosh; Intel Mac OS X 10_11_6) AppleWebKit/537.36 (KHTML, like Gecko) Chrome/59.0.3071.115 Safari/537.36"
8.18.218.250 - - [13/Jul/2017:23:19:04 +0200] "GET /zzstyle.css?1491341099 HTTP/1.1" 200 1389 "http://timestamp.online/countdown/1500000000" "Mozilla/5.0 (iPhone; CPU iPhone OS 10_3_2 like Mac OS X) AppleWebKit/603.2.4 (KHTML, like Gecko) Version/10.0 Mobile/14F89 Safari/602.1"
50.232.234.58 - - [13/Jul/2017:23:19:04 +0200] "GET /favicon.ico HTTP/1.1" 404 22529 "http://timestamp.online/countdown/1500000000" "Mozilla/5.0 (Macintosh; Intel Mac OS X 10_11_6) AppleWebKit/537.36 (KHTML, like Gecko) Chrome/59.0.3071.115 Safari/537.36"
8.18.218.250 - - [13/Jul/2017:23:19:04 +0200] "GET /timestamp.js?1491341099 HTTP/1.1" 200 2853 "http://timestamp.online/countdown/1500000000" "Mozilla/5.0 (iPhone; CPU iPhone OS 10_3_2 like Mac OS X) AppleWebKit/603.2.4 (KHTML, like Gecko) Version/10.0 Mobile/14F89 Safari/602.1"
24.182.101.16 - - [13/Jul/2017:23:19:04 +0200] "GET /countdown/1500000000 HTTP/1.1" 200 4341 "https://news.ycombinator.com/" "Mozilla/5.0 (Macintosh; Intel Mac OS X 10_11_6) AppleWebKit/603.2.5 (KHTML, like Gecko) Version/10.1.1 Safari/603.2.5"
76.167.235.31 - - [13/Jul/2017:23:19:05 +0200] "GET /countdown/1500000000 HTTP/1.1" 200 4341 "-" "Mozilla/5.0 (Windows NT 10.0; Win64; x64) AppleWebKit/537.36 (KHTML, like Gecko) Chrome/59.0.3071.115 Safari/537.36"
47.53.21.245 - - [13/Jul/2017:23:19:05 +0200] "GET /countdown/1500000000 HTTP/1.1" 200 4341 "https://news.ycombinator.com/" "Mozilla/5.0 (Linux; Android 7.1.1; Nexus 9 Build/N4F26Q) AppleWebKit/537.36 (KHTML, like Gecko) Chrome/57.0.2987.132 Safari/537.36"
47.53.21.245 - - [13/Jul/2017:23:19:05 +0200] "GET /zzstyle.css?1491341099 HTTP/1.1" 200 1389 "http://timestamp.online/countdown/1500000000" "Mozilla/5.0 (Linux; Android 7.1.1; Nexus 9 Build/N4F26Q) AppleWebKit/537.36 (KHTML, like Gecko) Chrome/57.0.2987.132 Safari/537.36"
76.167.235.31 - - [13/Jul/2017:23:19:05 +0200] "GET /zzstyle.css?1491341099 HTTP/1.1" 200 1389 "http://timestamp.online/countdown/1500000000" "Mozilla/5.0 (Windows NT 10.0; Win64; x64) AppleWebKit/537.36 (KHTML, like Gecko) Chrome/59.0.3071.115 Safari/537.36"
47.53.21.245 - - [13/Jul/2017:23:19:05 +0200] "GET /timestamp.js?1491341099 HTTP/1.1" 200 2853 "http://timestamp.online/countdown/1500000000" "Mozilla/5.0 (Linux; Android 7.1.1; Nexus 9 Build/N4F26Q) AppleWebKit/537.36 (KHTML, like Gecko) Chrome/57.0.2987.132 Safari/537.36"
74.62.189.134 - - [13/Jul/2017:23:19:05 +0200] "GET /countdown/1500000000 HTTP/1.1" 200 4341 "-" "Mozilla/5.0 (Windows NT 6.1; Win64; x64) AppleWebKit/537.36 (KHTML, like Gecko) Chrome/59.0.3071.115 Safari/537.36"
76.167.235.31 - - [13/Jul/2017:23:19:05 +0200] "GET /timestamp.js?1491341099 HTTP/1.1" 200 2853 "http://timestamp.online/countdown/1500000000" "Mozilla/5.0 (Windows NT 10.0; Win64; x64) AppleWebKit/537.36 (KHTML, like Gecko) Chrome/59.0.3071.115 Safari/537.36"
74.62.189.134 - - [13/Jul/2017:23:19:05 +0200] "GET /zzstyle.css?1491341099 HTTP/1.1" 200 1389 "http://timestamp.online/countdown/1500000000" "Mozilla/5.0 (Windows NT 6.1; Win64; x64) AppleWebKit/537.36 (KHTML, like Gecko) Chrome/59.0.3071.115 Safari/537.36"
74.62.189.134 - - [13/Jul/2017:23:19:05 +0200] "GET /timestamp.js?1491341099 HTTP/1.1" 200 2853 "http://timestamp.online/countdown/1500000000" "Mozilla/5.0 (Windows NT 6.1; Win64; x64) AppleWebKit/537.36 (KHTML, like Gecko) Chrome/59.0.3071.115 Safari/537.36"
47.53.21.245 - - [13/Jul/2017:23:19:05 +0200] "GET /favicon.ico HTTP/1.1" 404 22529 "http://timestamp.online/countdown/1500000000" "Mozilla/5.0 (Linux; Android 7.1.1; Nexus 9 Build/N4F26Q) AppleWebKit/537.36 (KHTML, like Gecko) Chrome/57.0.2987.132 Safari/537.36"
54.78.143.104 - - [13/Jul/2017:23:19:05 +0200] "GET /countdown/1500000000 HTTP/1.1" 200 4341 "-" "-"
76.167.235.31 - - [13/Jul/2017:23:19:05 +0200] "GET /favicon.ico HTTP/1.1" 404 22529 "http://timestamp.online/countdown/1500000000" "Mozilla/5.0 (Windows NT 10.0; Win64; x64) AppleWebKit/537.36 (KHTML, like Gecko) Chrome/59.0.3071.115 Safari/537.36"
74.62.189.134 - - [13/Jul/2017:23:19:05 +0200] "GET /favicon.ico HTTP/1.1" 404 22529 "http://timestamp.online/countdown/1500000000" "Mozilla/5.0 (Windows NT 6.1; Win64; x64) AppleWebKit/537.36 (KHTML, like Gecko) Chrome/59.0.3071.115 Safari/537.36"
2a00:23c4:5984:6a00:fc3a:fc39:85ae:50b4 - - [13/Jul/2017:23:19:06 +0200] "HEAD /countdown/1500000000 HTTP/1.1" 200 - "http://jetsli.de/crawler" "Mozilla/5.0 (compatible; Jetslide; +http://jetsli.de/crawler)"
2a00:23c4:5984:6a00:fc3a:fc39:85ae:50b4 - - [13/Jul/2017:23:19:06 +0200] "GET /countdown/1500000000 HTTP/1.1" 200 4341 "-" "okhttp/3.3.0"
209.116.186.42 - - [13/Jul/2017:23:19:06 +0200] "GET /countdown/1500000000 HTTP/1.1" 200 4341 "-" "Mozilla/5.0 (Macintosh; Intel Mac OS X 10_12_4) AppleWebKit/537.36 (KHTML, like Gecko) Chrome/59.0.3071.115 Safari/537.36"
209.116.186.42 - - [13/Jul/2017:23:19:07 +0200] "GET /zzstyle.css?1491341099 HTTP/1.1" 200 1389 "http://timestamp.online/countdown/1500000000" "Mozilla/5.0 (Macintosh; Intel Mac OS X 10_12_4) AppleWebKit/537.36 (KHTML, like Gecko) Chrome/59.0.3071.115 Safari/537.36"
209.116.186.42 - - [13/Jul/2017:23:19:07 +0200] "GET /timestamp.js?1491341099 HTTP/1.1" 200 2853 "http://timestamp.online/countdown/1500000000" "Mozilla/5.0 (Macintosh; Intel Mac OS X 10_12_4) AppleWebKit/537.36 (KHTML, like Gecko) Chrome/59.0.3071.115 Safari/537.36"
209.116.186.42 - - [13/Jul/2017:23:19:07 +0200] "GET /favicon.ico HTTP/1.1" 404 22529 "http://timestamp.online/countdown/1500000000" "Mozilla/5.0 (Macintosh; Intel Mac OS X 10_12_4) AppleWebKit/537.36 (KHTML, like Gecko) Chrome/59.0.3071.115 Safari/537.36"
73.252.199.252 - - [13/Jul/2017:23:19:09 +0200] "GET /favicon.ico HTTP/1.1" 404 22356 "-" "Mozilla/5.0 (Macintosh; Intel Mac OS X 10_12_5) AppleWebKit/603.2.4 (KHTML, like Gecko) HipChat/732 (modern)"
2a02:908:4c5:f760:402b:319f:813d:537c - - [13/Jul/2017:23:19:09 +0200] "GET /countdown/1500000000 HTTP/1.1" 200 4341 "https://news.ycombinator.com/" "Mozilla/5.0 (Windows NT 10.0; Win64; x64) AppleWebKit/537.36 (KHTML, like Gecko) Chrome/59.0.3071.115 Safari/537.36"
