209.251.238.53 - - [13/Jul/2017:23:25:19 +0200] "GET /favicon.ico HTTP/1.1" 404 22529 "http://timestamp.online/countdown/1500000000" "Mozilla/5.0 (Macintosh; Intel Mac OS X 10_11_6) AppleWebKit/537.36 (KHTML, like Gecko) Chrome/59.0.3071.115 Safari/537.36"
2601:600:9c80:1618:488c:abc7:68b4:8182 - - [13/Jul/2017:23:25:19 +0200] "GET /favicon.ico HTTP/1.1" 404 22356 "-" "Mozilla/5.0 (iPhone; CPU iPhone OS 10_3_2 like Mac OS X) AppleWebKit/603.1.30 (KHTML, like Gecko) CriOS/59.0.3071.102 Mobile/14F89 Safari/602.1"
71.19.150.237 - - [13/Jul/2017:23:25:20 +0200] "GET /countdown/1500000000 HTTP/1.1" 200 4341 "-" "Go-http-client/1.1"
86.150.62.204 - - [13/Jul/2017:23:25:20 +0200] "GET /countdown/1500000000 HTTP/1.1" 200 4341 "https://news.ycombinator.com/" "Mozilla/5.0 (Windows NT 10.0; Win64; x64) AppleWebKit/537.36 (KHTML, like Gecko) Chrome/59.0.3071.115 Safari/537.36"
89.11.212.160 - - [13/Jul/2017:23:25:20 +0200] "GET /countdown/1500000000 HTTP/1.1" 200 4341 "https://news.ycombinator.com/" "Mozilla/5.0 (Android 6.0; Mobile; rv:54.0) Gecko/54.0 Firefox/54.0"
37.187.162.165 - - [13/Jul/2017:23:25:20 +0200] "GET /countdown/1500000000 HTTP/1.1" 200 4341 "-" "Mozilla/5.0 (compatible; PaperLiBot/2.1; http://support.paper.li/entries/20023257-what-is-paper-li)"
82.168.171.204 - - [13/Jul/2017:23:25:20 +0200] "GET /countdown/1500000000 HTTP/1.1" 200 4341 "-" "Mozilla/5.0 (iPhone; CPU iPhone OS 10_3_2 like Mac OS X) AppleWebKit/603.2.4 (KHTML, like Gecko) Version/10.0 Mobile/14F89 Safari/602.1"
24.62.6.171 - - [13/Jul/2017:23:25:20 +0200] "GET /countdown/1500000000 HTTP/1.1" 200 4341 "https://news.ycombinator.com/" "Mozilla/5.0 (Macintosh; Intel Mac OS X 10_12_5) AppleWebKit/537.36 (KHTML, like Gecko) Chrome/58.0.3029.110 Safari/537.36"
50.246.4.161 - - [13/Jul/2017:23:25:20 +0200] "GET /countdown/1500000000 HTTP/1.1" 200 4341 "https://news.ycombinator.com/" "Mozilla/5.0 (Windows NT 10.0; Win64; x64) AppleWebKit/537.36 (KHTML, like Gecko) Chrome/59.0.3071.115 Safari/537.36"
192.214.110.116 - - [13/Jul/2017:23:25:20 +0200] "GET /countdown/1500000000 HTTP/1.1" 200 4341 "http://timestamp.online/timestamp/1499981100" "Mozilla/5.0 (Windows NT 6.1; Win64; x64) AppleWebKit/537.36 (KHTML, like Gecko) Chrome/59.0.3071.115 Safari/537.36"
51.255.66.140 - - [13/Jul/2017:23:25:20 +0200] "GET /countdown/1500000000 HTTP/1.1" 200 4341 "-" "Mozilla/5.0 (compatible; AhrefsBot/5.2; +http://ahrefs.com/robot/)"
8.26.157.224 - - [13/Jul/2017:23:25:20 +0200] "GET /countdown/1500000000 HTTP/1.1" 200 4341 "https://news.ycombinator.com/" "Mozilla/5.0 (iPhone; CPU iPhone OS 10_3_2 like Mac OS X) AppleWebKit/603.2.4 (KHTML, like Gecko) Version/10.0 Mobile/14F89 Safari/602.1"
81.153.182.208 - - [13/Jul/2017:23:25:20 +0200] "GET /countdown/1500000000 HTTP/1.1" 200 4341 "https://news.ycombinator.com/" "Mozilla/5.0 (Windows NT 6.1; WOW64; rv:54.0) Gecko/20100101 Firefox/54.0"
91.156.14.68 - - [13/Jul/2017:23:25:20 +0200] "GET /zzstyle.css?1491341099 HTTP/1.1" 200 1389 "http://timestamp.online/countdown/1500000000" "Mozilla/5.0 (Windows NT 6.1; Win64; x64) AppleWebKit/537.36 (KHTML, like Gecko) Chrome/59.0.3071.115 Safari/537.36"
91.156.14.68 - - [13/Jul/2017:23:25:20 +0200] "GET /timestamp.js?1491341099 HTTP/1.1" 200 2853 "http://timestamp.online/countdown/1500000000" "Mozilla/5.0 (Windows NT 6.1; Win64; x64) AppleWebKit/537.36 (KHTML, like Gecko) Chrome/59.0.3071.115 Safari/537.36"
86.165.12.12 - - [13/Jul/2017:23:25:20 +0200] "GET /zzstyle.css?1491341099 HTTP/1.1" 200 1389 "http://timestamp.online/countdown/1500000000" "Mozilla/5.0 (Macintosh; Intel Mac OS X 10_12_5) AppleWebKit/537.36 (KHTML, like Gecko) Chrome/59.0.3071.115 Safari/537.36"
86.165.12.12 - - [13/Jul/2017:23:25:20 +0200] "GET /timestamp.js?1491341099 HTTP/1.1" 200 2853 "http://timestamp.online/countdown/1500000000" "Mozilla/5.0 (Macintosh; Intel Mac OS X 10_12_5) AppleWebKit/537.36 (KHTML, like Gecko) Chrome/59.0.3071.115 Safari/537.36"
8.26.157.224 - - [13/Jul/2017:23:25:20 +0200] "GET /countdown/1500000000 HTTP/1.1" 200 4341 "https://news.ycombinator.com/" "Mozilla/5.0 (iPhone; CPU iPhone OS 10_3_2 like Mac OS X) AppleWebKit/603.2.4 (KHTML, like Gecko) Version/10.0 Mobile/14F89 Safari/602.1"
13.64.194.123 - - [13/Jul/2017:23:25:20 +0200] "GET /countdown/1500000000 HTTP/1.1" 200 4341 "-" "Goose/1.0.25"
50.246.4.161 - - [13/Jul/2017:23:25:20 +0200] "GET /countdown/1500000000 HTTP/1.1" 200 4341 "https://news.ycombinator.com/" "Mozilla/5.0 (Windows NT 10.0; Win64; x64) AppleWebKit/537.36 (KHTML, like Gecko) Chrome/59.0.3071.115 Safari/537.36"
81.102.128.111 - - [13/Jul/2017:23:25:20 +0200] "GET /countdown/1500000000 HTTP/1.1" 200 4341 "-" "Mozilla/5.0 (iPhone; CPU iPhone OS 10_3_2 like Mac OS X) AppleWebKit/603.2.4 (KHTML, like Gecko) Mobile/14F89"
198.20.221.5 - - [13/Jul/2017:23:25:20 +0200] "GET /countdown/1500000000 HTTP/1.1" 200 4341 "-" "Mozilla/5.0 (Windows NT 6.1; WOW64; rv:54.0) Gecko/20100101 Firefox/54.0"
86.150.62.204 - - [13/Jul/2017:23:25:20 +0200] "GET /zzstyle.css?1491341099 HTTP/1.1" 200 1389 "http://timestamp.online/countdown/1500000000" "Mozilla/5.0 (Windows NT 10.0; Win64; x64) AppleWebKit/537.36 (KHTML, like Gecko) Chrome/59.0.3071.115 Safari/537.36"
86.150.62.204 - - [13/Jul/2017:23:25:21 +0200] "GET /timestamp.js?1491341099 HTTP/1.1" 200 2853 "http://timestamp.online/countdown/1500000000" "Mozilla/5.0 (Windows NT 10.0; Win64; x64) AppleWebKit/537.36 (KHTML, like Gecko) Chrome/59.0.3071.115 Safari/537.36"
24.62.6.171 - - [13/Jul/2017:23:25:21 +0200] "GET /zzstyle.css?1491341099 HTTP/1.1" 200 1389 "http://timestamp.online/countdown/1500000000" "Mozilla/5.0 (Macintosh; Intel Mac OS X 10_12_5) AppleWebKit/537.36 (KHTML, like Gecko) Chrome/58.0.3029.110 Safari/537.36"
24.62.6.171 - - [13/Jul/2017:23:25:21 +0200] "GET /timestamp.js?1491341099 HTTP/1.1" 200 2853 "http://timestamp.online/countdown/1500000000" "Mozilla/5.0 (Macintosh; Intel Mac OS X 10_12_5) AppleWebKit/537.36 (KHTML, like Gecko) Chrome/58.0.3029.110 Safari/537.36"
82.168.171.204 - - [13/Jul/2017:23:25:21 +0200] "GET /zzstyle.css?1491341099 HTTP/1.1" 200 1389 "http://timestamp.online/countdown/1500000000" "Mozilla/5.0 (iPhone; CPU iPhone OS 10_3_2 like Mac OS X) AppleWebKit/603.2.4 (KHTML, like Gecko) Version/10.0 Mobile/14F89 Safari/602.1"
54.245.172.161 - - [13/Jul/2017:23:25:21 +0200] "GET /countdown/1500000000 HTTP/1.1" 200 4341 "-" "Mozilla/5.0"
66.249.88.30 - - [13/Jul/2017:23:25:21 +0200] "GET /zzstyle.css?1491341099 HTTP/1.1" 200 1389 "http://timestamp.online/countdown/1500000000" "Mozilla/5.0 (Windows NT 10.0; Win64; x64) AppleWebKit/537.36 (KHTML, like Gecko) Chrome/59.0.3071.115 Safari/537.36"
82.168.171.204 - - [13/Jul/2017:23:25:21 +0200] "GET /timestamp.js?1491341099 HTTP/1.1" 200 2853 "http://timestamp.online/countdown/1500000000" "Mozilla/5.0 (iPhone; CPU iPhone OS 10_3_2 like Mac OS X) AppleWebKit/603.2.4 (KHTML, like Gecko) Version/10.0 Mobile/14F89 Safari/602.1"
89.11.212.160 - - [13/Jul/2017:23:25:21 +0200] "GET /zzstyle.css?1491341099 HTTP/1.1" 200 1389 "http://timestamp.online/countdown/1500000000" "Mozilla/5.0 (Android 6.0; Mobile; rv:54.0) Gecko/54.0 Firefox/54.0"
81.153.182.208 - - [13/Jul/2017:23:25:21 +0200] "GET /zzstyle.css?1491341099 HTTP/1.1" 200 1389 "http://timestamp.online/countdown/1500000000" "Mozilla/5.0 (Windows NT 6.1; WOW64; rv:54.0) Gecko/20100101 Firefox/54.0"
86.150.62.204 - - [13/Jul/2017:23:25:21 +0200] "GET /favicon.ico HTTP/1.1" 404 22529 "http://timestamp.online/countdown/1500000000" "Mozilla/5.0 (Windows NT 10.0; Win64; x64) AppleWebKit/537.36 (KHTML, like Gecko) Chrome/59.0.3071.115 Safari/537.36"
81.153.182.208 - - [13/Jul/2017:23:25:21 +0200] "GET /timestamp.js?1491341099 HTTP/1.1" 200 2853 "http://timestamp.online/countdown/1500000000" "Mozilla/5.0 (Windows NT 6.1; WOW64; rv:54.0) Gecko/20100101 Firefox/54.0"
8.26.157.224 - - [13/Jul/2017:23:25:21 +0200] "GET /zzstyle.css?1491341099 HTTP/1.1" 200 1389 "http://timestamp.online/countdown/1500000000" "Mozilla/5.0 (iPhone; CPU iPhone OS 10_3_2 like Mac OS X) AppleWebKit/603.2.4 (KHTML, like Gecko) Version/10.0 Mobile/14F89 Safari/602.1"
189.3.202.131 - - [13/Jul/2017:23:25:21 +0200] "GET /favicon.ico HTTP/1.1" 404 22529 "http://timestamp.online/countdown/1500000000" "Mozilla/5.0 (Macintosh; Intel Mac OS X 10_12_4) AppleWebKit/537.36 (KHTML, like Gecko) Chrome/59.0.3071.115 Safari/537.36"
89.11.212.160 - - [13/Jul/2017:23:25:21 +0200] "GET /timestamp.js?1491341099 HTTP/1.1" 200 2853 "http://timestamp.online/countdown/1500000000" "Mozilla/5.0 (Android 6.0; Mobile; rv:54.0) Gecko/54.0 Firefox/54.0"
66.249.88.3 - - [13/Jul/2017:23:25:21 +0200] "GET /timestamp.js?1491341099 HTTP/1.1" 200 2853 "http://timestamp.online/countdown/1500000000" "Mozilla/5.0 (Windows NT 10.0; Win64; x64) AppleWebKit/537.36 (KHTML, like Gecko) Chrome/59.0.3071.115 Safari/537.36"
86.165.12.12 - - [13/Jul/2017:23:25:21 +0200] "GET /favicon.ico HTTP/1.1" 404 22529 "http://timestamp.online/countdown/1500000000" "Mozilla/5.0 (Macintosh; Intel Mac OS X 10_12_5) AppleWebKit/537.36 (KHTML, like Gecko) Chrome/59.0.3071.115 Safari/537.36"
91.156.14.68 - - [13/Jul/2017:23:25:21 +0200] "GET /favicon.ico HTTP/1.1" 404 22529 "http://timestamp.online/countdown/1500000000" "Mozilla/5.0 (Windows NT 6.1; Win64; x64) AppleWebKit/537.36 (KHTML, like Gecko) Chrome/59.0.3071.115 Safari/537.36"
8.26.157.224 - - [13/Jul/2017:23:25:21 +0200] "GET /timestamp.js?1491341099 HTTP/1.1" 200 2853 "http://timestamp.online/countdown/1500000000" "Mozilla/5.0 (iPhone; CPU iPhone OS 10_3_2 like Mac OS X) AppleWebKit/603.2.4 (KHTML, like Gecko) Version/10.0 Mobile/14F89 Safari/602.1"
24.62.6.171 - - [13/Jul/2017:23:25:21 +0200] "GET /favicon.ico HTTP/1.1" 404 22529 "http://timestamp.online/countdown/1500000000" "Mozilla/5.0 (Macintosh; Intel Mac OS X 10_12_5) AppleWebKit/537.36 (KHTML, like Gecko) Chrome/58.0.3029.110 Safari/537.36"
50.246.4.161 - - [13/Jul/2017:23:25:21 +0200] "GET /favicon.ico HTTP/1.1" 404 22529 "http://timestamp.online/countdown/1500000000" "Mozilla/5.0 (Windows NT 10.0; Win64; x64) AppleWebKit/537.36 (KHTML, like Gecko) Chrome/59.0.3071.115 Safari/537.36"
81.153.182.208 - - [13/Jul/2017:23:25:21 +0200] "GET /favicon.ico HTTP/1.1" 404 22356 "-" "Mozilla/5.0 (Windows NT 6.1; WOW64; rv:54.0) Gecko/20100101 Firefox/54.0"
89.11.212.160 - - [13/Jul/2017:23:25:21 +0200] "GET /favicon.ico HTTP/1.1" 404 22356 "-" "Mozilla/5.0 (Android 6.0; Mobile; rv:54.0.1) Gecko/54.0.1 Firefox/54.0.1"
208.115.90.243 - - [13/Jul/2017:23:25:21 +0200] "GET /countdown/1500000000 HTTP/1.1" 200 4341 "-" "Mozilla/5.0 (Android 7.1.2; Mobile; rv:54.0) Gecko/54.0 Firefox/54.0"
199.255.255.190 - - [13/Jul/2017:23:25:21 +0200] "GET /countdown/1500000000 HTTP/1.1" 200 4341 "https://news.ycombinator.com/" "Mozilla/5.0 (Windows NT 10.0; Win64; x64) AppleWebKit/537.36 (KHTML, like Gecko) Chrome/59.0.3071.115 Safari/537.36"
38.104.129.82 - - [13/Jul/2017:23:25:21 +0200] "GET /countdown/1500000000 HTTP/1.1" 200 4341 "-" "Mozilla/5.0 (Macintosh; Intel Mac OS X 10_12_5) AppleWebKit/537.36 (KHTML, like Gecko) Chrome/59.0.3071.115 Safari/537.36"
81.153.182.208 - - [13/Jul/2017:23:25:22 +0200] "GET /favicon.ico HTTP/1.1" 404 22356 "-" "Mozilla/5.0 (Windows NT 6.1; WOW64; rv:54.0) Gecko/20100101 Firefox/54.0"
199.255.255.190 - - [13/Jul/2017:23:25:22 +0200] "GET /zzstyle.css?1491341099 HTTP/1.1" 200 1389 "http://timestamp.online/countdown/1500000000" "Mozilla/5.0 (Windows NT 10.0; Win64; x64) AppleWebKit/537.36 (KHTML, like Gecko) Chrome/59.0.3071.115 Safari/537.36"
38.104.129.82 - - [13/Jul/2017:23:25:22 +0200] "GET /zzstyle.css?1491341099 HTTP/1.1" 200 1389 "http://timestamp.online/countdown/1500000000" "Mozilla/5.0 (Macintosh; Intel Mac OS X 10_12_5) AppleWebKit/537.36 (KHTML, like Gecko) Chrome/59.0.3071.115 Safari/537.36"
38.104.129.82 - - [13/Jul/2017:23:25:22 +0200] "GET /timestamp.js?1491341099 HTTP/1.1" 200 2853 "http://timestamp.online/countdown/1500000000" "Mozilla/5.0 (Macintosh; Intel Mac OS X 10_12_5) AppleWebKit/537.36 (KHTML, like Gecko) Chrome/59.0.3071.115 Safari/537.36"
208.115.90.243 - - [13/Jul/2017:23:25:22 +0200] "GET /zzstyle.css?1491341099 HTTP/1.1" 200 1389 "http://timestamp.online/countdown/1500000000" "Mozilla/5.0 (Android 7.1.2; Mobile; rv:54.0) Gecko/54.0 Firefox/54.0"
199.255.255.190 - - [13/Jul/2017:23:25:22 +0200] "GET /timestamp.js?1491341099 HTTP/1.1" 200 2853 "http://timestamp.online/countdown/1500000000" "Mozilla/5.0 (Windows NT 10.0; Win64; x64) AppleWebKit/537.36 (KHTML, like Gecko) Chrome/59.0.3071.115 Safari/537.36"
208.115.90.243 - - [13/Jul/2017:23:25:22 +0200] "GET /timestamp.js?1491341099 HTTP/1.1" 200 2853 "http://timestamp.online/countdown/1500000000" "Mozilla/5.0 (Android 7.1.2; Mobile; rv:54.0) Gecko/54.0 Firefox/54.0"
199.255.255.190 - - [13/Jul/2017:23:25:22 +0200] "GET /favicon.ico HTTP/1.1" 404 22529 "http://timestamp.online/countdown/1500000000" "Mozilla/5.0 (Windows NT 10.0; Win64; x64) AppleWebKit/537.36 (KHTML, like Gecko) Chrome/59.0.3071.115 Safari/537.36"
209.116.186.42 - - [13/Jul/2017:23:25:22 +0200] "GET /countdown/1500000000 HTTP/1.1" 200 4341 "-" "Mozilla/5.0 (Macintosh; Intel Mac OS X 10_12_2) AppleWebKit/537.36 (KHTML, like Gecko) Chrome/59.0.3071.115 Safari/537.36"
38.104.129.82 - - [13/Jul/2017:23:25:22 +0200] "GET /favicon.ico HTTP/1.1" 404 22529 "http://timestamp.online/countdown/1500000000" "Mozilla/5.0 (Macintosh; Intel Mac OS X 10_12_5) AppleWebKit/537.36 (KHTML, like Gecko) Chrome/59.0.3071.115 Safari/537.36"
208.115.90.243 - - [13/Jul/2017:23:25:23 +0200] "GET /favicon.ico HTTP/1.1" 404 22356 "-" "Mozilla/5.0 (Android 7.1.2; Mobile; rv:54.0.1) Gecko/54.0.1 Firefox/54.0.1"
86.165.12.12 - - [13/Jul/2017:23:25:23 +0200] "GET /countdown/1500000000 HTTP/1.1" 200 4341 "https://news.ycombinator.com/" "Mozilla/5.0 (Macintosh; Intel Mac OS X 10_12_5) AppleWebKit/537.36 (KHTML, like Gecko) Chrome/59.0.3071.115 Safari/537.36"
166.216.165.47 - - [13/Jul/2017:23:25:23 +0200] "GET /countdown/1500000000 HTTP/1.1" 200 4341 "https://news.ycombinator.com/" "Mozilla/5.0 (Linux; Android 7.1.2; Nexus 6P Build/N2G48B) AppleWebKit/537.36 (KHTML, like Gecko) Chrome/59.0.3071.125 Mobile Safari/537.36"
73.71.102.181 - - [13/Jul/2017:23:25:23 +0200] "GET /countdown/1500000000 HTTP/1.1" 200 4341 "https://news.ycombinator.com/" "Mozilla/5.0 (Macintosh; Intel Mac OS X 10_12_5) AppleWebKit/537.36 (KHTML, like Gecko) Chrome/59.0.3071.115 Safari/537.36"
86.165.12.12 - - [13/Jul/2017:23:25:23 +0200] "GET /favicon.ico HTTP/1.1" 404 22529 "http://timestamp.online/countdown/1500000000" "Mozilla/5.0 (Macintosh; Intel Mac OS X 10_12_5) AppleWebKit/537.36 (KHTML, like Gecko) Chrome/59.0.3071.115 Safari/537.36"
166.216.165.47 - - [13/Jul/2017:23:25:23 +0200] "GET /zzstyle.css?1491341099 HTTP/1.1" 200 1389 "http://timestamp.online/countdown/1500000000" "Mozilla/5.0 (Linux; Android 7.1.2; Nexus 6P Build/N2G48B) AppleWebKit/537.36 (KHTML, like Gecko) Chrome/59.0.3071.125 Mobile Safari/537.36"
166.216.165.47 - - [13/Jul/2017:23:25:23 +0200] "GET /timestamp.js?1491341099 HTTP/1.1" 200 2853 "http://timestamp.online/countdown/1500000000" "Mozilla/5.0 (Linux; Android 7.1.2; Nexus 6P Build/N2G48B) AppleWebKit/537.36 (KHTML, like Gecko) Chrome/59.0.3071.125 Mobile Safari/537.36"
73.71.102.181 - - [13/Jul/2017:23:25:23 +0200] "GET /zzstyle.css?1491341099 HTTP/1.1" 200 1389 "http://timestamp.online/countdown/1500000000" "Mozilla/5.0 (Macintosh; Intel Mac OS X 10_12_5) AppleWebKit/537.36 (KHTML, like Gecko) Chrome/59.0.3071.115 Safari/537.36"
73.71.102.181 - - [13/Jul/2017:23:25:23 +0200] "GET /timestamp.js?1491341099 HTTP/1.1" 200 2853 "http://timestamp.online/countdown/1500000000" "Mozilla/5.0 (Macintosh; Intel Mac OS X 10_12_5) AppleWebKit/537.36 (KHTML, like Gecko) Chrome/59.0.3071.115 Safari/537.36"
62.140.137.151 - - [13/Jul/2017:23:25:23 +0200] "GET /countdown/1500000000 HTTP/1.1" 200 4341 "https://news.ycombinator.com/" "Mozilla/5.0 (iPhone; CPU iPhone OS 10_3_2 like Mac OS X) AppleWebKit/603.2.4 (KHTML, like Gecko) Version/10.0 Mobile/14F89 Safari/602.1"
62.140.137.151 - - [13/Jul/2017:23:25:23 +0200] "GET /timestamp.js?1491341099 HTTP/1.1" 200 2853 "http://timestamp.online/countdown/1500000000" "Mozilla/5.0 (iPhone; CPU iPhone OS 10_3_2 like Mac OS X) AppleWebKit/603.2.4 (KHTML, like Gecko) Version/10.0 Mobile/14F89 Safari/602.1"
62.140.137.151 - - [13/Jul/2017:23:25:24 +0200] "GET /zzstyle.css?1491341099 HTTP/1.1" 200 1389 "http://timestamp.online/countdown/1500000000" "Mozilla/5.0 (iPhone; CPU iPhone OS 10_3_2 like Mac OS X) AppleWebKit/603.2.4 (KHTML, like Gecko) Version/10.0 Mobile/14F89 Safari/602.1"
73.71.102.181 - - [13/Jul/2017:23:25:24 +0200] "GET /favicon.ico HTTP/1.1" 404 22529 "http://timestamp.online/countdown/1500000000" "Mozilla/5.0 (Macintosh; Intel Mac OS X 10_12_5) AppleWebKit/537.36 (KHTML, like Gecko) Chrome/59.0.3071.115 Safari/537.36"
166.216.165.47 - - [13/Jul/2017:23:25:24 +0200] "GET /favicon.ico HTTP/1.1" 404 22529 "http://timestamp.online/countdown/1500000000" "Mozilla/5.0 (Linux; Android 7.1.2; Nexus 6P Build/N2G48B) AppleWebKit/537.36 (KHTML, like Gecko) Chrome/59.0.3071.125 Mobile Safari/537.36"
70.121.118.87 - - [13/Jul/2017:23:25:24 +0200] "GET /countdown/1500000000 HTTP/1.1" 200 4341 "https://news.ycombinator.com/" "Mozilla/5.0 (Windows NT 10.0; WOW64; rv:54.0) Gecko/20100101 Firefox/54.0"
70.121.118.87 - - [13/Jul/2017:23:25:25 +0200] "GET /zzstyle.css?1491341099 HTTP/1.1" 200 1389 "http://timestamp.online/countdown/1500000000" "Mozilla/5.0 (Windows NT 10.0; WOW64; rv:54.0) Gecko/20100101 Firefox/54.0"
70.121.118.87 - - [13/Jul/2017:23:25:25 +0200] "GET /timestamp.js?1491341099 HTTP/1.1" 200 2853 "http://timestamp.online/countdown/1500000000" "Mozilla/5.0 (Windows NT 10.0; WOW64; rv:54.0) Gecko/20100101 Firefox/54.0"
94.23.0.163 - - [13/Jul/2017:23:25:25 +0200] "GET /countdown/1500000000 HTTP/1.1" 200 4341 "-" "Mozilla/5.0 (Macintosh; Intel Mac OS X 10_6_7) AppleWebKit/534.30 (KHTML, like Gecko) Chrome/12.0.742.91 Safari/534.30"
70.121.118.87 - - [13/Jul/2017:23:25:25 +0200] "GET /favicon.ico HTTP/1.1" 404 22356 "-" "Mozilla/5.0 (Windows NT 10.0; WOW64; rv:54.0) Gecko/20100101 Firefox/54.0"
64.183.83.146 - - [13/Jul/2017:23:25:27 +0200] "GET /countdown/1500000000 HTTP/1.1" 200 4341 "-" "Mozilla/5.0 (X11; Linux x86_64) AppleWebKit/537.36 (KHTML, like Gecko) Chrome/59.0.3071.115 Safari/537.36"
71.239.73.106 - - [13/Jul/2017:23:25:27 +0200] "GET /zzstyle.css?1491341099 HTTP/1.1" 200 1389 "http://timestamp.online/" "Mozilla/5.0 (X11; Linux x86_64; rv:54.0) Gecko/20100101 Firefox/54.0"
64.183.83.146 - - [13/Jul/2017:23:25:27 +0200] "GET /zzstyle.css?1491341099 HTTP/1.1" 200 1389 "http://timestamp.online/countdown/1500000000" "Mozilla/5.0 (X11; Linux x86_64) AppleWebKit/537.36 (KHTML, like Gecko) Chrome/59.0.3071.115 Safari/537.36"
64.183.83.146 - - [13/Jul/2017:23:25:27 +0200] "GET /timestamp.js?1491341099 HTTP/1.1" 200 2853 "http://timestamp.online/countdown/1500000000" "Mozilla/5.0 (X11; Linux x86_64) AppleWebKit/537.36 (KHTML, like Gecko) Chrome/59.0.3071.115 Safari/537.36"
158.58.172.55 - - [13/Jul/2017:23:25:27 +0200] "GET /countdown/1500000000 HTTP/1.1" 200 4341 "https://news.ycombinator.com/" "Mozilla/5.0 (iPad; CPU OS 10_3_2 like Mac OS X) AppleWebKit/602.1.50 (KHTML, like Gecko) CriOS/58.0.3029.113 Mobile/14F89 Safari/602.1"
64.60.245.142 - - [13/Jul/2017:23:25:27 +0200] "GET /favicon.ico HTTP/1.1" 404 22529 "http://timestamp.online/countdown/1500000000" "Mozilla/5.0 (Macintosh; Intel Mac OS X 10_12_5) AppleWebKit/537.36 (KHTML, like Gecko) Chrome/59.0.3071.115 Safari/537.36"
158.58.172.55 - - [13/Jul/2017:23:25:27 +0200] "GET /zzstyle.css?1491341099 HTTP/1.1" 200 1389 "http://timestamp.online/countdown/1500000000" "Mozilla/5.0 (iPad; CPU OS 10_3_2 like Mac OS X) AppleWebKit/602.1.50 (KHTML, like Gecko) CriOS/58.0.3029.113 Mobile/14F89 Safari/602.1"
158.58.172.55 - - [13/Jul/2017:23:25:27 +0200] "GET /timestamp.js?1491341099 HTTP/1.1" 200 2853 "http://timestamp.online/countdown/1500000000" "Mozilla/5.0 (iPad; CPU OS 10_3_2 like Mac OS X) AppleWebKit/602.1.50 (KHTML, like Gecko) CriOS/58.0.3029.113 Mobile/14F89 Safari/602.1"
64.183.83.146 - - [13/Jul/2017:23:25:27 +0200] "GET /favicon.ico HTTP/1.1" 404 22529 "http://timestamp.online/countdown/1500000000" "Mozilla/5.0 (X11; Linux x86_64) AppleWebKit/537.36 (KHTML, like Gecko) Chrome/59.0.3071.115 Safari/537.36"
81.106.81.101 - - [13/Jul/2017:23:25:27 +0200] "GET /countdown/1500000000 HTTP/1.1" 200 4341 "https://news.ycombinator.com/" "Mozilla/5.0 (iPhone; CPU iPhone OS 10_3_2 like Mac OS X) AppleWebKit/603.1.30 (KHTML, like Gecko) CriOS/59.0.3071.102 Mobile/14F89 Safari/602.1"
115.189.92.38 - - [13/Jul/2017:23:25:27 +0200] "GET /countdown/1500000000 HTTP/1.1" 200 4341 "-" "Mozilla/5.0 (Linux; Android 7.0; SM-G935F Build/NRD90M; wv) AppleWebKit/537.36 (KHTML, like Gecko) Version/4.0 Chrome/59.0.3071.125 Mobile Safari/537.36"
81.106.81.101 - - [13/Jul/2017:23:25:27 +0200] "GET /zzstyle.css?1491341099 HTTP/1.1" 200 1389 "http://timestamp.online/countdown/1500000000" "Mozilla/5.0 (iPhone; CPU iPhone OS 10_3_2 like Mac OS X) AppleWebKit/603.1.30 (KHTML, like Gecko) CriOS/59.0.3071.102 Mobile/14F89 Safari/602.1"
81.106.81.101 - - [13/Jul/2017:23:25:27 +0200] "GET /timestamp.js?1491341099 HTTP/1.1" 200 2853 "http://timestamp.online/countdown/1500000000" "Mozilla/5.0 (iPhone; CPU iPhone OS 10_3_2 like Mac OS X) AppleWebKit/603.1.30 (KHTML, like Gecko) CriOS/59.0.3071.102 Mobile/14F89 Safari/602.1"
71.239.73.106 - - [13/Jul/2017:23:25:27 +0200] "GET /timestamp.js?1491341099 HTTP/1.1" 200 2853 "http://timestamp.online/" "Mozilla/5.0 (X11; Linux x86_64; rv:54.0) Gecko/20100101 Firefox/54.0"
2001:67c:2d50:0:6267:20ff:fe20:b3d4 - - [13/Jul/2017:23:25:28 +0200] "GET / HTTP/1.1" 200 8619 "-" "Mozilla/5.0 (X11; Linux x86_64; rv:52.0) Gecko/20100101 Firefox/52.0"
24.111.3.146 - - [13/Jul/2017:23:25:28 +0200] "GET /countdown/1500000000 HTTP/1.1" 200 4341 "-" "Mozilla/5.0 (Windows NT 10.0; Win64; x64; rv:55.0) Gecko/20100101 Firefox/55.0"
38.109.203.254 - - [13/Jul/2017:23:25:28 +0200] "GET /favicon.ico HTTP/1.1" 404 22356 "-" "Mozilla/5.0 (Macintosh; Intel Mac OS X 10_12_5) AppleWebKit/603.2.4 (KHTML, like Gecko) HipChat/732 (modern)"
81.106.81.101 - - [13/Jul/2017:23:25:28 +0200] "GET /favicon.ico HTTP/1.1" 404 22356 "-" "Mozilla/5.0 (iPhone; CPU iPhone OS 10_3_2 like Mac OS X) AppleWebKit/603.1.30 (KHTML, like Gecko) CriOS/59.0.3071.102 Mobile/14F89 Safari/602.1"
115.189.92.38 - - [13/Jul/2017:23:25:28 +0200] "GET /zzstyle.css?1491341099 HTTP/1.1" 200 1389 "http://timestamp.online/countdown/1500000000" "Mozilla/5.0 (Linux; Android 7.0; SM-G935F Build/NRD90M; wv) AppleWebKit/537.36 (KHTML, like Gecko) Version/4.0 Chrome/59.0.3071.125 Mobile Safari/537.36"
115.189.92.38 - - [13/Jul/2017:23:25:28 +0200] "GET /timestamp.js?1491341099 HTTP/1.1" 200 2853 "http://timestamp.online/countdown/1500000000" "Mozilla/5.0 (Linux; Android 7.0; SM-G935F Build/NRD90M; wv) AppleWebKit/537.36 (KHTML, like Gecko) Version/4.0 Chrome/59.0.3071.125 Mobile Safari/537.36"
24.111.3.146 - - [13/Jul/2017:23:25:28 +0200] "GET /zzstyle.css?1491341099 HTTP/1.1" 200 1389 "http://timestamp.online/countdown/1500000000" "Mozilla/5.0 (Windows NT 10.0; Win64; x64; rv:55.0) Gecko/20100101 Firefox/55.0"
158.58.172.55 - - [13/Jul/2017:23:25:28 +0200] "GET /favicon.ico HTTP/1.1" 404 22356 "-" "Mozilla/5.0 (iPad; CPU OS 10_3_2 like Mac OS X) AppleWebKit/602.1.50 (KHTML, like Gecko) CriOS/58.0.3029.113 Mobile/14F89 Safari/602.1"
24.111.3.146 - - [13/Jul/2017:23:25:28 +0200] "GET /timestamp.js?1491341099 HTTP/1.1" 200 2853 "http://timestamp.online/countdown/1500000000" "Mozilla/5.0 (Windows NT 10.0; Win64; x64; rv:55.0) Gecko/20100101 Firefox/55.0"
24.111.3.146 - - [13/Jul/2017:23:25:28 +0200] "GET /favicon.ico HTTP/1.1" 404 22356 "-" "Mozilla/5.0 (Windows NT 10.0; Win64; x64; rv:55.0) Gecko/20100101 Firefox/55.0"
24.111.3.146 - - [13/Jul/2017:23:25:28 +0200] "GET /favicon.ico HTTP/1.1" 404 22356 "-" "Mozilla/5.0 (Windows NT 10.0; Win64; x64; rv:55.0) Gecko/20100101 Firefox/55.0"
115.189.92.38 - - [13/Jul/2017:23:25:29 +0200] "GET /favicon.ico HTTP/1.1" 404 22529 "http://timestamp.online/countdown/1500000000" "Mozilla/5.0 (Linux; Android 7.0; SM-G935F Build/NRD90M; wv) AppleWebKit/537.36 (KHTML, like Gecko) Version/4.0 Chrome/59.0.3071.125 Mobile Safari/537.36"
198.20.222.4 - - [13/Jul/2017:23:25:30 +0200] "GET /countdown/1500000000 HTTP/1.1" 200 4341 "-" "Mozilla/5.0 (Windows NT 10.0; Win64; x64) AppleWebKit/537.36 (KHTML, like Gecko) Chrome/59.0.3071.115 Safari/537.36"
65.116.245.226 - - [13/Jul/2017:23:25:30 +0200] "GET /countdown/1500000000 HTTP/1.1" 200 4341 "https://news.ycombinator.com/" "Mozilla/5.0 (Windows NT 10.0; Win64; x64) AppleWebKit/537.36 (KHTML, like Gecko) Chrome/59.0.3071.115 Safari/537.36"
198.20.222.4 - - [13/Jul/2017:23:25:30 +0200] "GET /zzstyle.css?1491341099 HTTP/1.1" 200 1389 "http://timestamp.online/countdown/1500000000" "Mozilla/5.0 (Windows NT 10.0; Win64; x64) AppleWebKit/537.36 (KHTML, like Gecko) Chrome/59.0.3071.115 Safari/537.36"
65.116.245.226 - - [13/Jul/2017:23:25:30 +0200] "GET /zzstyle.css?1491341099 HTTP/1.1" 200 1389 "http://timestamp.online/countdown/1500000000" "Mozilla/5.0 (Windows NT 10.0; Win64; x64) AppleWebKit/537.36 (KHTML, like Gecko) Chrome/59.0.3071.115 Safari/537.36"
198.27.82.109 - - [13/Jul/2017:23:25:30 +0200] "GET /countdown/1500000000 HTTP/1.1" 200 4341 "http://timestamp.online/countdown/1500000000" "LivelapBot/0.2 (http://site.livelap.com/crawler)"
65.116.245.226 - - [13/Jul/2017:23:25:30 +0200] "GET /timestamp.js?1491341099 HTTP/1.1" 200 2853 "http://timestamp.online/countdown/1500000000" "Mozilla/5.0 (Windows NT 10.0; Win64; x64) AppleWebKit/537.36 (KHTML, like Gecko) Chrome/59.0.3071.115 Safari/537.36"
198.20.222.4 - - [13/Jul/2017:23:25:30 +0200] "GET /timestamp.js?1491341099 HTTP/1.1" 200 2853 "http://timestamp.online/countdown/1500000000" "Mozilla/5.0 (Windows NT 10.0; Win64; x64) AppleWebKit/537.36 (KHTML, like Gecko) Chrome/59.0.3071.115 Safari/537.36"
65.116.245.226 - - [13/Jul/2017:23:25:30 +0200] "GET /favicon.ico HTTP/1.1" 404 22529 "http://timestamp.online/countdown/1500000000" "Mozilla/5.0 (Windows NT 10.0; Win64; x64) AppleWebKit/537.36 (KHTML, like Gecko) Chrome/59.0.3071.115 Safari/537.36"
198.20.222.4 - - [13/Jul/2017:23:25:30 +0200] "GET /favicon.ico HTTP/1.1" 404 22529 "http://timestamp.online/countdown/1500000000" "Mozilla/5.0 (Windows NT 10.0; Win64; x64) AppleWebKit/537.36 (KHTML, like Gecko) Chrome/59.0.3071.115 Safari/537.36"
66.195.40.226 - - [13/Jul/2017:23:25:31 +0200] "GET /countdown/1500000000 HTTP/1.1" 200 4341 "https://news.ycombinator.com/" "Mozilla/5.0 (Windows NT 6.3; WOW64) AppleWebKit/537.36 (KHTML, like Gecko) Chrome/57.0.2987.110 Safari/537.36"
38.104.129.82 - - [13/Jul/2017:23:25:31 +0200] "GET /countdown/1500000000 HTTP/1.1" 200 4341 "-" "Mozilla/5.0 (Macintosh; Intel Mac OS X 10_12_6) AppleWebKit/537.36 (KHTML, like Gecko) Chrome/59.0.3071.115 Safari/537.36"
209.116.186.42 - - [13/Jul/2017:23:25:31 +0200] "GET /favicon.ico HTTP/1.1" 404 22356 "-" "Mozilla/5.0 (Macintosh; Intel Mac OS X 10_12_5) AppleWebKit/603.2.4 (KHTML, like Gecko) HipChat/732 (modern)"
38.104.129.82 - - [13/Jul/2017:23:25:32 +0200] "GET /zzstyle.css?1491341099 HTTP/1.1" 200 1389 "http://timestamp.online/countdown/1500000000" "Mozilla/5.0 (Macintosh; Intel Mac OS X 10_12_6) AppleWebKit/537.36 (KHTML, like Gecko) Chrome/59.0.3071.115 Safari/537.36"
46.177.158.147 - - [13/Jul/2017:23:25:32 +0200] "GET /countdown/1500000000 HTTP/1.1" 200 4341 "https://news.ycombinator.com/" "Mozilla/5.0 (iPad; CPU OS 10_3_2 like Mac OS X) AppleWebKit/603.2.4 (KHTML, like Gecko) Version/10.0 Mobile/14F89 Safari/602.1"
54.242.174.93 - - [13/Jul/2017:23:25:32 +0200] "HEAD /countdown/1500000000 HTTP/1.1" 200 - "-" "Faraday v0.10.0"
46.177.158.147 - - [13/Jul/2017:23:25:32 +0200] "GET /zzstyle.css?1491341099 HTTP/1.1" 200 1389 "http://timestamp.online/countdown/1500000000" "Mozilla/5.0 (iPad; CPU OS 10_3_2 like Mac OS X) AppleWebKit/603.2.4 (KHTML, like Gecko) Version/10.0 Mobile/14F89 Safari/602.1"
38.104.129.82 - - [13/Jul/2017:23:25:32 +0200] "GET /timestamp.js?1491341099 HTTP/1.1" 200 2853 "http://timestamp.online/countdown/1500000000" "Mozilla/5.0 (Macintosh; Intel Mac OS X 10_12_6) AppleWebKit/537.36 (KHTML, like Gecko) Chrome/59.0.3071.115 Safari/537.36"
46.177.158.147 - - [13/Jul/2017:23:25:32 +0200] "GET /timestamp.js?1491341099 HTTP/1.1" 200 2853 "http://timestamp.online/countdown/1500000000" "Mozilla/5.0 (iPad; CPU OS 10_3_2 like Mac OS X) AppleWebKit/603.2.4 (KHTML, like Gecko) Version/10.0 Mobile/14F89 Safari/602.1"
71.239.73.106 - - [13/Jul/2017:23:25:32 +0200] "GET /favicon.ico HTTP/1.1" 404 22489 "http://timestamp.online/" "Mozilla/5.0 (X11; Linux x86_64; rv:54.0) Gecko/20100101 Firefox/54.0"
66.195.40.226 - - [13/Jul/2017:23:25:32 +0200] "GET /zzstyle.css?1491341099 HTTP/1.1" 200 1389 "http://timestamp.online/countdown/1500000000" "Mozilla/5.0 (Windows NT 6.3; WOW64) AppleWebKit/537.36 (KHTML, like Gecko) Chrome/57.0.2987.110 Safari/537.36"
38.104.129.82 - - [13/Jul/2017:23:25:32 +0200] "GET /favicon.ico HTTP/1.1" 404 22529 "http://timestamp.online/countdown/1500000000" "Mozilla/5.0 (Macintosh; Intel Mac OS X 10_12_6) AppleWebKit/537.36 (KHTML, like Gecko) Chrome/59.0.3071.115 Safari/537.36"
66.195.40.226 - - [13/Jul/2017:23:25:32 +0200] "GET /timestamp.js?1491341099 HTTP/1.1" 200 2853 "http://timestamp.online/countdown/1500000000" "Mozilla/5.0 (Windows NT 6.3; WOW64) AppleWebKit/537.36 (KHTML, like Gecko) Chrome/57.0.2987.110 Safari/537.36"
66.195.40.226 - - [13/Jul/2017:23:25:33 +0200] "GET /favicon.ico HTTP/1.1" 404 22529 "http://timestamp.online/countdown/1500000000" "Mozilla/5.0 (Windows NT 6.3; WOW64) AppleWebKit/537.36 (KHTML, like Gecko) Chrome/57.0.2987.110 Safari/537.36"
173.68.135.13 - - [13/Jul/2017:23:25:33 +0200] "GET /countdown/1500000000 HTTP/1.1" 200 4341 "https://news.ycombinator.com/" "Mozilla/5.0 (Windows NT 10.0; WOW64; rv:54.0) Gecko/20100101 Firefox/54.0"
173.68.135.13 - - [13/Jul/2017:23:25:33 +0200] "GET /zzstyle.css?1491341099 HTTP/1.1" 200 1389 "http://timestamp.online/countdown/1500000000" "Mozilla/5.0 (Windows NT 10.0; WOW64; rv:54.0) Gecko/20100101 Firefox/54.0"
173.68.135.13 - - [13/Jul/2017:23:25:33 +0200] "GET /timestamp.js?1491341099 HTTP/1.1" 200 2853 "http://timestamp.online/countdown/1500000000" "Mozilla/5.0 (Windows NT 10.0; WOW64; rv:54.0) Gecko/20100101 Firefox/54.0"
173.68.135.13 - - [13/Jul/2017:23:25:33 +0200] "GET /favicon.ico HTTP/1.1" 404 22356 "-" "Mozilla/5.0 (Windows NT 10.0; WOW64; rv:54.0) Gecko/20100101 Firefox/54.0"
70.90.161.78 - - [13/Jul/2017:23:25:33 +0200] "GET /countdown/1500000000 HTTP/1.1" 200 4341 "https://news.ycombinator.com/" "Mozilla/5.0 (Macintosh; Intel Mac OS X 10_12_5) AppleWebKit/537.36 (KHTML, like Gecko) Chrome/59.0.3071.115 Safari/537.36"
70.90.161.78 - - [13/Jul/2017:23:25:34 +0200] "GET /zzstyle.css?1491341099 HTTP/1.1" 200 1389 "http://timestamp.online/countdown/1500000000" "Mozilla/5.0 (Macintosh; Intel Mac OS X 10_12_5) AppleWebKit/537.36 (KHTML, like Gecko) Chrome/59.0.3071.115 Safari/537.36"
70.90.161.78 - - [13/Jul/2017:23:25:34 +0200] "GET /timestamp.js?1491341099 HTTP/1.1" 200 2853 "http://timestamp.online/countdown/1500000000" "Mozilla/5.0 (Macintosh; Intel Mac OS X 10_12_5) AppleWebKit/537.36 (KHTML, like Gecko) Chrome/59.0.3071.115 Safari/537.36"
70.90.161.78 - - [13/Jul/2017:23:25:34 +0200] "GET /favicon.ico HTTP/1.1" 404 22529 "http://timestamp.online/countdown/1500000000" "Mozilla/5.0 (Macintosh; Intel Mac OS X 10_12_5) AppleWebKit/537.36 (KHTML, like Gecko) Chrome/59.0.3071.115 Safari/537.36"
209.116.186.42 - - [13/Jul/2017:23:25:34 +0200] "GET /favicon.ico HTTP/1.1" 404 22356 "-" "Mozilla/5.0 (Macintosh; Intel Mac OS X 10_12_5) AppleWebKit/603.2.4 (KHTML, like Gecko) HipChat/732 (modern)"
75.65.53.197 - - [13/Jul/2017:23:25:35 +0200] "GET /countdown/1500000000 HTTP/1.1" 200 4341 "-" "Mozilla/5.0 (Macintosh; Intel Mac OS X 10_12_5) AppleWebKit/603.2.4 (KHTML, like Gecko) Version/10.1.1 Safari/603.2.4"
209.6.229.242 - - [13/Jul/2017:23:25:35 +0200] "GET /countdown/1500000000 HTTP/1.1" 200 4341 "-" "Mozilla/5.0 (Macintosh; Intel Mac OS X 10_12_5) AppleWebKit/603.2.4 (KHTML, like Gecko) Version/10.1.1 Safari/603.2.4"
209.6.229.242 - - [13/Jul/2017:23:25:35 +0200] "GET /zzstyle.css?1491341099 HTTP/1.1" 200 1389 "http://timestamp.online/countdown/1500000000" "Mozilla/5.0 (Macintosh; Intel Mac OS X 10_12_5) AppleWebKit/603.2.4 (KHTML, like Gecko) Version/10.1.1 Safari/603.2.4"
75.65.53.197 - - [13/Jul/2017:23:25:35 +0200] "GET /zzstyle.css?1491341099 HTTP/1.1" 200 1389 "http://timestamp.online/countdown/1500000000" "Mozilla/5.0 (Macintosh; Intel Mac OS X 10_12_5) AppleWebKit/603.2.4 (KHTML, like Gecko) Version/10.1.1 Safari/603.2.4"
209.6.229.242 - - [13/Jul/2017:23:25:35 +0200] "GET /timestamp.js?1491341099 HTTP/1.1" 200 2853 "http://timestamp.online/countdown/1500000000" "Mozilla/5.0 (Macintosh; Intel Mac OS X 10_12_5) AppleWebKit/603.2.4 (KHTML, like Gecko) Version/10.1.1 Safari/603.2.4"
75.65.53.197 - - [13/Jul/2017:23:25:35 +0200] "GET /timestamp.js?1491341099 HTTP/1.1" 200 2853 "http://timestamp.online/countdown/1500000000" "Mozilla/5.0 (Macintosh; Intel Mac OS X 10_12_5) AppleWebKit/603.2.4 (KHTML, like Gecko) Version/10.1.1 Safari/603.2.4"
209.6.229.242 - - [13/Jul/2017:23:25:36 +0200] "GET /favicon.ico HTTP/1.1" 404 22529 "http://timestamp.online/countdown/1500000000" "Mozilla/5.0 (Macintosh; Intel Mac OS X 10_12_5) AppleWebKit/603.2.4 (KHTML, like Gecko) Version/10.1.1 Safari/603.2.4"
75.65.53.197 - - [13/Jul/2017:23:25:36 +0200] "GET /favicon.ico HTTP/1.1" 404 22529 "http://timestamp.online/countdown/1500000000" "Mozilla/5.0 (Macintosh; Intel Mac OS X 10_12_5) AppleWebKit/603.2.4 (KHTML, like Gecko) Version/10.1.1 Safari/603.2.4"
71.239.73.106 - - [13/Jul/2017:23:25:36 +0200] "GET /favicon.ico HTTP/1.1" 404 22489 "http://timestamp.online/" "Mozilla/5.0 (X11; Linux x86_64; rv:54.0) Gecko/20100101 Firefox/54.0"
204.54.36.245 - - [13/Jul/2017:23:25:36 +0200] "GET /countdown/1500000000 HTTP/1.1" 200 4341 "https://news.ycombinator.com/" "Mozilla/5.0 (Windows NT 10.0; Win64; x64) AppleWebKit/537.36 (KHTML, like Gecko) Chrome/59.0.3071.115 Safari/537.36"
176.85.18.34 - - [13/Jul/2017:23:25:36 +0200] "GET /countdown/1500000000 HTTP/1.1" 200 4341 "-" "Mozilla/5.0 (X11; Linux x86_64) AppleWebKit/537.36 (KHTML, like Gecko) Ubuntu Chromium/59.0.3071.109 Chrome/59.0.3071.109 Safari/537.36"
204.54.36.245 - - [13/Jul/2017:23:25:36 +0200] "GET /timestamp.js?1491341099 HTTP/1.1" 200 2853 "-" "Mozilla/4.0 (compatible;)"
204.54.36.245 - - [13/Jul/2017:23:25:36 +0200] "GET /zzstyle.css?1491341099 HTTP/1.1" 200 1389 "-" "Mozilla/4.0 (compatible;)"
68.189.118.6 - - [13/Jul/2017:23:25:37 +0200] "GET /countdown/1500000000 HTTP/1.1" 200 4341 "https://news.ycombinator.com/" "Mozilla/5.0 (Windows NT 6.1; Win64; x64) AppleWebKit/537.36 (KHTML, like Gecko) Chrome/59.0.3071.115 Safari/537.36"
68.189.118.6 - - [13/Jul/2017:23:25:37 +0200] "GET /zzstyle.css?1491341099 HTTP/1.1" 200 1389 "http://timestamp.online/countdown/1500000000" "Mozilla/5.0 (Windows NT 6.1; Win64; x64) AppleWebKit/537.36 (KHTML, like Gecko) Chrome/59.0.3071.115 Safari/537.36"
2600:c0e:3002:120:cc3b:7637:be3e:61c9 - - [13/Jul/2017:23:25:37 +0200] "GET /countdown/1500000000 HTTP/1.1" 200 4341 "https://news.ycombinator.com/" "Mozilla/5.0 (Macintosh; Intel Mac OS X 10_12_5) AppleWebKit/537.36 (KHTML, like Gecko) Chrome/59.0.3071.115 Safari/537.36"
2600:c0e:3002:120:cc3b:7637:be3e:61c9 - - [13/Jul/2017:23:25:37 +0200] "GET /zzstyle.css?1491341099 HTTP/1.1" 200 1389 "http://timestamp.online/countdown/1500000000" "Mozilla/5.0 (Macintosh; Intel Mac OS X 10_12_5) AppleWebKit/537.36 (KHTML, like Gecko) Chrome/59.0.3071.115 Safari/537.36"
68.189.118.6 - - [13/Jul/2017:23:25:38 +0200] "GET /timestamp.js?1491341099 HTTP/1.1" 200 2853 "http://timestamp.online/countdown/1500000000" "Mozilla/5.0 (Windows NT 6.1; Win64; x64) AppleWebKit/537.36 (KHTML, like Gecko) Chrome/59.0.3071.115 Safari/537.36"
2600:c0e:3002:120:cc3b:7637:be3e:61c9 - - [13/Jul/2017:23:25:38 +0200] "GET /timestamp.js?1491341099 HTTP/1.1" 200 2853 "http://timestamp.online/countdown/1500000000" "Mozilla/5.0 (Macintosh; Intel Mac OS X 10_12_5) AppleWebKit/537.36 (KHTML, like Gecko) Chrome/59.0.3071.115 Safari/537.36"
2600:c0e:3002:120:cc3b:7637:be3e:61c9 - - [13/Jul/2017:23:25:38 +0200] "GET /favicon.ico HTTP/1.1" 404 22529 "http://timestamp.online/countdown/1500000000" "Mozilla/5.0 (Macintosh; Intel Mac OS X 10_12_5) AppleWebKit/537.36 (KHTML, like Gecko) Chrome/59.0.3071.115 Safari/537.36"
204.54.36.245 - - [13/Jul/2017:23:25:39 +0200] "GET /favicon.ico HTTP/1.1" 404 22529 "http://timestamp.online/countdown/1500000000" "Mozilla/5.0 (Windows NT 10.0; Win64; x64) AppleWebKit/537.36 (KHTML, like Gecko) Chrome/59.0.3071.115 Safari/537.36"
8.40.92.161 - - [13/Jul/2017:23:25:39 +0200] "GET /countdown/1500000000 HTTP/1.1" 200 4341 "https://news.ycombinator.com/" "Mozilla/5.0 (Macintosh; Intel Mac OS X 10_11_0) AppleWebKit/537.36 (KHTML, like Gecko) Chrome/59.0.3071.115 Safari/537.36"
24.20.210.35 - - [13/Jul/2017:23:25:39 +0200] "GET /countdown/1500000000 HTTP/1.1" 200 4341 "-" "Mozilla/5.0 (Macintosh; Intel Mac OS X 10_11_6) AppleWebKit/537.36 (KHTML, like Gecko) Chrome/59.0.3071.115 Safari/537.36"
93.103.13.122 - - [13/Jul/2017:23:25:39 +0200] "GET /countdown/1500000000 HTTP/1.1" 200 4341 "https://news.ycombinator.com/" "Mozilla/5.0 (Windows NT 10.0; Win64; x64) AppleWebKit/537.36 (KHTML, like Gecko) Chrome/59.0.3071.115 Safari/537.36"
187.144.50.161 - - [13/Jul/2017:23:25:39 +0200] "GET /countdown/1500000000 HTTP/1.1" 200 4341 "https://news.ycombinator.com/" "Mozilla/5.0 (Macintosh; Intel Mac OS X 10_12_5) AppleWebKit/537.36 (KHTML, like Gecko) Chrome/59.0.3071.115 Safari/537.36"
208.42.38.133 - - [13/Jul/2017:23:25:39 +0200] "GET /countdown/1500000000 HTTP/1.1" 200 4341 "https://news.ycombinator.com/" "Mozilla/5.0 (Windows NT 10.0; Win64; x64) AppleWebKit/537.36 (KHTML, like Gecko) Chrome/59.0.3071.115 Safari/537.36"
68.189.118.6 - - [13/Jul/2017:23:25:39 +0200] "GET /favicon.ico HTTP/1.1" 404 22529 "http://timestamp.online/countdown/1500000000" "Mozilla/5.0 (Windows NT 6.1; Win64; x64) AppleWebKit/537.36 (KHTML, like Gecko) Chrome/59.0.3071.115 Safari/537.36"
209.116.186.42 - - [13/Jul/2017:23:25:39 +0200] "GET /favicon.ico HTTP/1.1" 404 22356 "-" "Mozilla/5.0 (Macintosh; Intel Mac OS X 10_12_5) AppleWebKit/603.2.4 (KHTML, like Gecko) HipChat/732 (modern)"
93.103.13.122 - - [13/Jul/2017:23:25:39 +0200] "GET /zzstyle.css?1491341099 HTTP/1.1" 200 1389 "http://timestamp.online/countdown/1500000000" "Mozilla/5.0 (Windows NT 10.0; Win64; x64) AppleWebKit/537.36 (KHTML, like Gecko) Chrome/59.0.3071.115 Safari/537.36"
93.103.13.122 - - [13/Jul/2017:23:25:39 +0200] "GET /timestamp.js?1491341099 HTTP/1.1" 200 2853 "http://timestamp.online/countdown/1500000000" "Mozilla/5.0 (Windows NT 10.0; Win64; x64) AppleWebKit/537.36 (KHTML, like Gecko) Chrome/59.0.3071.115 Safari/537.36"
8.40.92.161 - - [13/Jul/2017:23:25:39 +0200] "GET /zzstyle.css?1491341099 HTTP/1.1" 200 1389 "http://timestamp.online/countdown/1500000000" "Mozilla/5.0 (Macintosh; Intel Mac OS X 10_11_0) AppleWebKit/537.36 (KHTML, like Gecko) Chrome/59.0.3071.115 Safari/537.36"
176.85.18.34 - - [13/Jul/2017:23:25:39 +0200] "GET /countdown/1500000000 HTTP/1.1" 200 4341 "-" "WhatsApp/2.17.223 A"
8.40.92.161 - - [13/Jul/2017:23:25:39 +0200] "GET /timestamp.js?1491341099 HTTP/1.1" 200 2853 "http://timestamp.online/countdown/1500000000" "Mozilla/5.0 (Macintosh; Intel Mac OS X 10_11_0) AppleWebKit/537.36 (KHTML, like Gecko) Chrome/59.0.3071.115 Safari/537.36"
187.144.50.161 - - [13/Jul/2017:23:25:39 +0200] "GET /zzstyle.css?1491341099 HTTP/1.1" 200 1389 "http://timestamp.online/countdown/1500000000" "Mozilla/5.0 (Macintosh; Intel Mac OS X 10_12_5) AppleWebKit/537.36 (KHTML, like Gecko) Chrome/59.0.3071.115 Safari/537.36"
24.80.198.146 - - [13/Jul/2017:23:25:39 +0200] "GET /countdown/1500000000 HTTP/1.1" 200 4341 "https://news.ycombinator.com/" "Mozilla/5.0 (Macintosh; Intel Mac OS X 10_12_5) AppleWebKit/537.36 (KHTML, like Gecko) Chrome/59.0.3071.115 Safari/537.36"
93.103.13.122 - - [13/Jul/2017:23:25:39 +0200] "GET /favicon.ico HTTP/1.1" 404 22529 "http://timestamp.online/countdown/1500000000" "Mozilla/5.0 (Windows NT 10.0; Win64; x64) AppleWebKit/537.36 (KHTML, like Gecko) Chrome/59.0.3071.115 Safari/537.36"
54.242.174.93 - - [13/Jul/2017:23:25:39 +0200] "GET /countdown/1500000000 HTTP/1.1" 200 4341 "-" "Mechanize/2.7.5 Ruby/2.3.0p0 (http://github.com/sparklemotion/mechanize/)"
24.20.210.35 - - [13/Jul/2017:23:25:39 +0200] "GET /zzstyle.css?1491341099 HTTP/1.1" 200 1389 "http://timestamp.online/countdown/1500000000" "Mozilla/5.0 (Macintosh; Intel Mac OS X 10_11_6) AppleWebKit/537.36 (KHTML, like Gecko) Chrome/59.0.3071.115 Safari/537.36"
8.40.92.161 - - [13/Jul/2017:23:25:39 +0200] "GET /favicon.ico HTTP/1.1" 404 22529 "http://timestamp.online/countdown/1500000000" "Mozilla/5.0 (Macintosh; Intel Mac OS X 10_11_0) AppleWebKit/537.36 (KHTML, like Gecko) Chrome/59.0.3071.115 Safari/537.36"
24.80.198.146 - - [13/Jul/2017:23:25:39 +0200] "GET /zzstyle.css?1491341099 HTTP/1.1" 200 1389 "http://timestamp.online/countdown/1500000000" "Mozilla/5.0 (Macintosh; Intel Mac OS X 10_12_5) AppleWebKit/537.36 (KHTML, like Gecko) Chrome/59.0.3071.115 Safari/537.36"
24.80.198.146 - - [13/Jul/2017:23:25:39 +0200] "GET /timestamp.js?1491341099 HTTP/1.1" 200 2853 "http://timestamp.online/countdown/1500000000" "Mozilla/5.0 (Macintosh; Intel Mac OS X 10_12_5) AppleWebKit/537.36 (KHTML, like Gecko) Chrome/59.0.3071.115 Safari/537.36"
187.144.50.161 - - [13/Jul/2017:23:25:39 +0200] "GET /timestamp.js?1491341099 HTTP/1.1" 200 2853 "http://timestamp.online/countdown/1500000000" "Mozilla/5.0 (Macintosh; Intel Mac OS X 10_12_5) AppleWebKit/537.36 (KHTML, like Gecko) Chrome/59.0.3071.115 Safari/537.36"
204.14.157.154 - - [13/Jul/2017:23:25:39 +0200] "GET /countdown/1500000000 HTTP/1.1" 200 4341 "-" "Mozilla/5.0 (Macintosh; Intel Mac OS X 10_12_4) AppleWebKit/537.36 (KHTML, like Gecko) Chrome/59.0.3071.115 Safari/537.36"
24.20.210.35 - - [13/Jul/2017:23:25:39 +0200] "GET /timestamp.js?1491341099 HTTP/1.1" 200 2853 "http://timestamp.online/countdown/1500000000" "Mozilla/5.0 (Macintosh; Intel Mac OS X 10_11_6) AppleWebKit/537.36 (KHTML, like Gecko) Chrome/59.0.3071.115 Safari/537.36"
204.14.157.154 - - [13/Jul/2017:23:25:39 +0200] "GET /zzstyle.css?1491341099 HTTP/1.1" 200 1389 "http://timestamp.online/countdown/1500000000" "Mozilla/5.0 (Macintosh; Intel Mac OS X 10_12_4) AppleWebKit/537.36 (KHTML, like Gecko) Chrome/59.0.3071.115 Safari/537.36"
204.14.157.154 - - [13/Jul/2017:23:25:39 +0200] "GET /timestamp.js?1491341099 HTTP/1.1" 200 2853 "http://timestamp.online/countdown/1500000000" "Mozilla/5.0 (Macintosh; Intel Mac OS X 10_12_4) AppleWebKit/537.36 (KHTML, like Gecko) Chrome/59.0.3071.115 Safari/537.36"
187.144.50.161 - - [13/Jul/2017:23:25:39 +0200] "GET /favicon.ico HTTP/1.1" 404 22529 "http://timestamp.online/countdown/1500000000" "Mozilla/5.0 (Macintosh; Intel Mac OS X 10_12_5) AppleWebKit/537.36 (KHTML, like Gecko) Chrome/59.0.3071.115 Safari/537.36"
24.80.198.146 - - [13/Jul/2017:23:25:39 +0200] "GET /favicon.ico HTTP/1.1" 404 22529 "http://timestamp.online/countdown/1500000000" "Mozilla/5.0 (Macintosh; Intel Mac OS X 10_12_5) AppleWebKit/537.36 (KHTML, like Gecko) Chrome/59.0.3071.115 Safari/537.36"
24.20.210.35 - - [13/Jul/2017:23:25:39 +0200] "GET /favicon.ico HTTP/1.1" 404 22529 "http://timestamp.online/countdown/1500000000" "Mozilla/5.0 (Macintosh; Intel Mac OS X 10_11_6) AppleWebKit/537.36 (KHTML, like Gecko) Chrome/59.0.3071.115 Safari/537.36"
208.42.38.133 - - [13/Jul/2017:23:25:39 +0200] "GET /zzstyle.css?1491341099 HTTP/1.1" 200 1389 "http://timestamp.online/countdown/1500000000" "Mozilla/5.0 (Windows NT 10.0; Win64; x64) AppleWebKit/537.36 (KHTML, like Gecko) Chrome/59.0.3071.115 Safari/537.36"
204.14.157.154 - - [13/Jul/2017:23:25:40 +0200] "GET /favicon.ico HTTP/1.1" 404 22529 "http://timestamp.online/countdown/1500000000" "Mozilla/5.0 (Macintosh; Intel Mac OS X 10_12_4) AppleWebKit/537.36 (KHTML, like Gecko) Chrome/59.0.3071.115 Safari/537.36"
208.42.38.133 - - [13/Jul/2017:23:25:40 +0200] "GET /timestamp.js?1491341099 HTTP/1.1" 200 2853 "http://timestamp.online/countdown/1500000000" "Mozilla/5.0 (Windows NT 10.0; Win64; x64) AppleWebKit/537.36 (KHTML, like Gecko) Chrome/59.0.3071.115 Safari/537.36"
208.42.38.133 - - [13/Jul/2017:23:25:40 +0200] "GET /favicon.ico HTTP/1.1" 404 22529 "http://timestamp.online/countdown/1500000000" "Mozilla/5.0 (Windows NT 10.0; Win64; x64) AppleWebKit/537.36 (KHTML, like Gecko) Chrome/59.0.3071.115 Safari/537.36"
51.254.138.151 - - [13/Jul/2017:23:25:40 +0200] "GET /countdown/1500000000 HTTP/1.1" 200 4341 "-" "Mozilla/5.0 (Linux; Android 7.1.2; MotoG3 Build/NJH47B; wv) AppleWebKit/537.36 (KHTML, like Gecko) Version/4.0 Chrome/59.0.3071.92 Mobile Safari/537.36"
51.254.138.151 - - [13/Jul/2017:23:25:40 +0200] "GET /zzstyle.css?1491341099 HTTP/1.1" 200 1389 "http://timestamp.online/countdown/1500000000" "Mozilla/5.0 (Linux; Android 7.1.2; MotoG3 Build/NJH47B; wv) AppleWebKit/537.36 (KHTML, like Gecko) Version/4.0 Chrome/59.0.3071.92 Mobile Safari/537.36"
51.254.138.151 - - [13/Jul/2017:23:25:40 +0200] "GET /timestamp.js?1491341099 HTTP/1.1" 200 2853 "http://timestamp.online/countdown/1500000000" "Mozilla/5.0 (Linux; Android 7.1.2; MotoG3 Build/NJH47B; wv) AppleWebKit/537.36 (KHTML, like Gecko) Version/4.0 Chrome/59.0.3071.92 Mobile Safari/537.36"
59.106.108.116 - - [13/Jul/2017:23:25:40 +0200] "HEAD /countdown/1500000000 HTTP/1.1" 200 - "-" "HatenaBookmark/0.03 (Hatena::Bookmark; master;) Furl/3.01"
128.30.52.96 - - [13/Jul/2017:23:25:41 +0200] "GET /countdown/1500000000 HTTP/1.1" 200 4341 "-" "W3C_Validator/1.3 http://validator.w3.org/services"
51.254.138.151 - - [13/Jul/2017:23:25:41 +0200] "GET /favicon.ico HTTP/1.1" 404 22529 "http://timestamp.online/countdown/1500000000" "Mozilla/5.0 (Linux; Android 7.1.2; MotoG3 Build/NJH47B; wv) AppleWebKit/537.36 (KHTML, like Gecko) Version/4.0 Chrome/59.0.3071.92 Mobile Safari/537.36"
204.14.157.154 - - [13/Jul/2017:23:25:41 +0200] "GET /countdown/1500000000 HTTP/1.1" 200 4341 "http://timestamp.online/countdown/1500000000" "Mozilla/5.0 (Macintosh; Intel Mac OS X 10_12_4) AppleWebKit/537.36 (KHTML, like Gecko) Chrome/59.0.3071.115 Safari/537.36"
4.35.83.6 - - [13/Jul/2017:23:25:41 +0200] "GET /countdown/1500000000 HTTP/1.1" 200 4341 "https://news.ycombinator.com" "Mozilla/5.0 (Macintosh; Intel Mac OS X 10_12_4) AppleWebKit/537.36 (KHTML, like Gecko) Chrome/59.0.3071.115 Safari/537.36"
4.35.83.6 - - [13/Jul/2017:23:25:41 +0200] "GET /zzstyle.css?1491341099 HTTP/1.1" 200 1389 "http://timestamp.online/countdown/1500000000" "Mozilla/5.0 (Macintosh; Intel Mac OS X 10_12_4) AppleWebKit/537.36 (KHTML, like Gecko) Chrome/59.0.3071.115 Safari/537.36"
4.35.83.6 - - [13/Jul/2017:23:25:41 +0200] "GET /timestamp.js?1491341099 HTTP/1.1" 200 2853 "http://timestamp.online/countdown/1500000000" "Mozilla/5.0 (Macintosh; Intel Mac OS X 10_12_4) AppleWebKit/537.36 (KHTML, like Gecko) Chrome/59.0.3071.115 Safari/537.36"
4.35.83.6 - - [13/Jul/2017:23:25:42 +0200] "GET /favicon.ico HTTP/1.1" 404 22529 "http://timestamp.online/countdown/1500000000" "Mozilla/5.0 (Macintosh; Intel Mac OS X 10_12_4) AppleWebKit/537.36 (KHTML, like Gecko) Chrome/59.0.3071.115 Safari/537.36"
2600:1000:b118:f45a:9f4b:c2e8:d8f3:c461 - - [13/Jul/2017:23:25:43 +0200] "GET /countdown/1500000000 HTTP/1.1" 200 4341 "android-app://com.Slack" "Mozilla/5.0 (Linux; Android 7.1.2; Pixel XL Build/NHG47O) AppleWebKit/537.36 (KHTML, like Gecko) Chrome/59.0.3071.125 Mobile Safari/537.36"
2600:1000:b118:f45a:9f4b:c2e8:d8f3:c461 - - [13/Jul/2017:23:25:43 +0200] "GET /zzstyle.css?1491341099 HTTP/1.1" 200 1389 "http://timestamp.online/countdown/1500000000" "Mozilla/5.0 (Linux; Android 7.1.2; Pixel XL Build/NHG47O) AppleWebKit/537.36 (KHTML, like Gecko) Chrome/59.0.3071.125 Mobile Safari/537.36"
2600:1000:b118:f45a:9f4b:c2e8:d8f3:c461 - - [13/Jul/2017:23:25:43 +0200] "GET /timestamp.js?1491341099 HTTP/1.1" 200 2853 "http://timestamp.online/countdown/1500000000" "Mozilla/5.0 (Linux; Android 7.1.2; Pixel XL Build/NHG47O) AppleWebKit/537.36 (KHTML, like Gecko) Chrome/59.0.3071.125 Mobile Safari/537.36"
63.249.94.104 - - [13/Jul/2017:23:25:44 +0200] "GET /countdown/1500000000 HTTP/1.1" 200 4341 "https://news.ycombinator.com/" "Mozilla/5.0 (Macintosh; Intel Mac OS X 10_12_5) AppleWebKit/537.36 (KHTML, like Gecko) Chrome/59.0.3071.115 Safari/537.36"
63.249.94.104 - - [13/Jul/2017:23:25:44 +0200] "GET /zzstyle.css?1491341099 HTTP/1.1" 200 1389 "http://timestamp.online/countdown/1500000000" "Mozilla/5.0 (Macintosh; Intel Mac OS X 10_12_5) AppleWebKit/537.36 (KHTML, like Gecko) Chrome/59.0.3071.115 Safari/537.36"
63.249.94.104 - - [13/Jul/2017:23:25:44 +0200] "GET /timestamp.js?1491341099 HTTP/1.1" 200 2853 "http://timestamp.online/countdown/1500000000" "Mozilla/5.0 (Macintosh; Intel Mac OS X 10_12_5) AppleWebKit/537.36 (KHTML, like Gecko) Chrome/59.0.3071.115 Safari/537.36"
2600:1000:b118:f45a:9f4b:c2e8:d8f3:c461 - - [13/Jul/2017:23:25:44 +0200] "GET /favicon.ico HTTP/1.1" 404 22529 "http://timestamp.online/countdown/1500000000" "Mozilla/5.0 (Linux; Android 7.1.2; Pixel XL Build/NHG47O) AppleWebKit/537.36 (KHTML, like Gecko) Chrome/59.0.3071.125 Mobile Safari/537.36"
63.249.94.104 - - [13/Jul/2017:23:25:44 +0200] "GET /favicon.ico HTTP/1.1" 404 22529 "http://timestamp.online/countdown/1500000000" "Mozilla/5.0 (Macintosh; Intel Mac OS X 10_12_5) AppleWebKit/537.36 (KHTML, like Gecko) Chrome/59.0.3071.115 Safari/537.36"
69.75.50.162 - - [13/Jul/2017:23:25:45 +0200] "HEAD /countdown/1500000000 HTTP/1.1" 200 - "http://jetsli.de/crawler" "Mozilla/5.0 (compatible; Jetslide; +http://jetsli.de/crawler)"
