121.98.117.67 - - [13/Jul/2017:23:18:02 +0200] "GET /timestamp.js?1491341099 HTTP/1.1" 200 2853 "http://timestamp.online/countdown/1500000000" "Mozilla/5.0 (Windows NT 6.1; WOW64; rv:53.0) Gecko/20100101 Firefox/53.0"
121.98.117.67 - - [13/Jul/2017:23:18:03 +0200] "GET /favicon.ico HTTP/1.1" 404 22356 "-" "Mozilla/5.0 (Windows NT 6.1; WOW64; rv:53.0) Gecko/20100101 Firefox/53.0"
137.74.194.39 - - [13/Jul/2017:23:18:03 +0200] "GET /countdown/1500000000 HTTP/1.1" 200 4341 "-" "-"
121.98.117.67 - - [13/Jul/2017:23:18:03 +0200] "GET /favicon.ico HTTP/1.1" 404 22356 "-" "Mozilla/5.0 (Windows NT 6.1; WOW64; rv:53.0) Gecko/20100101 Firefox/53.0"
64.46.167.78 - - [13/Jul/2017:23:18:04 +0200] "GET /countdown/1500000000 HTTP/1.1" 200 4341 "https://github.com/karussell/snacktory" "Mozilla/5.0 (compatible; Snacktory; +https://github.com/karussell/snacktory)"
2620:10d:c090:200::7:f99b - - [13/Jul/2017:23:18:04 +0200] "GET /countdown/1500000000 HTTP/1.1" 200 4341 "https://news.ycombinator.com/" "Mozilla/5.0 (Macintosh; Intel Mac OS X 10_12_5) AppleWebKit/537.36 (KHTML, like Gecko) Chrome/59.0.3071.115 Safari/537.36"
76.14.53.86 - - [13/Jul/2017:23:18:04 +0200] "GET /countdown/1500000000 HTTP/1.1" 200 4341 "https://news.ycombinator.com/" "Mozilla/5.0 (Android 7.0; Mobile; rv:54.0) Gecko/54.0 Firefox/54.0"
2620:10d:c090:200::7:f99b - - [13/Jul/2017:23:18:04 +0200] "GET /zzstyle.css?1491341099 HTTP/1.1" 200 1389 "http://timestamp.online/countdown/1500000000" "Mozilla/5.0 (Macintosh; Intel Mac OS X 10_12_5) AppleWebKit/537.36 (KHTML, like Gecko) Chrome/59.0.3071.115 Safari/537.36"
76.14.53.86 - - [13/Jul/2017:23:18:04 +0200] "GET /zzstyle.css?1491341099 HTTP/1.1" 200 1389 "http://timestamp.online/countdown/1500000000" "Mozilla/5.0 (Android 7.0; Mobile; rv:54.0) Gecko/54.0 Firefox/54.0"
2620:10d:c090:200::7:f99b - - [13/Jul/2017:23:18:04 +0200] "GET /timestamp.js?1491341099 HTTP/1.1" 200 2853 "http://timestamp.online/countdown/1500000000" "Mozilla/5.0 (Macintosh; Intel Mac OS X 10_12_5) AppleWebKit/537.36 (KHTML, like Gecko) Chrome/59.0.3071.115 Safari/537.36"
2620:10d:c090:200::7:f99b - - [13/Jul/2017:23:18:05 +0200] "GET /favicon.ico HTTP/1.1" 404 22529 "http://timestamp.online/countdown/1500000000" "Mozilla/5.0 (Macintosh; Intel Mac OS X 10_12_5) AppleWebKit/537.36 (KHTML, like Gecko) Chrome/59.0.3071.115 Safari/537.36"
76.14.53.86 - - [13/Jul/2017:23:18:05 +0200] "GET /timestamp.js?1491341099 HTTP/1.1" 200 2853 "http://timestamp.online/countdown/1500000000" "Mozilla/5.0 (Android 7.0; Mobile; rv:54.0) Gecko/54.0 Firefox/54.0"
69.165.255.217 - - [13/Jul/2017:23:18:05 +0200] "GET /countdown/1500000000 HTTP/1.1" 200 4341 "https://news.ycombinator.com/" "Mozilla/5.0 (Windows NT 10.0; Win64; x64) AppleWebKit/537.36 (KHTML, like Gecko) Chrome/59.0.3071.115 Safari/537.36"
2600:3c00::f03c:91ff:fe96:e3d3 - - [13/Jul/2017:23:18:05 +0200] "GET /countdown/1500000000 HTTP/1.1" 200 4341 "-" "Python-urllib/2.7"
54.183.228.79 - - [13/Jul/2017:23:18:05 +0200] "GET /countdown/1500000000 HTTP/1.1" 200 4341 "-" "Mozilla/5.0 (Windows; U; Windows NT 6.0; en-US; rv:1.9.2.3) Gecko/20100401 Firefox/3.6.3 (.NET CLR 3.5.30729)"
69.165.255.217 - - [13/Jul/2017:23:18:05 +0200] "GET /timestamp.js?1491341099 HTTP/1.1" 200 2853 "http://timestamp.online/countdown/1500000000" "Mozilla/5.0 (Windows NT 10.0; Win64; x64) AppleWebKit/537.36 (KHTML, like Gecko) Chrome/59.0.3071.115 Safari/537.36"
69.165.255.217 - - [13/Jul/2017:23:18:06 +0200] "GET /zzstyle.css?1491341099 HTTP/1.1" 200 1389 "http://timestamp.online/countdown/1500000000" "Mozilla/5.0 (Windows NT 10.0; Win64; x64) AppleWebKit/537.36 (KHTML, like Gecko) Chrome/59.0.3071.115 Safari/537.36"
72.201.209.182 - - [13/Jul/2017:23:18:12 +0200] "GET /countdown/1500000000 HTTP/1.1" 200 4341 "https://news.ycombinator.com/" "Mozilla/5.0 (X11; Linux x86_64) AppleWebKit/537.36 (KHTML, like Gecko) Chrome/59.0.3071.115 Safari/537.36"
76.14.53.86 - - [13/Jul/2017:23:18:12 +0200] "GET /favicon.ico HTTP/1.1" 404 22356 "-" "Mozilla/5.0 (Android 7.0; Mobile; rv:54.0.1) Gecko/54.0.1 Firefox/54.0.1"
81.97.24.197 - - [13/Jul/2017:23:18:12 +0200] "GET /countdown/1500000000 HTTP/1.1" 200 4341 "https://news.ycombinator.com/" "Mozilla/5.0 (Windows NT 10.0; Win64; x64) AppleWebKit/537.36 (KHTML, like Gecko) Chrome/59.0.3071.115 Safari/537.36"
69.165.255.217 - - [13/Jul/2017:23:18:12 +0200] "GET /favicon.ico HTTP/1.1" 404 22529 "http://timestamp.online/countdown/1500000000" "Mozilla/5.0 (Windows NT 10.0; Win64; x64) AppleWebKit/537.36 (KHTML, like Gecko) Chrome/59.0.3071.115 Safari/537.36"
34.209.112.251 - - [13/Jul/2017:23:18:12 +0200] "GET /countdown/1500000000 HTTP/1.1" 200 4341 "-" "Mozilla/5.0 (X11; U; Linux i686; en-GB; rv:1.9b5) Gecko/2008041514 Firefox/3.0b5"
76.220.26.19 - - [13/Jul/2017:23:18:12 +0200] "GET /countdown/1500000000 HTTP/1.1" 200 4341 "https://news.ycombinator.com/" "Mozilla/5.0 (Macintosh; Intel Mac OS X 10_10_5) AppleWebKit/537.36 (KHTML, like Gecko) Chrome/59.0.3071.115 Safari/537.36"
2601:401:c503:e17b:10ff:e20:42eb:2ca - - [13/Jul/2017:23:18:12 +0200] "GET /countdown/1500000000 HTTP/1.1" 200 4341 "https://news.ycombinator.com/" "Mozilla/5.0 (Windows NT 10.0; Win64; x64) AppleWebKit/537.36 (KHTML, like Gecko) Chrome/59.0.3071.115 Safari/537.36"
2601:401:c503:e17b:10ff:e20:42eb:2ca - - [13/Jul/2017:23:18:12 +0200] "GET /zzstyle.css?1491341099 HTTP/1.1" 200 1389 "http://timestamp.online/countdown/1500000000" "Mozilla/5.0 (Windows NT 10.0; Win64; x64) AppleWebKit/537.36 (KHTML, like Gecko) Chrome/59.0.3071.115 Safari/537.36"
2601:401:c503:e17b:10ff:e20:42eb:2ca - - [13/Jul/2017:23:18:12 +0200] "GET /timestamp.js?1491341099 HTTP/1.1" 200 2853 "http://timestamp.online/countdown/1500000000" "Mozilla/5.0 (Windows NT 10.0; Win64; x64) AppleWebKit/537.36 (KHTML, like Gecko) Chrome/59.0.3071.115 Safari/537.36"
2601:401:c503:e17b:10ff:e20:42eb:2ca - - [13/Jul/2017:23:18:12 +0200] "GET /favicon.ico HTTP/1.1" 404 22529 "http://timestamp.online/countdown/1500000000" "Mozilla/5.0 (Windows NT 10.0; Win64; x64) AppleWebKit/537.36 (KHTML, like Gecko) Chrome/59.0.3071.115 Safari/537.36"
66.232.82.18 - - [13/Jul/2017:23:18:18 +0200] "GET /countdown/1500000000 HTTP/1.1" 200 4341 "http://timestamp.online/countdown/1500000000" "Mozilla/5.0 (X11; Linux x86_64; rv:56.0) Gecko/20100101 Firefox/56.0"
91.11.235.32 - - [13/Jul/2017:23:18:18 +0200] "GET /countdown/1500000000 HTTP/1.1" 200 4341 "https://news.ycombinator.com/" "Mozilla/5.0 (iPhone; CPU iPhone OS 10_3_2 like Mac OS X) AppleWebKit/603.2.4 (KHTML, like Gecko) Version/10.0 Mobile/14F89 Safari/602.1"
2600:387:6:806::36 - - [13/Jul/2017:23:18:18 +0200] "GET /timestamp/1499980686 HTTP/1.1" 200 3665 "http://timestamp.online/countdown/1500000000" "Mozilla/5.0 (Linux; Android 6.0; HTC One_M8 Build/MRA58K; wv) AppleWebKit/537.36 (KHTML, like Gecko) Version/4.0 Chrome/59.0.3071.125 Mobile Safari/537.36"
91.48.194.227 - - [13/Jul/2017:23:18:25 +0200] "GET /countdown/1500000000 HTTP/1.1" 200 4341 "https://news.ycombinator.com" "Mozilla/5.0 (Macintosh; Intel Mac OS X 10.6; rv:45.0) Gecko/20100101 Firefox/45.0"
192.94.40.43 - - [13/Jul/2017:23:18:25 +0200] "GET /countdown/1500000000 HTTP/1.1" 200 4341 "https://news.ycombinator.com/" "Mozilla/5.0 (Macintosh; Intel Mac OS X 10_12_5) AppleWebKit/537.36 (KHTML, like Gecko) Chrome/58.0.3029.110 Safari/537.36"
81.97.24.197 - - [13/Jul/2017:23:18:25 +0200] "GET /zzstyle.css?1491341099 HTTP/1.1" 200 1389 "http://timestamp.online/countdown/1500000000" "Mozilla/5.0 (Windows NT 10.0; Win64; x64) AppleWebKit/537.36 (KHTML, like Gecko) Chrome/59.0.3071.115 Safari/537.36"
81.97.24.197 - - [13/Jul/2017:23:18:25 +0200] "GET /timestamp.js?1491341099 HTTP/1.1" 200 2853 "http://timestamp.online/countdown/1500000000" "Mozilla/5.0 (Windows NT 10.0; Win64; x64) AppleWebKit/537.36 (KHTML, like Gecko) Chrome/59.0.3071.115 Safari/537.36"
185.2.196.196 - - [13/Jul/2017:23:18:25 +0200] "GET /countdown/1500000000 HTTP/1.1" 200 4341 "-" "Mozilla/5.0 (Windows NT 6.1; WOW64; rv:54.0) Gecko/20100101 Firefox/54.0"
2601:645:4000:2439:f584:701a:b9d1:23be - - [13/Jul/2017:23:18:25 +0200] "GET /countdown/1500000000 HTTP/1.1" 200 4341 "https://news.ycombinator.com/" "Mozilla/5.0 (Macintosh; Intel Mac OS X 10_11_6) AppleWebKit/537.36 (KHTML, like Gecko) Chrome/59.0.3071.115 Safari/537.36"
2601:645:4000:2439:f584:701a:b9d1:23be - - [13/Jul/2017:23:18:26 +0200] "GET /zzstyle.css?1491341099 HTTP/1.1" 200 1389 "http://timestamp.online/countdown/1500000000" "Mozilla/5.0 (Macintosh; Intel Mac OS X 10_11_6) AppleWebKit/537.36 (KHTML, like Gecko) Chrome/59.0.3071.115 Safari/537.36"
2601:645:4000:2439:f584:701a:b9d1:23be - - [13/Jul/2017:23:18:26 +0200] "GET /timestamp.js?1491341099 HTTP/1.1" 200 2853 "http://timestamp.online/countdown/1500000000" "Mozilla/5.0 (Macintosh; Intel Mac OS X 10_11_6) AppleWebKit/537.36 (KHTML, like Gecko) Chrome/59.0.3071.115 Safari/537.36"
2601:645:4000:2439:f584:701a:b9d1:23be - - [13/Jul/2017:23:18:26 +0200] "GET /favicon.ico HTTP/1.1" 404 22529 "http://timestamp.online/countdown/1500000000" "Mozilla/5.0 (Macintosh; Intel Mac OS X 10_11_6) AppleWebKit/537.36 (KHTML, like Gecko) Chrome/59.0.3071.115 Safari/537.36"
72.201.209.182 - - [13/Jul/2017:23:18:27 +0200] "GET /timestamp.js?1491341099 HTTP/1.1" 200 2853 "http://timestamp.online/countdown/1500000000" "Mozilla/5.0 (X11; Linux x86_64) AppleWebKit/537.36 (KHTML, like Gecko) Chrome/59.0.3071.115 Safari/537.36"
72.201.209.182 - - [13/Jul/2017:23:18:27 +0200] "GET /zzstyle.css?1491341099 HTTP/1.1" 200 1389 "http://timestamp.online/countdown/1500000000" "Mozilla/5.0 (X11; Linux x86_64) AppleWebKit/537.36 (KHTML, like Gecko) Chrome/59.0.3071.115 Safari/537.36"
76.220.26.19 - - [13/Jul/2017:23:18:27 +0200] "GET /zzstyle.css?1491341099 HTTP/1.1" 200 1389 "http://timestamp.online/countdown/1500000000" "Mozilla/5.0 (Macintosh; Intel Mac OS X 10_10_5) AppleWebKit/537.36 (KHTML, like Gecko) Chrome/59.0.3071.115 Safari/537.36"
198.151.216.104 - - [13/Jul/2017:23:18:27 +0200] "GET /countdown/1500000000 HTTP/1.1" 200 4341 "http://hckrnews.com/" "Mozilla/5.0 (Macintosh; Intel Mac OS X 10_12_5) AppleWebKit/537.36 (KHTML, like Gecko) Chrome/59.0.3071.115 Safari/537.36"
76.220.26.19 - - [13/Jul/2017:23:18:27 +0200] "GET /timestamp.js?1491341099 HTTP/1.1" 200 2853 "http://timestamp.online/countdown/1500000000" "Mozilla/5.0 (Macintosh; Intel Mac OS X 10_10_5) AppleWebKit/537.36 (KHTML, like Gecko) Chrome/59.0.3071.115 Safari/537.36"
71.204.28.47 - - [13/Jul/2017:23:18:27 +0200] "GET /countdown/1500000000 HTTP/1.1" 200 4341 "https://news.ycombinator.com/" "Mozilla/5.0 (Windows NT 10.0; Win64; x64) AppleWebKit/537.36 (KHTML, like Gecko) Chrome/59.0.3071.115 Safari/537.36"
94.174.160.88 - - [13/Jul/2017:23:18:27 +0200] "GET /countdown/1500000000 HTTP/1.1" 200 4341 "https://news.ycombinator.com/" "Mozilla/5.0 (X11; Linux x86_64) AppleWebKit/537.36 (KHTML, like Gecko) Chrome/59.0.3071.115 Safari/537.36"
23.251.213.178 - - [13/Jul/2017:23:18:27 +0200] "GET /countdown/1500000000 HTTP/1.1" 200 4341 "https://news.ycombinator.com/" "Mozilla/5.0 (Windows NT 6.3; WOW64; rv:54.0) Gecko/20100101 Firefox/54.0"
2.38.33.27 - - [13/Jul/2017:23:18:27 +0200] "GET /countdown/1500000000 HTTP/1.1" 200 4341 "-" "Mozilla/5.0 (Macintosh; Intel Mac OS X 10_12_5) AppleWebKit/537.36 (KHTML, like Gecko) Chrome/59.0.3071.115 Safari/537.36"
107.77.92.53 - - [13/Jul/2017:23:18:27 +0200] "GET /countdown/1500000000 HTTP/1.1" 200 4341 "-" "Mozilla/5.0 (Macintosh; Intel Mac OS X 10_12_5) AppleWebKit/537.36 (KHTML, like Gecko) Chrome/59.0.3071.115 Safari/537.36"
108.6.22.2 - - [13/Jul/2017:23:18:27 +0200] "GET /countdown/1500000000 HTTP/1.1" 200 4341 "https://news.ycombinator.com/" "Mozilla/5.0 (Macintosh; Intel Mac OS X 10_12_5) AppleWebKit/537.36 (KHTML, like Gecko) Chrome/59.0.3071.115 Safari/537.36"
165.125.176.20 - - [13/Jul/2017:23:18:27 +0200] "GET /countdown/1500000000 HTTP/1.1" 200 4341 "https://news.ycombinator.com/" "Mozilla/5.0 (Windows NT 6.1; WOW64; rv:54.0) Gecko/20100101 Firefox/54.0"
127.0.0.1 - - [13/Jul/2017:23:18:27 +0200] "GET /countdown/1500000000 HTTP/1.1" 200 4341 "-" "Mozilla/5.0 (X11; Ubuntu; Linux x86_64; rv:54.0) Gecko/20100101 Firefox/54.0"
73.216.186.215 - - [13/Jul/2017:23:18:27 +0200] "GET /countdown/1500000000 HTTP/1.1" 200 4341 "http://timestamp.online/countdown/1500000000" "Mozilla/5.0 (iPhone; CPU iPhone OS 9_3_3 like Mac OS X) AppleWebKit/601.1.46 (KHTML, like Gecko) Version/9.0 Mobile/13G34 Safari/601.1"
97.91.98.64 - - [13/Jul/2017:23:18:27 +0200] "GET /countdown/1500000000 HTTP/1.1" 200 4341 "http://hckrnews.com/" "Mozilla/5.0 (Macintosh; Intel Mac OS X 10_12_5) AppleWebKit/537.36 (KHTML, like Gecko) Chrome/59.0.3071.115 Safari/537.36"
199.79.53.245 - - [13/Jul/2017:23:18:27 +0200] "GET /countdown/1500000000 HTTP/1.1" 200 4341 "https://news.ycombinator.com/" "Mozilla/5.0 (X11; Linux x86_64) AppleWebKit/537.36 (KHTML, like Gecko) Chrome/58.0.3029.81 Safari/537.36"
83.221.154.125 - - [13/Jul/2017:23:18:27 +0200] "GET /countdown/1500000000 HTTP/1.1" 200 4341 "-" "Mozilla/5.0 (iPhone; CPU iPhone OS 11_0 like Mac OS X) AppleWebKit/604.1.28 (KHTML, like Gecko) Version/11.0 Mobile/15A5318g Safari/604.1"
50.203.151.190 - - [13/Jul/2017:23:18:27 +0200] "GET /countdown/1500000000 HTTP/1.1" 200 4341 "https://news.ycombinator.com/" "Mozilla/5.0 (Windows NT 10.0; Win64; x64; rv:55.0) Gecko/20100101 Firefox/55.0"
107.77.92.53 - - [13/Jul/2017:23:18:27 +0200] "GET /countdown/1500000000 HTTP/1.1" 200 4341 "-" "Mozilla/5.0 (Macintosh; Intel Mac OS X 10_12_5) AppleWebKit/537.36 (KHTML, like Gecko) Chrome/59.0.3071.115 Safari/537.36"
185.157.160.20 - - [13/Jul/2017:23:18:27 +0200] "GET /countdown/1500000000 HTTP/1.1" 200 4341 "-" "Mozilla/5.0 (Linux; Android 7.1.2; Redmi Note 3 Build/NJH47B) AppleWebKit/537.36 (KHTML, like Gecko) Chrome/42.0.2311.154 Mobile Safari/537.36"
70.90.168.211 - - [13/Jul/2017:23:18:27 +0200] "GET /countdown/1500000000 HTTP/1.1" 200 4341 "https://news.ycombinator.com/" "Mozilla/5.0 (Macintosh; Intel Mac OS X 10_11_6) AppleWebKit/537.36 (KHTML, like Gecko) Chrome/59.0.3071.115 Safari/537.36"
91.11.235.32 - - [13/Jul/2017:23:18:27 +0200] "GET /zzstyle.css?1491341099 HTTP/1.1" 200 1389 "http://timestamp.online/countdown/1500000000" "Mozilla/5.0 (iPhone; CPU iPhone OS 10_3_2 like Mac OS X) AppleWebKit/603.2.4 (KHTML, like Gecko) Version/10.0 Mobile/14F89 Safari/602.1"
91.11.235.32 - - [13/Jul/2017:23:18:27 +0200] "GET /timestamp.js?1491341099 HTTP/1.1" 200 2853 "http://timestamp.online/countdown/1500000000" "Mozilla/5.0 (iPhone; CPU iPhone OS 10_3_2 like Mac OS X) AppleWebKit/603.2.4 (KHTML, like Gecko) Version/10.0 Mobile/14F89 Safari/602.1"
66.232.82.18 - - [13/Jul/2017:23:18:27 +0200] "GET /zzstyle.css?1491341099 HTTP/1.1" 200 1389 "http://timestamp.online/countdown/1500000000" "Mozilla/5.0 (X11; Linux x86_64; rv:56.0) Gecko/20100101 Firefox/56.0"
66.232.82.18 - - [13/Jul/2017:23:18:27 +0200] "GET /timestamp.js?1491341099 HTTP/1.1" 200 2853 "http://timestamp.online/countdown/1500000000" "Mozilla/5.0 (X11; Linux x86_64; rv:56.0) Gecko/20100101 Firefox/56.0"
31.50.32.68 - - [13/Jul/2017:23:18:28 +0200] "GET /example/python HTTP/1.1" 200 4380 "http://timestamp.online/example/javascript" "Mozilla/5.0 (Windows NT 10.0; Win64; x64) AppleWebKit/537.36 (KHTML, like Gecko) Chrome/60.0.3112.66 Safari/537.36"
2001:438:31:0:6c90:ca6:2e65:663f - - [13/Jul/2017:23:18:28 +0200] "GET /countdown/1500000000 HTTP/1.1" 200 4341 "https://news.ycombinator.com/" "Mozilla/5.0 (Macintosh; Intel Mac OS X 10_11_6) AppleWebKit/537.36 (KHTML, like Gecko) Chrome/59.0.3071.115 Safari/537.36"
192.247.0.1 - - [13/Jul/2017:23:18:28 +0200] "GET /example/javascript HTTP/1.1" 200 4384 "http://timestamp.online/countdown/1500000000" "Mozilla/5.0 (Macintosh; Intel Mac OS X 10_12_5) AppleWebKit/537.36 (KHTML, like Gecko) Chrome/61.0.3156.0 Safari/537.36"
31.50.32.68 - - [13/Jul/2017:23:18:28 +0200] "GET /example/javascript HTTP/1.1" 200 4384 "http://timestamp.online/example/javascript" "Mozilla/5.0 (Windows NT 10.0; Win64; x64) AppleWebKit/537.36 (KHTML, like Gecko) Chrome/60.0.3112.66 Safari/537.36"
66.232.82.18 - - [13/Jul/2017:23:18:28 +0200] "GET /countdown/1500000000 HTTP/1.1" 200 4341 "-" "Mozilla/5.0 (X11; Linux x86_64; rv:56.0) Gecko/20100101 Firefox/56.0"
98.109.30.136 - - [13/Jul/2017:23:18:28 +0200] "GET /countdown/1500000000 HTTP/1.1" 200 4341 "https://news.ycombinator.com/" "Mozilla/5.0 (Windows NT 10.0; Win64; x64) AppleWebKit/537.36 (KHTML, like Gecko) Chrome/59.0.3071.115 Safari/537.36"
86.148.197.52 - - [13/Jul/2017:23:18:28 +0200] "GET /countdown/1500000000 HTTP/1.1" 200 4341 "-" "Mozilla/5.0 (Linux; Android 5.0; SM-N9005 Build/LRX21V; wv) AppleWebKit/537.36 (KHTML, like Gecko) Version/4.0 Chrome/59.0.3071.125 Mobile Safari/537.36"
192.247.0.1 - - [13/Jul/2017:23:18:28 +0200] "GET /example/python HTTP/1.1" 200 4380 "http://timestamp.online/countdown/1500000000" "Mozilla/5.0 (Macintosh; Intel Mac OS X 10_12_5) AppleWebKit/537.36 (KHTML, like Gecko) Chrome/61.0.3156.0 Safari/537.36"
12.247.54.186 - - [13/Jul/2017:23:18:28 +0200] "GET /countdown/1500000000 HTTP/1.1" 200 4341 "https://news.ycombinator.com/" "Mozilla/5.0 (Macintosh; Intel Mac OS X 10_12_5) AppleWebKit/537.36 (KHTML, like Gecko) Chrome/59.0.3071.115 Safari/537.36"
2601:1c0:cb01:e740:545:9543:bd25:f0a7 - - [13/Jul/2017:23:18:28 +0200] "GET /countdown/1500000000 HTTP/1.1" 200 4341 "https://news.ycombinator.com/" "Mozilla/5.0 (Linux; Android 8.0.0; Pixel XL Build/OPP3.170518.006) AppleWebKit/537.36 (KHTML, like Gecko) Chrome/59.0.3071.125 Mobile Safari/537.36"
2601:1c0:cb01:e740:545:9543:bd25:f0a7 - - [13/Jul/2017:23:18:28 +0200] "GET /zzstyle.css?1491341099 HTTP/1.1" 200 1389 "http://timestamp.online/countdown/1500000000" "Mozilla/5.0 (Linux; Android 8.0.0; Pixel XL Build/OPP3.170518.006) AppleWebKit/537.36 (KHTML, like Gecko) Chrome/59.0.3071.125 Mobile Safari/537.36"
37.175.72.239 - - [13/Jul/2017:23:18:28 +0200] "GET /countdown/1500000000 HTTP/1.1" 200 4341 "https://news.ycombinator.com/" "Mozilla/5.0 (iPhone; CPU iPhone OS 10_3_2 like Mac OS X) AppleWebKit/603.2.4 (KHTML, like Gecko) Version/10.0 Mobile/14F89 Safari/602.1"
98.109.30.136 - - [13/Jul/2017:23:18:28 +0200] "GET /countdown/1500000000 HTTP/1.1" 200 4341 "https://news.ycombinator.com/" "Mozilla/5.0 (Windows NT 10.0; Win64; x64) AppleWebKit/537.36 (KHTML, like Gecko) Chrome/59.0.3071.115 Safari/537.36"
98.109.30.136 - - [13/Jul/2017:23:18:28 +0200] "GET /countdown/1500000000 HTTP/1.1" 200 4341 "https://news.ycombinator.com/" "Mozilla/5.0 (Windows NT 10.0; Win64; x64) AppleWebKit/537.36 (KHTML, like Gecko) Chrome/59.0.3071.115 Safari/537.36"
81.97.24.197 - - [13/Jul/2017:23:18:28 +0200] "GET /favicon.ico HTTP/1.1" 404 22529 "http://timestamp.online/countdown/1500000000" "Mozilla/5.0 (Windows NT 10.0; Win64; x64) AppleWebKit/537.36 (KHTML, like Gecko) Chrome/59.0.3071.115 Safari/537.36"
209.116.186.42 - - [13/Jul/2017:23:18:28 +0200] "GET /countdown/1500000000 HTTP/1.1" 200 4341 "https://news.ycombinator.com/" "Mozilla/5.0 (Macintosh; Intel Mac OS X 10_12_2) AppleWebKit/537.36 (KHTML, like Gecko) Chrome/59.0.3071.115 Safari/537.36"
91.48.194.227 - - [13/Jul/2017:23:18:28 +0200] "GET /zzstyle.css?1491341099 HTTP/1.1" 200 1389 "http://timestamp.online/countdown/1500000000" "Mozilla/5.0 (Macintosh; Intel Mac OS X 10.6; rv:45.0) Gecko/20100101 Firefox/45.0"
192.94.40.43 - - [13/Jul/2017:23:18:28 +0200] "GET /zzstyle.css?1491341099 HTTP/1.1" 200 1389 "http://timestamp.online/countdown/1500000000" "Mozilla/5.0 (Macintosh; Intel Mac OS X 10_12_5) AppleWebKit/537.36 (KHTML, like Gecko) Chrome/58.0.3029.110 Safari/537.36"
91.48.194.227 - - [13/Jul/2017:23:18:28 +0200] "GET /timestamp.js?1491341099 HTTP/1.1" 200 2853 "http://timestamp.online/countdown/1500000000" "Mozilla/5.0 (Macintosh; Intel Mac OS X 10.6; rv:45.0) Gecko/20100101 Firefox/45.0"
192.94.40.43 - - [13/Jul/2017:23:18:28 +0200] "GET /timestamp.js?1491341099 HTTP/1.1" 200 2853 "http://timestamp.online/countdown/1500000000" "Mozilla/5.0 (Macintosh; Intel Mac OS X 10_12_5) AppleWebKit/537.36 (KHTML, like Gecko) Chrome/58.0.3029.110 Safari/537.36"
51.255.65.90 - - [13/Jul/2017:23:18:28 +0200] "GET /timestamp/1499098153 HTTP/1.1" 200 3665 "-" "Mozilla/5.0 (compatible; AhrefsBot/5.2; +http://ahrefs.com/robot/)"
31.50.32.68 - - [13/Jul/2017:23:18:28 +0200] "GET /example/python HTTP/1.1" 200 4380 "http://timestamp.online/example/javascript" "Mozilla/5.0 (Windows NT 10.0; Win64; x64) AppleWebKit/537.36 (KHTML, like Gecko) Chrome/60.0.3112.66 Safari/537.36"
52.59.228.232 - - [13/Jul/2017:23:18:28 +0200] "GET /countdown/1500000000 HTTP/1.1" 200 4341 "http://www.google.co.uk/url?sa=t&source=web&cd=1" "Mozilla/5.0 (Windows NT 6.1; WOW64) AppleWebKit/535.2 (KHTML, like Gecko) Chrome/15.0.874.92 Safari/535.2"
185.157.160.20 - - [13/Jul/2017:23:18:28 +0200] "GET /zzstyle.css?1491341099 HTTP/1.1" 200 1389 "http://timestamp.online/countdown/1500000000" "Mozilla/5.0 (Linux; Android 7.1.2; Redmi Note 3 Build/NJH47B) AppleWebKit/537.36 (KHTML, like Gecko) Chrome/42.0.2311.154 Mobile Safari/537.36"
185.157.160.20 - - [13/Jul/2017:23:18:28 +0200] "GET /timestamp.js?1491341099 HTTP/1.1" 200 2853 "http://timestamp.online/countdown/1500000000" "Mozilla/5.0 (Linux; Android 7.1.2; Redmi Note 3 Build/NJH47B) AppleWebKit/537.36 (KHTML, like Gecko) Chrome/42.0.2311.154 Mobile Safari/537.36"
2.38.33.27 - - [13/Jul/2017:23:18:28 +0200] "GET /zzstyle.css?1491341099 HTTP/1.1" 200 1389 "http://timestamp.online/countdown/1500000000" "Mozilla/5.0 (Macintosh; Intel Mac OS X 10_12_5) AppleWebKit/537.36 (KHTML, like Gecko) Chrome/59.0.3071.115 Safari/537.36"
86.148.197.52 - - [13/Jul/2017:23:18:28 +0200] "GET /zzstyle.css?1491341099 HTTP/1.1" 200 1389 "http://timestamp.online/countdown/1500000000" "Mozilla/5.0 (Linux; Android 5.0; SM-N9005 Build/LRX21V; wv) AppleWebKit/537.36 (KHTML, like Gecko) Version/4.0 Chrome/59.0.3071.125 Mobile Safari/537.36"
97.91.98.64 - - [13/Jul/2017:23:18:28 +0200] "GET /zzstyle.css?1491341099 HTTP/1.1" 200 1389 "http://timestamp.online/countdown/1500000000" "Mozilla/5.0 (Macintosh; Intel Mac OS X 10_12_5) AppleWebKit/537.36 (KHTML, like Gecko) Chrome/59.0.3071.115 Safari/537.36"
108.6.22.2 - - [13/Jul/2017:23:18:28 +0200] "GET /zzstyle.css?1491341099 HTTP/1.1" 200 1389 "http://timestamp.online/countdown/1500000000" "Mozilla/5.0 (Macintosh; Intel Mac OS X 10_12_5) AppleWebKit/537.36 (KHTML, like Gecko) Chrome/59.0.3071.115 Safari/537.36"
198.151.216.104 - - [13/Jul/2017:23:18:28 +0200] "GET /zzstyle.css?1491341099 HTTP/1.1" 200 1389 "http://timestamp.online/countdown/1500000000" "Mozilla/5.0 (Macintosh; Intel Mac OS X 10_12_5) AppleWebKit/537.36 (KHTML, like Gecko) Chrome/59.0.3071.115 Safari/537.36"
2.38.33.27 - - [13/Jul/2017:23:18:28 +0200] "GET /timestamp.js?1491341099 HTTP/1.1" 200 2853 "http://timestamp.online/countdown/1500000000" "Mozilla/5.0 (Macintosh; Intel Mac OS X 10_12_5) AppleWebKit/537.36 (KHTML, like Gecko) Chrome/59.0.3071.115 Safari/537.36"
86.148.197.52 - - [13/Jul/2017:23:18:28 +0200] "GET /timestamp.js?1491341099 HTTP/1.1" 200 2853 "http://timestamp.online/countdown/1500000000" "Mozilla/5.0 (Linux; Android 5.0; SM-N9005 Build/LRX21V; wv) AppleWebKit/537.36 (KHTML, like Gecko) Version/4.0 Chrome/59.0.3071.125 Mobile Safari/537.36"
70.90.168.211 - - [13/Jul/2017:23:18:28 +0200] "GET /timestamp.js?1491341099 HTTP/1.1" 200 2853 "http://timestamp.online/countdown/1500000000" "Mozilla/5.0 (Macintosh; Intel Mac OS X 10_11_6) AppleWebKit/537.36 (KHTML, like Gecko) Chrome/59.0.3071.115 Safari/537.36"
70.90.168.211 - - [13/Jul/2017:23:18:28 +0200] "GET /zzstyle.css?1491341099 HTTP/1.1" 200 1389 "http://timestamp.online/countdown/1500000000" "Mozilla/5.0 (Macintosh; Intel Mac OS X 10_11_6) AppleWebKit/537.36 (KHTML, like Gecko) Chrome/59.0.3071.115 Safari/537.36"
108.6.22.2 - - [13/Jul/2017:23:18:28 +0200] "GET /timestamp.js?1491341099 HTTP/1.1" 200 2853 "http://timestamp.online/countdown/1500000000" "Mozilla/5.0 (Macintosh; Intel Mac OS X 10_12_5) AppleWebKit/537.36 (KHTML, like Gecko) Chrome/59.0.3071.115 Safari/537.36"
12.247.54.186 - - [13/Jul/2017:23:18:28 +0200] "GET /zzstyle.css?1491341099 HTTP/1.1" 200 1389 "http://timestamp.online/countdown/1500000000" "Mozilla/5.0 (Macintosh; Intel Mac OS X 10_12_5) AppleWebKit/537.36 (KHTML, like Gecko) Chrome/59.0.3071.115 Safari/537.36"
12.247.54.186 - - [13/Jul/2017:23:18:28 +0200] "GET /timestamp.js?1491341099 HTTP/1.1" 200 2853 "http://timestamp.online/countdown/1500000000" "Mozilla/5.0 (Macintosh; Intel Mac OS X 10_12_5) AppleWebKit/537.36 (KHTML, like Gecko) Chrome/59.0.3071.115 Safari/537.36"
78.134.53.106 - - [13/Jul/2017:23:18:28 +0200] "GET /zzstyle.css?1491341099 HTTP/1.1" 200 1389 "http://timestamp.online/countdown/1500000000" "Mozilla/5.0 (X11; Ubuntu; Linux x86_64; rv:54.0) Gecko/20100101 Firefox/54.0"
107.77.92.53 - - [13/Jul/2017:23:18:28 +0200] "GET /zzstyle.css?1491341099 HTTP/1.1" 200 1389 "http://timestamp.online/countdown/1500000000" "Mozilla/5.0 (Macintosh; Intel Mac OS X 10_12_5) AppleWebKit/537.36 (KHTML, like Gecko) Chrome/59.0.3071.115 Safari/537.36"
97.91.98.64 - - [13/Jul/2017:23:18:28 +0200] "GET /timestamp.js?1491341099 HTTP/1.1" 200 2853 "http://timestamp.online/countdown/1500000000" "Mozilla/5.0 (Macintosh; Intel Mac OS X 10_12_5) AppleWebKit/537.36 (KHTML, like Gecko) Chrome/59.0.3071.115 Safari/537.36"
185.2.196.196 - - [13/Jul/2017:23:18:28 +0200] "GET / HTTP/1.1" 200 8619 "-" "Mozilla/4.0 (compatible; MSIE 7.0; Windows NT 5.1; InfoPath.1; .NET CLR 2.0.50727; .NET CLR 1.1.4322; MS-RTC LM 8; .NET CLR 3.0.4506.2152; .NET CLR 3.5.30729)"
78.134.53.106 - - [13/Jul/2017:23:18:28 +0200] "GET /timestamp.js?1491341099 HTTP/1.1" 200 2853 "http://timestamp.online/countdown/1500000000" "Mozilla/5.0 (X11; Ubuntu; Linux x86_64; rv:54.0) Gecko/20100101 Firefox/54.0"
198.151.216.104 - - [13/Jul/2017:23:18:28 +0200] "GET /timestamp.js?1491341099 HTTP/1.1" 200 2853 "http://timestamp.online/countdown/1500000000" "Mozilla/5.0 (Macintosh; Intel Mac OS X 10_12_5) AppleWebKit/537.36 (KHTML, like Gecko) Chrome/59.0.3071.115 Safari/537.36"
66.232.82.18 - - [13/Jul/2017:23:18:28 +0200] "GET /zzstyle.css?1491341099 HTTP/1.1" 200 1389 "http://timestamp.online/countdown/1500000000" "Mozilla/5.0 (X11; Linux x86_64; rv:56.0) Gecko/20100101 Firefox/56.0"
66.232.82.18 - - [13/Jul/2017:23:18:28 +0200] "GET /favicon.ico HTTP/1.1" 404 22356 "-" "Mozilla/5.0 (X11; Linux x86_64; rv:56.0) Gecko/20100101 Firefox/56.0"
2601:1c0:cb01:e740:545:9543:bd25:f0a7 - - [13/Jul/2017:23:18:28 +0200] "GET /timestamp.js?1491341099 HTTP/1.1" 200 2853 "http://timestamp.online/countdown/1500000000" "Mozilla/5.0 (Linux; Android 8.0.0; Pixel XL Build/OPP3.170518.006) AppleWebKit/537.36 (KHTML, like Gecko) Chrome/59.0.3071.125 Mobile Safari/537.36"
107.77.92.53 - - [13/Jul/2017:23:18:28 +0200] "GET /timestamp.js?1491341099 HTTP/1.1" 200 2853 "http://timestamp.online/countdown/1500000000" "Mozilla/5.0 (Macintosh; Intel Mac OS X 10_12_5) AppleWebKit/537.36 (KHTML, like Gecko) Chrome/59.0.3071.115 Safari/537.36"
72.201.209.182 - - [13/Jul/2017:23:18:28 +0200] "GET /favicon.ico HTTP/1.1" 404 22529 "http://timestamp.online/countdown/1500000000" "Mozilla/5.0 (X11; Linux x86_64) AppleWebKit/537.36 (KHTML, like Gecko) Chrome/59.0.3071.115 Safari/537.36"
66.232.82.18 - - [13/Jul/2017:23:18:28 +0200] "GET /timestamp.js?1491341099 HTTP/1.1" 200 2853 "http://timestamp.online/countdown/1500000000" "Mozilla/5.0 (X11; Linux x86_64; rv:56.0) Gecko/20100101 Firefox/56.0"
98.109.30.136 - - [13/Jul/2017:23:18:28 +0200] "GET /zzstyle.css?1491341099 HTTP/1.1" 200 1389 "http://timestamp.online/countdown/1500000000" "Mozilla/5.0 (Windows NT 10.0; Win64; x64) AppleWebKit/537.36 (KHTML, like Gecko) Chrome/59.0.3071.115 Safari/537.36"
47.197.75.21 - - [13/Jul/2017:23:18:28 +0200] "GET /favicon.ico HTTP/1.1" 404 22356 "-" "Mozilla/5.0 (Windows NT 10.0; WOW64; rv:54.0) Gecko/20100101 Firefox/54.0"
209.116.186.42 - - [13/Jul/2017:23:18:28 +0200] "GET /zzstyle.css?1491341099 HTTP/1.1" 200 1389 "http://timestamp.online/countdown/1500000000" "Mozilla/5.0 (Macintosh; Intel Mac OS X 10_12_2) AppleWebKit/537.36 (KHTML, like Gecko) Chrome/59.0.3071.115 Safari/537.36"
2.38.33.27 - - [13/Jul/2017:23:18:28 +0200] "GET /favicon.ico HTTP/1.1" 404 22580 "http://timestamp.online/countdown/1500000000" "Mozilla/5.0 (Macintosh; Intel Mac OS X 10_12_5) AppleWebKit/537.36 (KHTML, like Gecko) Chrome/59.0.3071.115 Safari/537.36"
98.109.30.136 - - [13/Jul/2017:23:18:28 +0200] "GET /timestamp.js?1491341099 HTTP/1.1" 200 2853 "http://timestamp.online/countdown/1500000000" "Mozilla/5.0 (Windows NT 10.0; Win64; x64) AppleWebKit/537.36 (KHTML, like Gecko) Chrome/59.0.3071.115 Safari/537.36"
127.0.0.1 - - [13/Jul/2017:23:18:28 +0200] "GET /favicon.ico HTTP/1.1" 404 22374 "-" "Mozilla/5.0 (X11; Ubuntu; Linux x86_64; rv:54.0) Gecko/20100101 Firefox/54.0"
66.232.82.18 - - [13/Jul/2017:23:18:28 +0200] "GET /favicon.ico HTTP/1.1" 404 22356 "-" "Mozilla/5.0 (X11; Linux x86_64; rv:56.0) Gecko/20100101 Firefox/56.0"
185.157.160.20 - - [13/Jul/2017:23:18:28 +0200] "GET /favicon.ico HTTP/1.1" 404 22598 "http://timestamp.online/countdown/1500000000" "Mozilla/5.0 (Linux; Android 7.1.2; Redmi Note 3 Build/NJH47B) AppleWebKit/537.36 (KHTML, like Gecko) Chrome/42.0.2311.154 Mobile Safari/537.36"
37.175.72.239 - - [13/Jul/2017:23:18:28 +0200] "GET /zzstyle.css?1491341099 HTTP/1.1" 200 1389 "http://timestamp.online/countdown/1500000000" "Mozilla/5.0 (iPhone; CPU iPhone OS 10_3_2 like Mac OS X) AppleWebKit/603.2.4 (KHTML, like Gecko) Version/10.0 Mobile/14F89 Safari/602.1"
97.91.98.64 - - [13/Jul/2017:23:18:28 +0200] "GET /favicon.ico HTTP/1.1" 404 22529 "http://timestamp.online/countdown/1500000000" "Mozilla/5.0 (Macintosh; Intel Mac OS X 10_12_5) AppleWebKit/537.36 (KHTML, like Gecko) Chrome/59.0.3071.115 Safari/537.36"
165.125.176.20 - - [13/Jul/2017:23:18:28 +0200] "GET /zzstyle.css?1491341099 HTTP/1.1" 200 1389 "-" "Mozilla/4.0 (compatible;)"
209.116.186.42 - - [13/Jul/2017:23:18:28 +0200] "GET /timestamp.js?1491341099 HTTP/1.1" 200 2853 "http://timestamp.online/countdown/1500000000" "Mozilla/5.0 (Macintosh; Intel Mac OS X 10_12_2) AppleWebKit/537.36 (KHTML, like Gecko) Chrome/59.0.3071.115 Safari/537.36"
8.26.157.146 - - [13/Jul/2017:23:18:28 +0200] "GET /countdown/1500000000 HTTP/1.1" 200 4341 "http://hckrnews.com/" "Mozilla/5.0 (Macintosh; Intel Mac OS X 10_11_6) AppleWebKit/537.36 (KHTML, like Gecko) Chrome/58.0.3029.110 Safari/537.36"
165.125.176.20 - - [13/Jul/2017:23:18:28 +0200] "GET /timestamp.js?1491341099 HTTP/1.1" 200 2853 "-" "Mozilla/4.0 (compatible;)"
127.0.0.1 - - [13/Jul/2017:23:18:28 +0200] "GET /favicon.ico HTTP/1.1" 404 22374 "-" "Mozilla/5.0 (X11; Ubuntu; Linux x86_64; rv:54.0) Gecko/20100101 Firefox/54.0"
198.151.216.104 - - [13/Jul/2017:23:18:28 +0200] "GET /favicon.ico HTTP/1.1" 404 22529 "http://timestamp.online/countdown/1500000000" "Mozilla/5.0 (Macintosh; Intel Mac OS X 10_12_5) AppleWebKit/537.36 (KHTML, like Gecko) Chrome/59.0.3071.115 Safari/537.36"
86.148.197.52 - - [13/Jul/2017:23:18:29 +0200] "GET /favicon.ico HTTP/1.1" 404 22529 "http://timestamp.online/countdown/1500000000" "Mozilla/5.0 (Linux; Android 5.0; SM-N9005 Build/LRX21V; wv) AppleWebKit/537.36 (KHTML, like Gecko) Version/4.0 Chrome/59.0.3071.125 Mobile Safari/537.36"
91.48.194.227 - - [13/Jul/2017:23:18:29 +0200] "GET /favicon.ico HTTP/1.1" 404 22356 "-" "Mozilla/5.0 (Macintosh; Intel Mac OS X 10.6; rv:45.0) Gecko/20100101 Firefox/45.0"
23.251.213.178 - - [13/Jul/2017:23:18:29 +0200] "GET /zzstyle.css?1491341099 HTTP/1.1" 200 1389 "http://timestamp.online/countdown/1500000000" "Mozilla/5.0 (Windows NT 6.3; WOW64; rv:54.0) Gecko/20100101 Firefox/54.0"
107.77.92.53 - - [13/Jul/2017:23:18:29 +0200] "GET /favicon.ico HTTP/1.1" 404 22529 "http://timestamp.online/countdown/1500000000" "Mozilla/5.0 (Macintosh; Intel Mac OS X 10_12_5) AppleWebKit/537.36 (KHTML, like Gecko) Chrome/59.0.3071.115 Safari/537.36"
12.247.54.186 - - [13/Jul/2017:23:18:29 +0200] "GET /favicon.ico HTTP/1.1" 404 22529 "http://timestamp.online/countdown/1500000000" "Mozilla/5.0 (Macintosh; Intel Mac OS X 10_12_5) AppleWebKit/537.36 (KHTML, like Gecko) Chrome/59.0.3071.115 Safari/537.36"
192.94.40.43 - - [13/Jul/2017:23:18:29 +0200] "GET /favicon.ico HTTP/1.1" 404 22529 "http://timestamp.online/countdown/1500000000" "Mozilla/5.0 (Macintosh; Intel Mac OS X 10_12_5) AppleWebKit/537.36 (KHTML, like Gecko) Chrome/58.0.3029.110 Safari/537.36"
70.90.168.211 - - [13/Jul/2017:23:18:29 +0200] "GET /favicon.ico HTTP/1.1" 404 22529 "http://timestamp.online/countdown/1500000000" "Mozilla/5.0 (Macintosh; Intel Mac OS X 10_11_6) AppleWebKit/537.36 (KHTML, like Gecko) Chrome/59.0.3071.115 Safari/537.36"
108.6.22.2 - - [13/Jul/2017:23:18:29 +0200] "GET /favicon.ico HTTP/1.1" 404 22529 "http://timestamp.online/countdown/1500000000" "Mozilla/5.0 (Macintosh; Intel Mac OS X 10_12_5) AppleWebKit/537.36 (KHTML, like Gecko) Chrome/59.0.3071.115 Safari/537.36"
2a02:1811:e50f:1a00:7285:c2ff:fe3e:8b27 - - [13/Jul/2017:23:18:29 +0200] "GET /countdown/1500000000 HTTP/1.1" 200 4341 "https://news.ycombinator.com/" "Mozilla/5.0 (X11; Linux x86_64; rv:54.0) Gecko/20100101 Firefox/54.0"
2a02:1811:e50f:1a00:7285:c2ff:fe3e:8b27 - - [13/Jul/2017:23:18:29 +0200] "GET /zzstyle.css?1491341099 HTTP/1.1" 200 1389 "http://timestamp.online/countdown/1500000000" "Mozilla/5.0 (X11; Linux x86_64; rv:54.0) Gecko/20100101 Firefox/54.0"
2a02:1811:e50f:1a00:7285:c2ff:fe3e:8b27 - - [13/Jul/2017:23:18:29 +0200] "GET /timestamp.js?1491341099 HTTP/1.1" 200 2853 "http://timestamp.online/countdown/1500000000" "Mozilla/5.0 (X11; Linux x86_64; rv:54.0) Gecko/20100101 Firefox/54.0"
2601:1c0:cb01:e740:545:9543:bd25:f0a7 - - [13/Jul/2017:23:18:29 +0200] "GET /favicon.ico HTTP/1.1" 404 22529 "http://timestamp.online/countdown/1500000000" "Mozilla/5.0 (Linux; Android 8.0.0; Pixel XL Build/OPP3.170518.006) AppleWebKit/537.36 (KHTML, like Gecko) Chrome/59.0.3071.125 Mobile Safari/537.36"
2a02:1811:e50f:1a00:7285:c2ff:fe3e:8b27 - - [13/Jul/2017:23:18:29 +0200] "GET /favicon.ico HTTP/1.1" 404 22356 "-" "Mozilla/5.0 (X11; Linux x86_64; rv:54.0) Gecko/20100101 Firefox/54.0"
70.251.187.219 - - [13/Jul/2017:23:18:29 +0200] "GET /countdown/1500000000 HTTP/1.1" 200 4341 "http://www.google.co.uk/url?sa=t&source=web&cd=1" "Mozilla/5.0 (Windows NT 6.1; WOW64) AppleWebKit/535.2 (KHTML, like Gecko) Chrome/15.0.874.92 Safari/535.2"
98.109.30.136 - - [13/Jul/2017:23:18:29 +0200] "GET /favicon.ico HTTP/1.1" 404 22529 "http://timestamp.online/countdown/1500000000" "Mozilla/5.0 (Windows NT 10.0; Win64; x64) AppleWebKit/537.36 (KHTML, like Gecko) Chrome/59.0.3071.115 Safari/537.36"
91.48.194.227 - - [13/Jul/2017:23:18:29 +0200] "GET /favicon.ico HTTP/1.1" 404 22356 "-" "Mozilla/5.0 (Macintosh; Intel Mac OS X 10.6; rv:45.0) Gecko/20100101 Firefox/45.0"
209.116.186.42 - - [13/Jul/2017:23:18:29 +0200] "GET /favicon.ico HTTP/1.1" 404 22529 "http://timestamp.online/countdown/1500000000" "Mozilla/5.0 (Macintosh; Intel Mac OS X 10_12_2) AppleWebKit/537.36 (KHTML, like Gecko) Chrome/59.0.3071.115 Safari/537.36"
23.251.213.178 - - [13/Jul/2017:23:18:29 +0200] "GET /timestamp.js?1491341099 HTTP/1.1" 200 2853 "http://timestamp.online/countdown/1500000000" "Mozilla/5.0 (Windows NT 6.3; WOW64; rv:54.0) Gecko/20100101 Firefox/54.0"
165.125.176.20 - - [13/Jul/2017:23:18:29 +0200] "GET /favicon.ico HTTP/1.1" 404 22356 "-" "Mozilla/5.0 (Windows NT 6.1; WOW64; rv:54.0) Gecko/20100101 Firefox/54.0"
70.25.27.101 - - [13/Jul/2017:23:18:29 +0200] "GET /countdown/1500000000 HTTP/1.1" 200 4341 "-" "Mozilla/5.0 (Linux; Android 6.0.1; Nexus 5 Build/M4B30Z; wv) AppleWebKit/537.36 (KHTML, like Gecko) Version/4.0 Chrome/59.0.3071.125 Mobile Safari/537.36"
38.140.133.154 - - [13/Jul/2017:23:18:29 +0200] "GET / HTTP/1.1" 200 8619 "https://duckduckgo.com/" "Mozilla/5.0 (X11; Fedora; Linux x86_64; rv:55.0) Gecko/20100101 Firefox/56.0"
2a02:1811:e50f:1a00:7285:c2ff:fe3e:8b27 - - [13/Jul/2017:23:18:29 +0200] "GET /favicon.ico HTTP/1.1" 404 22356 "-" "Mozilla/5.0 (X11; Linux x86_64; rv:54.0) Gecko/20100101 Firefox/54.0"
70.25.27.101 - - [13/Jul/2017:23:18:33 +0200] "GET /zzstyle.css?1491341099 HTTP/1.1" 200 1389 "http://timestamp.online/countdown/1500000000" "Mozilla/5.0 (Linux; Android 6.0.1; Nexus 5 Build/M4B30Z; wv) AppleWebKit/537.36 (KHTML, like Gecko) Version/4.0 Chrome/59.0.3071.125 Mobile Safari/537.36"
38.140.133.154 - - [13/Jul/2017:23:18:33 +0200] "GET /zzstyle.css?1491341099 HTTP/1.1" 200 1389 "http://timestamp.online/" "Mozilla/5.0 (X11; Fedora; Linux x86_64; rv:55.0) Gecko/20100101 Firefox/56.0"
37.169.202.240 - - [13/Jul/2017:23:18:33 +0200] "GET /timestamp.js?1491341099 HTTP/1.1" 200 2853 "http://timestamp.online/countdown/1500000000" "Mozilla/5.0 (iPhone; CPU iPhone OS 10_3_2 like Mac OS X) AppleWebKit/603.2.4 (KHTML, like Gecko) Version/10.0 Mobile/14F89 Safari/602.1"
165.125.176.20 - - [13/Jul/2017:23:18:33 +0200] "GET /favicon.ico HTTP/1.1" 404 22356 "-" "Mozilla/5.0 (Windows NT 6.1; WOW64; rv:54.0) Gecko/20100101 Firefox/54.0"
70.25.27.101 - - [13/Jul/2017:23:18:33 +0200] "GET /timestamp.js?1491341099 HTTP/1.1" 200 2853 "http://timestamp.online/countdown/1500000000" "Mozilla/5.0 (Linux; Android 6.0.1; Nexus 5 Build/M4B30Z; wv) AppleWebKit/537.36 (KHTML, like Gecko) Version/4.0 Chrome/59.0.3071.125 Mobile Safari/537.36"
192.247.0.1 - - [13/Jul/2017:23:18:33 +0200] "GET /example/javascript HTTP/1.1" 200 4384 "http://timestamp.online/example/python" "Mozilla/5.0 (Macintosh; Intel Mac OS X 10_12_5) AppleWebKit/537.36 (KHTML, like Gecko) Chrome/61.0.3156.0 Safari/537.36"
23.251.213.178 - - [13/Jul/2017:23:18:33 +0200] "GET /favicon.ico HTTP/1.1" 500 21777 "-" "Mozilla/5.0 (Windows NT 6.3; WOW64; rv:54.0) Gecko/20100101 Firefox/54.0"
216.161.254.67 - - [13/Jul/2017:23:18:33 +0200] "GET /countdown/1500000000 HTTP/1.1" 200 4341 "https://news.ycombinator.com/" "Mozilla/5.0 (X11; Linux x86_64) AppleWebKit/537.36 (KHTML, like Gecko) Chrome/58.0.3029.110 Safari/537.36"
8.26.157.146 - - [13/Jul/2017:23:18:33 +0200] "GET /zzstyle.css?1491341099 HTTP/1.1" 200 1389 "http://timestamp.online/countdown/1500000000" "Mozilla/5.0 (Macintosh; Intel Mac OS X 10_11_6) AppleWebKit/537.36 (KHTML, like Gecko) Chrome/58.0.3029.110 Safari/537.36"
8.26.157.146 - - [13/Jul/2017:23:18:33 +0200] "GET /timestamp.js?1491341099 HTTP/1.1" 200 2853 "http://timestamp.online/countdown/1500000000" "Mozilla/5.0 (Macintosh; Intel Mac OS X 10_11_6) AppleWebKit/537.36 (KHTML, like Gecko) Chrome/58.0.3029.110 Safari/537.36"
144.76.166.178 - - [13/Jul/2017:23:18:33 +0200] "HEAD /countdown/1500000000 HTTP/1.1" 200 - "-" "Mozilla/5.0 (compatible; um-LN/1.0; mailto: techinfo@ubermetrics-technologies.com)"
23.251.213.178 - - [13/Jul/2017:23:18:33 +0200] "GET /favicon.ico HTTP/1.1" 500 21777 "-" "Mozilla/5.0 (Windows NT 6.3; WOW64; rv:54.0) Gecko/20100101 Firefox/54.0"
23.251.213.178 - - [13/Jul/2017:23:18:33 +0200] "GET /favicon.ico HTTP/1.1" 404 22356 "-" "Mozilla/5.0 (Windows NT 6.3; WOW64; rv:54.0) Gecko/20100101 Firefox/54.0"
83.89.218.102 - - [13/Jul/2017:23:18:33 +0200] "GET /countdown/1500000000 HTTP/1.1" 200 4341 "http://hckrnews.com/" "Mozilla/5.0 (X11; Linux x86_64) AppleWebKit/537.36 (KHTML, like Gecko) Chrome/58.0.3029.110 Safari/537.36"
2620:0:1002:12:4dd1:8b4f:1fa9:94a9 - - [13/Jul/2017:23:18:33 +0200] "GET /countdown/1500000000 HTTP/1.1" 200 4341 "https://news.ycombinator.com/" "Mozilla/5.0 (X11; Linux x86_64) AppleWebKit/537.36 (KHTML, like Gecko) Chrome/59.0.3071.115 Safari/537.36"
2620:0:1002:12:4dd1:8b4f:1fa9:94a9 - - [13/Jul/2017:23:18:33 +0200] "GET /zzstyle.css?1491341099 HTTP/1.1" 200 1389 "http://timestamp.online/countdown/1500000000" "Mozilla/5.0 (X11; Linux x86_64) AppleWebKit/537.36 (KHTML, like Gecko) Chrome/59.0.3071.115 Safari/537.36"
72.48.250.202 - - [13/Jul/2017:23:18:33 +0200] "GET /countdown/1500000000 HTTP/1.1" 200 4341 "-" "Mozilla/5.0 (Macintosh; Intel Mac OS X 10_12_5) AppleWebKit/603.2.4 (KHTML, like Gecko) Version/10.1.1 Safari/603.2.4"
23.251.213.178 - - [13/Jul/2017:23:18:33 +0200] "GET /favicon.ico HTTP/1.1" 404 22356 "-" "Mozilla/5.0 (Windows NT 6.3; WOW64; rv:54.0) Gecko/20100101 Firefox/54.0"
2604:6000:1011:4009:855a:cbf:2f48:4c87 - - [13/Jul/2017:23:18:33 +0200] "GET /countdown/1500000000 HTTP/1.1" 200 4341 "-" "Mozilla/5.0 (Macintosh; Intel Mac OS X 10_12_5) AppleWebKit/603.2.4 (KHTML, like Gecko) Version/10.1.1 Safari/603.2.4"
2620:0:1002:12:4dd1:8b4f:1fa9:94a9 - - [13/Jul/2017:23:18:33 +0200] "GET /timestamp.js?1491341099 HTTP/1.1" 200 2853 "http://timestamp.online/countdown/1500000000" "Mozilla/5.0 (X11; Linux x86_64) AppleWebKit/537.36 (KHTML, like Gecko) Chrome/59.0.3071.115 Safari/537.36"
2604:6000:1011:4009:855a:cbf:2f48:4c87 - - [13/Jul/2017:23:18:34 +0200] "GET /zzstyle.css?1491341099 HTTP/1.1" 200 1389 "http://timestamp.online/countdown/1500000000" "Mozilla/5.0 (Macintosh; Intel Mac OS X 10_12_5) AppleWebKit/603.2.4 (KHTML, like Gecko) Version/10.1.1 Safari/603.2.4"
2620:0:1002:12:4dd1:8b4f:1fa9:94a9 - - [13/Jul/2017:23:18:34 +0200] "GET /favicon.ico HTTP/1.1" 404 22529 "http://timestamp.online/countdown/1500000000" "Mozilla/5.0 (X11; Linux x86_64) AppleWebKit/537.36 (KHTML, like Gecko) Chrome/59.0.3071.115 Safari/537.36"
83.89.218.102 - - [13/Jul/2017:23:18:34 +0200] "GET /zzstyle.css?1491341099 HTTP/1.1" 200 1389 "http://timestamp.online/countdown/1500000000" "Mozilla/5.0 (X11; Linux x86_64) AppleWebKit/537.36 (KHTML, like Gecko) Chrome/58.0.3029.110 Safari/537.36"
5.28.117.129 - - [13/Jul/2017:23:18:34 +0200] "GET /countdown/1500000000 HTTP/1.1" 200 4341 "https://news.ycombinator.com/" "Mozilla/5.0 (Android 7.1.2; Mobile; rv:54.0) Gecko/54.0 Firefox/54.0"
83.89.218.102 - - [13/Jul/2017:23:18:34 +0200] "GET /timestamp.js?1491341099 HTTP/1.1" 200 2853 "http://timestamp.online/countdown/1500000000" "Mozilla/5.0 (X11; Linux x86_64) AppleWebKit/537.36 (KHTML, like Gecko) Chrome/58.0.3029.110 Safari/537.36"
144.76.166.178 - - [13/Jul/2017:23:18:34 +0200] "GET /robots.txt HTTP/1.1" 200 73 "-" "Mozilla/5.0 (compatible; Windows; U; Windows NT 6.2; en-US; rv:12.0) Gecko/20120403211507 Firefox/12.0"
216.161.254.67 - - [13/Jul/2017:23:18:34 +0200] "GET /zzstyle.css?1491341099 HTTP/1.1" 200 1389 "http://timestamp.online/countdown/1500000000" "Mozilla/5.0 (X11; Linux x86_64) AppleWebKit/537.36 (KHTML, like Gecko) Chrome/58.0.3029.110 Safari/537.36"
216.161.254.67 - - [13/Jul/2017:23:18:34 +0200] "GET /timestamp.js?1491341099 HTTP/1.1" 200 2853 "http://timestamp.online/countdown/1500000000" "Mozilla/5.0 (X11; Linux x86_64) AppleWebKit/537.36 (KHTML, like Gecko) Chrome/58.0.3029.110 Safari/537.36"
38.140.133.154 - - [13/Jul/2017:23:18:34 +0200] "GET /favicon.ico HTTP/1.1" 404 22356 "-" "Mozilla/5.0 (X11; Fedora; Linux x86_64; rv:55.0) Gecko/20100101 Firefox/56.0"
8.26.157.146 - - [13/Jul/2017:23:18:34 +0200] "GET /favicon.ico HTTP/1.1" 404 22529 "http://timestamp.online/countdown/1500000000" "Mozilla/5.0 (Macintosh; Intel Mac OS X 10_11_6) AppleWebKit/537.36 (KHTML, like Gecko) Chrome/58.0.3029.110 Safari/537.36"
192.133.78.19 - - [13/Jul/2017:23:18:34 +0200] "GET /countdown/1500000000 HTTP/1.1" 200 4341 "https://t.co/CFbKcL86fr" "Mozilla/5.0 (Macintosh; Intel Mac OS X 10_12_5) AppleWebKit/537.36 (KHTML, like Gecko) Chrome/60.0.3112.50 Safari/537.36"
144.76.166.178 - - [13/Jul/2017:23:18:34 +0200] "GET /countdown/1500000000 HTTP/1.1" 200 4341 "-" "Mozilla/5.0 (compatible; Windows; U; Windows NT 6.2; en-US; rv:12.0) Gecko/20120403211507 Firefox/12.0"
72.48.250.202 - - [13/Jul/2017:23:18:34 +0200] "GET /zzstyle.css?1491341099 HTTP/1.1" 200 1389 "http://timestamp.online/countdown/1500000000" "Mozilla/5.0 (Macintosh; Intel Mac OS X 10_12_5) AppleWebKit/603.2.4 (KHTML, like Gecko) Version/10.1.1 Safari/603.2.4"
70.25.27.101 - - [13/Jul/2017:23:18:34 +0200] "GET /favicon.ico HTTP/1.1" 404 22529 "http://timestamp.online/countdown/1500000000" "Mozilla/5.0 (Linux; Android 6.0.1; Nexus 5 Build/M4B30Z; wv) AppleWebKit/537.36 (KHTML, like Gecko) Version/4.0 Chrome/59.0.3071.125 Mobile Safari/537.36"
38.99.44.82 - - [13/Jul/2017:23:18:34 +0200] "GET /countdown/1500000000 HTTP/1.1" 200 4341 "http://timestamp.online/" "Mozilla/5.0 (X11; Linux x86_64) AppleWebKit/537.36 (KHTML, like Gecko) Chrome/56.0.2924.76 Safari/537.36"
72.48.250.202 - - [13/Jul/2017:23:18:34 +0200] "GET /timestamp.js?1491341099 HTTP/1.1" 200 2853 "http://timestamp.online/countdown/1500000000" "Mozilla/5.0 (Macintosh; Intel Mac OS X 10_12_5) AppleWebKit/603.2.4 (KHTML, like Gecko) Version/10.1.1 Safari/603.2.4"
2604:6000:1011:4009:855a:cbf:2f48:4c87 - - [13/Jul/2017:23:18:34 +0200] "GET /timestamp.js?1491341099 HTTP/1.1" 200 2853 "http://timestamp.online/countdown/1500000000" "Mozilla/5.0 (Macintosh; Intel Mac OS X 10_12_5) AppleWebKit/603.2.4 (KHTML, like Gecko) Version/10.1.1 Safari/603.2.4"
64.124.202.250 - - [13/Jul/2017:23:18:35 +0200] "GET /countdown/1500000000 HTTP/1.1" 200 4341 "https://news.ycombinator.com/" "Mozilla/5.0 (Macintosh; Intel Mac OS X 10_12_2) AppleWebKit/537.36 (KHTML, like Gecko) Chrome/59.0.3071.115 Safari/537.36"
5.28.117.129 - - [13/Jul/2017:23:18:35 +0200] "GET /zzstyle.css?1491341099 HTTP/1.1" 200 1389 "http://timestamp.online/countdown/1500000000" "Mozilla/5.0 (Android 7.1.2; Mobile; rv:54.0) Gecko/54.0 Firefox/54.0"
192.133.78.19 - - [13/Jul/2017:23:18:35 +0200] "GET /zzstyle.css?1491341099 HTTP/1.1" 200 1389 "http://timestamp.online/countdown/1500000000" "Mozilla/5.0 (Macintosh; Intel Mac OS X 10_12_5) AppleWebKit/537.36 (KHTML, like Gecko) Chrome/60.0.3112.50 Safari/537.36"
5.28.117.129 - - [13/Jul/2017:23:18:35 +0200] "GET /timestamp.js?1491341099 HTTP/1.1" 200 2853 "http://timestamp.online/countdown/1500000000" "Mozilla/5.0 (Android 7.1.2; Mobile; rv:54.0) Gecko/54.0 Firefox/54.0"
202.154.141.150 - - [13/Jul/2017:23:18:35 +0200] "GET /countdown/1500000000 HTTP/1.1" 200 4341 "-" "Mozilla/5.0 (iPhone; CPU iPhone OS 10_3_2 like Mac OS X) AppleWebKit/603.2.4 (KHTML, like Gecko) Version/10.0 Mobile/14F89 Safari/602.1"
38.99.44.82 - - [13/Jul/2017:23:18:35 +0200] "GET /zzstyle.css?1491341099 HTTP/1.1" 200 1389 "http://timestamp.online/countdown/1500000000" "Mozilla/5.0 (X11; Linux x86_64) AppleWebKit/537.36 (KHTML, like Gecko) Chrome/56.0.2924.76 Safari/537.36"
192.133.78.19 - - [13/Jul/2017:23:18:35 +0200] "GET /timestamp.js?1491341099 HTTP/1.1" 200 2853 "http://timestamp.online/countdown/1500000000" "Mozilla/5.0 (Macintosh; Intel Mac OS X 10_12_5) AppleWebKit/537.36 (KHTML, like Gecko) Chrome/60.0.3112.50 Safari/537.36"
216.161.254.67 - - [13/Jul/2017:23:18:35 +0200] "GET /favicon.ico HTTP/1.1" 404 22529 "http://timestamp.online/countdown/1500000000" "Mozilla/5.0 (X11; Linux x86_64) AppleWebKit/537.36 (KHTML, like Gecko) Chrome/58.0.3029.110 Safari/537.36"
83.89.218.102 - - [13/Jul/2017:23:18:35 +0200] "GET /favicon.ico HTTP/1.1" 404 22529 "http://timestamp.online/countdown/1500000000" "Mozilla/5.0 (X11; Linux x86_64) AppleWebKit/537.36 (KHTML, like Gecko) Chrome/58.0.3029.110 Safari/537.36"
38.99.44.82 - - [13/Jul/2017:23:18:35 +0200] "GET /timestamp.js?1491341099 HTTP/1.1" 200 2853 "http://timestamp.online/countdown/1500000000" "Mozilla/5.0 (X11; Linux x86_64) AppleWebKit/537.36 (KHTML, like Gecko) Chrome/56.0.2924.76 Safari/537.36"
2604:6000:1011:4009:855a:cbf:2f48:4c87 - - [13/Jul/2017:23:18:35 +0200] "GET /favicon.ico HTTP/1.1" 404 22529 "http://timestamp.online/countdown/1500000000" "Mozilla/5.0 (Macintosh; Intel Mac OS X 10_12_5) AppleWebKit/603.2.4 (KHTML, like Gecko) Version/10.1.1 Safari/603.2.4"
64.124.202.250 - - [13/Jul/2017:23:18:36 +0200] "GET /zzstyle.css?1491341099 HTTP/1.1" 200 1389 "http://timestamp.online/countdown/1500000000" "Mozilla/5.0 (Macintosh; Intel Mac OS X 10_12_2) AppleWebKit/537.36 (KHTML, like Gecko) Chrome/59.0.3071.115 Safari/537.36"
72.48.250.202 - - [13/Jul/2017:23:18:36 +0200] "GET /favicon.ico HTTP/1.1" 404 22529 "http://timestamp.online/countdown/1500000000" "Mozilla/5.0 (Macintosh; Intel Mac OS X 10_12_5) AppleWebKit/603.2.4 (KHTML, like Gecko) Version/10.1.1 Safari/603.2.4"
192.133.78.19 - - [13/Jul/2017:23:18:36 +0200] "GET /favicon.ico HTTP/1.1" 404 22529 "http://timestamp.online/countdown/1500000000" "Mozilla/5.0 (Macintosh; Intel Mac OS X 10_12_5) AppleWebKit/537.36 (KHTML, like Gecko) Chrome/60.0.3112.50 Safari/537.36"
64.124.202.250 - - [13/Jul/2017:23:18:36 +0200] "GET /timestamp.js?1491341099 HTTP/1.1" 200 2853 "http://timestamp.online/countdown/1500000000" "Mozilla/5.0 (Macintosh; Intel Mac OS X 10_12_2) AppleWebKit/537.36 (KHTML, like Gecko) Chrome/59.0.3071.115 Safari/537.36"
5.28.117.129 - - [13/Jul/2017:23:18:36 +0200] "GET /favicon.ico HTTP/1.1" 404 22356 "-" "Mozilla/5.0 (Android 7.1.2; Mobile; rv:54.0.1) Gecko/54.0.1 Firefox/54.0.1"
38.99.44.82 - - [13/Jul/2017:23:18:36 +0200] "GET /favicon.ico HTTP/1.1" 404 22529 "http://timestamp.online/countdown/1500000000" "Mozilla/5.0 (X11; Linux x86_64) AppleWebKit/537.36 (KHTML, like Gecko) Chrome/56.0.2924.76 Safari/537.36"
109.67.198.139 - - [13/Jul/2017:23:18:36 +0200] "GET /countdown/1500000000 HTTP/1.1" 200 4341 "https://news.ycombinator.com/" "Mozilla/5.0 (Windows NT 10.0; Win64; x64) AppleWebKit/537.36 (KHTML, like Gecko) Chrome/59.0.3071.115 Safari/537.36"
202.154.141.150 - - [13/Jul/2017:23:18:36 +0200] "GET /zzstyle.css?1491341099 HTTP/1.1" 200 1389 "http://timestamp.online/countdown/1500000000" "Mozilla/5.0 (iPhone; CPU iPhone OS 10_3_2 like Mac OS X) AppleWebKit/603.2.4 (KHTML, like Gecko) Version/10.0 Mobile/14F89 Safari/602.1"
8.8.8.8 - - [13/Jul/2017:23:18:36 +0200] "GET /countdown/1500000000 HTTP/1.1" 200 4341 "https://news.ycombinator.com/" "Mozilla/5.0 (Windows NT 6.1; Win64; x64; rv:54.0) Gecko/20100101 Firefox/54.0"
202.154.141.150 - - [13/Jul/2017:23:18:36 +0200] "GET /timestamp.js?1491341099 HTTP/1.1" 200 2853 "http://timestamp.online/countdown/1500000000" "Mozilla/5.0 (iPhone; CPU iPhone OS 10_3_2 like Mac OS X) AppleWebKit/603.2.4 (KHTML, like Gecko) Version/10.0 Mobile/14F89 Safari/602.1"
