199.36.245.200 - - [13/Jul/2017:23:21:34 +0200] "GET /zzstyle.css?1491341099 HTTP/1.1" 200 1389 "http://timestamp.online/countdown/1500000000" "Mozilla/5.0 (Windows NT 10.0; Win64; x64) AppleWebKit/537.36 (KHTML, like Gecko) Chrome/59.0.3071.115 Safari/537.36"
108.172.187.244 - - [13/Jul/2017:23:21:34 +0200] "GET /favicon.ico HTTP/1.1" 404 22529 "http://timestamp.online/countdown/1500000000" "Mozilla/5.0 (Windows NT 10.0; Win64; x64) AppleWebKit/537.36 (KHTML, like Gecko) Chrome/59.0.3071.115 Safari/537.36"
76.164.8.130 - - [13/Jul/2017:23:21:34 +0200] "GET /countdown/1500000000 HTTP/1.1" 200 4341 "https://news.ycombinator.com/" "Mozilla/5.0 (X11; FreeBSD amd64) AppleWebKit/537.36 (KHTML, like Gecko) Chrome/58.0.3029.110 Safari/537.36"
67.83.177.178 - - [13/Jul/2017:23:21:34 +0200] "GET /countdown/1500000000 HTTP/1.1" 200 4341 "-" "Mozilla/5.0 (Macintosh; Intel Mac OS X 10_12_5) AppleWebKit/537.36 (KHTML, like Gecko) Chrome/59.0.3071.115 Safari/537.36"
67.83.177.178 - - [13/Jul/2017:23:21:34 +0200] "GET /zzstyle.css?1491341099 HTTP/1.1" 200 1389 "http://timestamp.online/countdown/1500000000" "Mozilla/5.0 (Macintosh; Intel Mac OS X 10_12_5) AppleWebKit/537.36 (KHTML, like Gecko) Chrome/59.0.3071.115 Safari/537.36"
67.83.177.178 - - [13/Jul/2017:23:21:34 +0200] "GET /timestamp.js?1491341099 HTTP/1.1" 200 2853 "http://timestamp.online/countdown/1500000000" "Mozilla/5.0 (Macintosh; Intel Mac OS X 10_12_5) AppleWebKit/537.36 (KHTML, like Gecko) Chrome/59.0.3071.115 Safari/537.36"
76.164.8.130 - - [13/Jul/2017:23:21:34 +0200] "GET /timestamp.js?1491341099 HTTP/1.1" 200 2853 "http://timestamp.online/countdown/1500000000" "Mozilla/5.0 (X11; FreeBSD amd64) AppleWebKit/537.36 (KHTML, like Gecko) Chrome/58.0.3029.110 Safari/537.36"
199.36.245.200 - - [13/Jul/2017:23:21:34 +0200] "GET /timestamp.js?1491341099 HTTP/1.1" 200 2853 "http://timestamp.online/countdown/1500000000" "Mozilla/5.0 (Windows NT 10.0; Win64; x64) AppleWebKit/537.36 (KHTML, like Gecko) Chrome/59.0.3071.115 Safari/537.36"
199.36.245.200 - - [13/Jul/2017:23:21:34 +0200] "GET /favicon.ico HTTP/1.1" 404 22529 "http://timestamp.online/countdown/1500000000" "Mozilla/5.0 (Windows NT 10.0; Win64; x64) AppleWebKit/537.36 (KHTML, like Gecko) Chrome/59.0.3071.115 Safari/537.36"
195.91.173.129 - - [13/Jul/2017:23:21:34 +0200] "GET /countdown/1500000000 HTTP/1.1" 200 4341 "-" "Mozilla/5.0 (Macintosh; Intel Mac OS X 10_12_6) AppleWebKit/537.36 (KHTML, like Gecko) Chrome/60.0.3112.50 Safari/537.36"
195.91.173.129 - - [13/Jul/2017:23:21:35 +0200] "GET /zzstyle.css?1491341099 HTTP/1.1" 200 1389 "http://timestamp.online/countdown/1500000000" "Mozilla/5.0 (Macintosh; Intel Mac OS X 10_12_6) AppleWebKit/537.36 (KHTML, like Gecko) Chrome/60.0.3112.50 Safari/537.36"
195.91.173.129 - - [13/Jul/2017:23:21:35 +0200] "GET /timestamp.js?1491341099 HTTP/1.1" 200 2853 "http://timestamp.online/countdown/1500000000" "Mozilla/5.0 (Macintosh; Intel Mac OS X 10_12_6) AppleWebKit/537.36 (KHTML, like Gecko) Chrome/60.0.3112.50 Safari/537.36"
195.91.173.129 - - [13/Jul/2017:23:21:35 +0200] "GET /favicon.ico HTTP/1.1" 404 22529 "http://timestamp.online/countdown/1500000000" "Mozilla/5.0 (Macintosh; Intel Mac OS X 10_12_6) AppleWebKit/537.36 (KHTML, like Gecko) Chrome/60.0.3112.50 Safari/537.36"
67.83.177.178 - - [13/Jul/2017:23:21:35 +0200] "GET /favicon.ico HTTP/1.1" 404 22529 "http://timestamp.online/countdown/1500000000" "Mozilla/5.0 (Macintosh; Intel Mac OS X 10_12_5) AppleWebKit/537.36 (KHTML, like Gecko) Chrome/59.0.3071.115 Safari/537.36"
45.55.206.195 - - [13/Jul/2017:23:21:35 +0200] "GET /countdown/1500000000 HTTP/1.1" 200 4341 "-" "Mozilla/5.0 (Windows NT 6.2; Win64; x64) AppleWebKit/537.36 (KHTML, like Gecko) Chrome/32.0.1667.0 Safari/537.36"
95.91.215.37 - - [13/Jul/2017:23:21:36 +0200] "GET /countdown/1500000000 HTTP/1.1" 200 4341 "-" "Mozilla/5.0 (Macintosh; Intel Mac OS X 10_12_5) AppleWebKit/537.36 (KHTML, like Gecko) Chrome/59.0.3071.115 Safari/537.36"
95.91.215.37 - - [13/Jul/2017:23:21:36 +0200] "GET /zzstyle.css?1491341099 HTTP/1.1" 200 1389 "http://timestamp.online/countdown/1500000000" "Mozilla/5.0 (Macintosh; Intel Mac OS X 10_12_5) AppleWebKit/537.36 (KHTML, like Gecko) Chrome/59.0.3071.115 Safari/537.36"
95.91.215.37 - - [13/Jul/2017:23:21:36 +0200] "GET /timestamp.js?1491341099 HTTP/1.1" 200 2853 "http://timestamp.online/countdown/1500000000" "Mozilla/5.0 (Macintosh; Intel Mac OS X 10_12_5) AppleWebKit/537.36 (KHTML, like Gecko) Chrome/59.0.3071.115 Safari/537.36"
79.242.203.139 - - [13/Jul/2017:23:21:36 +0200] "GET /countdown/1500000000 HTTP/1.1" 200 4341 "-" "Mozilla/5.0 (compatible) AppleWebKit Chrome Safari"
95.91.215.37 - - [13/Jul/2017:23:21:36 +0200] "GET /favicon.ico HTTP/1.1" 404 22529 "http://timestamp.online/countdown/1500000000" "Mozilla/5.0 (Macintosh; Intel Mac OS X 10_12_5) AppleWebKit/537.36 (KHTML, like Gecko) Chrome/59.0.3071.115 Safari/537.36"
72.29.164.198 - - [13/Jul/2017:23:21:37 +0200] "GET /countdown/1500000000 HTTP/1.1" 200 4341 "https://news.ycombinator.com/" "Mozilla/5.0 (Windows NT 10.0; Win64; x64) AppleWebKit/537.36 (KHTML, like Gecko) Chrome/59.0.3071.115 Safari/537.36"
144.138.0.82 - - [13/Jul/2017:23:21:37 +0200] "GET /countdown/1500000000 HTTP/1.1" 200 4341 "https://news.ycombinator.com/" "Mozilla/5.0 (iPhone; CPU iPhone OS 10_3_2 like Mac OS X) AppleWebKit/603.1.30 (KHTML, like Gecko) CriOS/59.0.3071.102 Mobile/14F89 Safari/602.1"
72.29.164.198 - - [13/Jul/2017:23:21:38 +0200] "GET /zzstyle.css?1491341099 HTTP/1.1" 200 1389 "http://timestamp.online/countdown/1500000000" "Mozilla/5.0 (Windows NT 10.0; Win64; x64) AppleWebKit/537.36 (KHTML, like Gecko) Chrome/59.0.3071.115 Safari/537.36"
72.29.164.198 - - [13/Jul/2017:23:21:38 +0200] "GET /timestamp.js?1491341099 HTTP/1.1" 200 2853 "http://timestamp.online/countdown/1500000000" "Mozilla/5.0 (Windows NT 10.0; Win64; x64) AppleWebKit/537.36 (KHTML, like Gecko) Chrome/59.0.3071.115 Safari/537.36"
2a02:8084:21c0:1b00:a5de:1df9:577f:1df8 - - [13/Jul/2017:23:21:38 +0200] "GET /example/java HTTP/1.1" 200 4653 "http://timestamp.online/countdown/1500000000" "Mozilla/5.0 (Macintosh; Intel Mac OS X 10_12_5) AppleWebKit/537.36 (KHTML, like Gecko) Chrome/59.0.3071.115 Safari/537.36"
72.29.164.198 - - [13/Jul/2017:23:21:38 +0200] "GET /favicon.ico HTTP/1.1" 404 22529 "http://timestamp.online/countdown/1500000000" "Mozilla/5.0 (Windows NT 10.0; Win64; x64) AppleWebKit/537.36 (KHTML, like Gecko) Chrome/59.0.3071.115 Safari/537.36"
35.196.47.8 - - [13/Jul/2017:23:21:39 +0200] "GET /countdown/1500000000 HTTP/1.1" 200 4341 "-" "Mozilla/5.0 (compatible; Discordbot/2.0; +https://discordapp.com)"
2620:0:1000:1e10:1c87:b827:f24:3aa3 - - [13/Jul/2017:23:21:39 +0200] "GET /countdown/1500000000 HTTP/1.1" 200 4341 "https://news.ycombinator.com/" "Mozilla/5.0 (Macintosh; Intel Mac OS X 10_12_5) AppleWebKit/537.36 (KHTML, like Gecko) Chrome/59.0.3071.115 Safari/537.36"
2620:0:1000:1e10:1c87:b827:f24:3aa3 - - [13/Jul/2017:23:21:39 +0200] "GET /zzstyle.css?1491341099 HTTP/1.1" 200 1389 "http://timestamp.online/countdown/1500000000" "Mozilla/5.0 (Macintosh; Intel Mac OS X 10_12_5) AppleWebKit/537.36 (KHTML, like Gecko) Chrome/59.0.3071.115 Safari/537.36"
2620:0:1000:1e10:1c87:b827:f24:3aa3 - - [13/Jul/2017:23:21:39 +0200] "GET /timestamp.js?1491341099 HTTP/1.1" 200 2853 "http://timestamp.online/countdown/1500000000" "Mozilla/5.0 (Macintosh; Intel Mac OS X 10_12_5) AppleWebKit/537.36 (KHTML, like Gecko) Chrome/59.0.3071.115 Safari/537.36"
2620:0:1000:1e10:1c87:b827:f24:3aa3 - - [13/Jul/2017:23:21:40 +0200] "GET /favicon.ico HTTP/1.1" 404 22529 "http://timestamp.online/countdown/1500000000" "Mozilla/5.0 (Macintosh; Intel Mac OS X 10_12_5) AppleWebKit/537.36 (KHTML, like Gecko) Chrome/59.0.3071.115 Safari/537.36"
201.17.239.161 - - [13/Jul/2017:23:21:40 +0200] "GET /countdown/1500000000 HTTP/1.1" 200 4341 "-" "Mozilla/5.0 (X11; Linux x86_64) AppleWebKit/537.36 (KHTML, like Gecko) Chrome/59.0.3071.104 Safari/537.36"
178.165.128.49 - - [13/Jul/2017:23:21:40 +0200] "GET /countdown/1500000000 HTTP/1.1" 200 4341 "https://news.ycombinator.com/" "Mozilla/5.0 (Android 7.0; Mobile; rv:54.0) Gecko/54.0 Firefox/54.0"
201.17.239.161 - - [13/Jul/2017:23:21:41 +0200] "GET /zzstyle.css?1491341099 HTTP/1.1" 200 1389 "http://timestamp.online/countdown/1500000000" "Mozilla/5.0 (X11; Linux x86_64) AppleWebKit/537.36 (KHTML, like Gecko) Chrome/59.0.3071.104 Safari/537.36"
201.17.239.161 - - [13/Jul/2017:23:21:41 +0200] "GET /timestamp.js?1491341099 HTTP/1.1" 200 2853 "http://timestamp.online/countdown/1500000000" "Mozilla/5.0 (X11; Linux x86_64) AppleWebKit/537.36 (KHTML, like Gecko) Chrome/59.0.3071.104 Safari/537.36"
178.165.128.49 - - [13/Jul/2017:23:21:41 +0200] "GET /zzstyle.css?1491341099 HTTP/1.1" 200 1389 "http://timestamp.online/countdown/1500000000" "Mozilla/5.0 (Android 7.0; Mobile; rv:54.0) Gecko/54.0 Firefox/54.0"
2604:2000:f88d:8100:3deb:dc21:3e8c:2006 - - [13/Jul/2017:23:21:41 +0200] "GET /countdown/1500000000 HTTP/1.1" 200 4341 "http://hckrnews.com/" "Mozilla/5.0 (X11; Linux x86_64) AppleWebKit/537.36 (KHTML, like Gecko) Chrome/58.0.3029.96 Safari/537.36"
74.208.16.37 - - [13/Jul/2017:23:21:41 +0200] "GET /countdown/1500000000 HTTP/1.1" 200 4341 "http://www.google.co.uk/url?sa=t&source=web&cd=1" "Mozilla/5.0 (Windows NT 10.0; WOW64) AppleWebKit/537.36 (KHTML, like Gecko) Chrome/54.0.2840.71 Safari/537.36"
178.165.128.49 - - [13/Jul/2017:23:21:41 +0200] "GET /timestamp.js?1491341099 HTTP/1.1" 200 2853 "http://timestamp.online/countdown/1500000000" "Mozilla/5.0 (Android 7.0; Mobile; rv:54.0) Gecko/54.0 Firefox/54.0"
2604:2000:f88d:8100:3deb:dc21:3e8c:2006 - - [13/Jul/2017:23:21:41 +0200] "GET /zzstyle.css?1491341099 HTTP/1.1" 200 1389 "http://timestamp.online/countdown/1500000000" "Mozilla/5.0 (X11; Linux x86_64) AppleWebKit/537.36 (KHTML, like Gecko) Chrome/58.0.3029.96 Safari/537.36"
2604:2000:f88d:8100:3deb:dc21:3e8c:2006 - - [13/Jul/2017:23:21:41 +0200] "GET /timestamp.js?1491341099 HTTP/1.1" 200 2853 "http://timestamp.online/countdown/1500000000" "Mozilla/5.0 (X11; Linux x86_64) AppleWebKit/537.36 (KHTML, like Gecko) Chrome/58.0.3029.96 Safari/537.36"
178.165.128.49 - - [13/Jul/2017:23:21:41 +0200] "GET /favicon.ico HTTP/1.1" 404 22356 "-" "Mozilla/5.0 (Android 7.0; Mobile; rv:54.0.1) Gecko/54.0.1 Firefox/54.0.1"
46.1.86.208 - - [13/Jul/2017:23:21:41 +0200] "GET /countdown/1500000000 HTTP/1.1" 200 4341 "https://news.ycombinator.com/" "Mozilla/5.0 (Windows NT 10.0; Win64; x64) AppleWebKit/537.36 (KHTML, like Gecko) Chrome/59.0.3071.115 Safari/537.36"
46.1.86.208 - - [13/Jul/2017:23:21:42 +0200] "GET /zzstyle.css?1491341099 HTTP/1.1" 200 1389 "http://timestamp.online/countdown/1500000000" "Mozilla/5.0 (Windows NT 10.0; Win64; x64) AppleWebKit/537.36 (KHTML, like Gecko) Chrome/59.0.3071.115 Safari/537.36"
46.1.86.208 - - [13/Jul/2017:23:21:42 +0200] "GET /timestamp.js?1491341099 HTTP/1.1" 200 2853 "http://timestamp.online/countdown/1500000000" "Mozilla/5.0 (Windows NT 10.0; Win64; x64) AppleWebKit/537.36 (KHTML, like Gecko) Chrome/59.0.3071.115 Safari/537.36"
201.17.239.161 - - [13/Jul/2017:23:21:42 +0200] "GET /favicon.ico HTTP/1.1" 404 22636 "http://timestamp.online/countdown/1500000000" "Mozilla/5.0 (X11; Linux x86_64) AppleWebKit/537.36 (KHTML, like Gecko) Chrome/59.0.3071.104 Safari/537.36"
46.1.86.208 - - [13/Jul/2017:23:21:42 +0200] "GET /favicon.ico HTTP/1.1" 404 22582 "http://timestamp.online/countdown/1500000000" "Mozilla/5.0 (Windows NT 10.0; Win64; x64) AppleWebKit/537.36 (KHTML, like Gecko) Chrome/59.0.3071.115 Safari/537.36"
2604:2000:f88d:8100:3deb:dc21:3e8c:2006 - - [13/Jul/2017:23:21:42 +0200] "GET /favicon.ico HTTP/1.1" 404 22529 "http://timestamp.online/countdown/1500000000" "Mozilla/5.0 (X11; Linux x86_64) AppleWebKit/537.36 (KHTML, like Gecko) Chrome/58.0.3029.96 Safari/537.36"
209.116.186.42 - - [13/Jul/2017:23:21:42 +0200] "GET /favicon.ico HTTP/1.1" 406 - "-" "HipChat/3.16.2.12 CFNetwork/811.5.4 Darwin/16.6.0"
209.116.186.42 - - [13/Jul/2017:23:21:42 +0200] "GET /favicon.ico HTTP/1.1" 406 - "-" "HipChat/3.16.2.12 CFNetwork/811.5.4 Darwin/16.6.0"
2a02:8084:a5c2:4000:ccfb:bd62:afd2:9d1e - - [13/Jul/2017:23:21:43 +0200] "GET /timestamp/1511958031 HTTP/1.1" 200 3665 "http://timestamp.online/countdown/1500000000" "Mozilla/5.0 (Macintosh; Intel Mac OS X 10_12_5) AppleWebKit/537.36 (KHTML, like Gecko) Chrome/61.0.3141.7 Safari/537.36"
2a02:8084:a5c2:4000:ccfb:bd62:afd2:9d1e - - [13/Jul/2017:23:21:43 +0200] "GET /zzstyle.css?1491341099 HTTP/1.1" 200 1389 "http://timestamp.online/timestamp/1511958031" "Mozilla/5.0 (Macintosh; Intel Mac OS X 10_12_5) AppleWebKit/537.36 (KHTML, like Gecko) Chrome/61.0.3141.7 Safari/537.36"
144.138.0.82 - - [13/Jul/2017:23:21:45 +0200] "GET /countdown/1500000000 HTTP/1.1" 200 4341 "https://news.ycombinator.com/" "Mozilla/5.0 (iPhone; CPU iPhone OS 10_3_2 like Mac OS X) AppleWebKit/603.1.30 (KHTML, like Gecko) CriOS/59.0.3071.102 Mobile/14F89 Safari/602.1"
50.116.49.209 - - [13/Jul/2017:23:21:46 +0200] "GET /countdown/1500000000 HTTP/1.1" 200 4341 "-" "Mozilla/5.0 (compatible; EveryoneSocialBot/1.0; support@everyonesocial.com http://everyonesocial.com/)"
144.138.0.82 - - [13/Jul/2017:23:21:46 +0200] "GET /zzstyle.css?1491341099 HTTP/1.1" 200 1389 "http://timestamp.online/countdown/1500000000" "Mozilla/5.0 (iPhone; CPU iPhone OS 10_3_2 like Mac OS X) AppleWebKit/603.1.30 (KHTML, like Gecko) CriOS/59.0.3071.102 Mobile/14F89 Safari/602.1"
88.99.144.153 - - [13/Jul/2017:23:21:46 +0200] "GET /countdown/1500000000 HTTP/1.1" 200 4341 "https://hnrss.org/newest" "Mozilla/5.0 (X11; Ubuntu; Linux x86_64; rv:50.0) Gecko/20100101 Firefox/50.0"
144.138.0.82 - - [13/Jul/2017:23:21:46 +0200] "GET /timestamp.js?1491341099 HTTP/1.1" 200 2853 "http://timestamp.online/countdown/1500000000" "Mozilla/5.0 (iPhone; CPU iPhone OS 10_3_2 like Mac OS X) AppleWebKit/603.1.30 (KHTML, like Gecko) CriOS/59.0.3071.102 Mobile/14F89 Safari/602.1"
37.187.165.37 - - [13/Jul/2017:23:21:46 +0200] "GET /countdown/1500000000 HTTP/1.1" 200 4341 "-" "Mozilla/5.0 (compatible; PaperLiBot/2.1; http://support.paper.li/entries/20023257-what-is-paper-li)"
2601:1c2:101:4178:adbd:d0fb:fead:a712 - - [13/Jul/2017:23:21:46 +0200] "GET /countdown/1500000000 HTTP/1.1" 200 4341 "https://news.ycombinator.com/" "Mozilla/5.0 (Macintosh; Intel Mac OS X 10_12_5) AppleWebKit/603.2.4 (KHTML, like Gecko) Version/10.1.1 Safari/603.2.4"
74.62.229.142 - - [13/Jul/2017:23:21:46 +0200] "GET /countdown/1500000000 HTTP/1.1" 200 4341 "https://news.ycombinator.com/" "Mozilla/5.0 (Macintosh; Intel Mac OS X 10_12_5) AppleWebKit/537.36 (KHTML, like Gecko) Chrome/59.0.3071.115 Safari/537.36"
2601:1c2:101:4178:adbd:d0fb:fead:a712 - - [13/Jul/2017:23:21:46 +0200] "GET /zzstyle.css?1491341099 HTTP/1.1" 200 1389 "http://timestamp.online/countdown/1500000000" "Mozilla/5.0 (Macintosh; Intel Mac OS X 10_12_5) AppleWebKit/603.2.4 (KHTML, like Gecko) Version/10.1.1 Safari/603.2.4"
74.62.229.142 - - [13/Jul/2017:23:21:47 +0200] "GET /zzstyle.css?1491341099 HTTP/1.1" 200 1389 "http://timestamp.online/countdown/1500000000" "Mozilla/5.0 (Macintosh; Intel Mac OS X 10_12_5) AppleWebKit/537.36 (KHTML, like Gecko) Chrome/59.0.3071.115 Safari/537.36"
74.62.229.142 - - [13/Jul/2017:23:21:47 +0200] "GET /timestamp.js?1491341099 HTTP/1.1" 200 2853 "http://timestamp.online/countdown/1500000000" "Mozilla/5.0 (Macintosh; Intel Mac OS X 10_12_5) AppleWebKit/537.36 (KHTML, like Gecko) Chrome/59.0.3071.115 Safari/537.36"
2601:1c2:101:4178:adbd:d0fb:fead:a712 - - [13/Jul/2017:23:21:47 +0200] "GET /timestamp.js?1491341099 HTTP/1.1" 200 2853 "http://timestamp.online/countdown/1500000000" "Mozilla/5.0 (Macintosh; Intel Mac OS X 10_12_5) AppleWebKit/603.2.4 (KHTML, like Gecko) Version/10.1.1 Safari/603.2.4"
74.62.229.142 - - [13/Jul/2017:23:21:47 +0200] "GET /favicon.ico HTTP/1.1" 404 22529 "http://timestamp.online/countdown/1500000000" "Mozilla/5.0 (Macintosh; Intel Mac OS X 10_12_5) AppleWebKit/537.36 (KHTML, like Gecko) Chrome/59.0.3071.115 Safari/537.36"
2601:1c2:101:4178:adbd:d0fb:fead:a712 - - [13/Jul/2017:23:21:47 +0200] "GET /favicon.ico HTTP/1.1" 404 22529 "http://timestamp.online/countdown/1500000000" "Mozilla/5.0 (Macintosh; Intel Mac OS X 10_12_5) AppleWebKit/603.2.4 (KHTML, like Gecko) Version/10.1.1 Safari/603.2.4"
2a02:8084:a5c2:4000:ccfb:bd62:afd2:9d1e - - [13/Jul/2017:23:21:48 +0200] "GET /countdown/1500000000 HTTP/1.1" 200 4341 "-" "Mozilla/5.0 (Macintosh; Intel Mac OS X 10_12_5) AppleWebKit/537.36 (KHTML, like Gecko) Chrome/61.0.3141.7 Safari/537.36"
166.137.242.130 - - [13/Jul/2017:23:21:49 +0200] "GET /countdown/1500000000 HTTP/1.1" 200 4341 "-" "Mozilla/5.0 (iPhone; CPU iPhone OS 10_3_2 like Mac OS X) AppleWebKit/603.2.4 (KHTML, like Gecko) Mobile/14F89"
184.23.186.154 - - [13/Jul/2017:23:21:49 +0200] "GET /countdown/1500000000 HTTP/1.1" 200 4341 "https://news.ycombinator.com/" "Mozilla/5.0 (Macintosh; Intel Mac OS X 10_12_5) AppleWebKit/537.36 (KHTML, like Gecko) Chrome/59.0.3071.115 Safari/537.36"
144.138.0.82 - - [13/Jul/2017:23:21:49 +0200] "GET /favicon.ico HTTP/1.1" 404 22356 "-" "Mozilla/5.0 (iPhone; CPU iPhone OS 10_3_2 like Mac OS X) AppleWebKit/603.1.30 (KHTML, like Gecko) CriOS/59.0.3071.102 Mobile/14F89 Safari/602.1"
2620:101:4035:325:150:70:173:53 - - [13/Jul/2017:23:21:49 +0200] "GET /countdown/1500000000 HTTP/1.1" 200 4341 "-" "Mozilla/4.0 (compatible; MSIE 8.0; Windows NT 5.1; Trident/4.0)"
88.98.222.191 - - [13/Jul/2017:23:21:52 +0200] "GET /countdown/1500000000 HTTP/1.1" 200 4341 "https://news.ycombinator.com/" "Mozilla/5.0 (Macintosh; Intel Mac OS X 10_12_6) AppleWebKit/537.36 (KHTML, like Gecko) Chrome/59.0.3071.115 Safari/537.36"
73.26.4.32 - - [13/Jul/2017:23:21:52 +0200] "GET /countdown/1500000000 HTTP/1.1" 200 4341 "https://news.ycombinator.com/" "Mozilla/5.0 (Macintosh; Intel Mac OS X 10_11_6) AppleWebKit/537.36 (KHTML, like Gecko) Chrome/58.0.3029.110 Safari/537.36"
91.134.157.20 - - [13/Jul/2017:23:21:52 +0200] "GET /countdown/1500000000 HTTP/1.1" 200 4341 "http://www.google.co.uk/url?sa=t&source=web&cd=1" "Mozilla/5.0 (Windows NT 6.1; WOW64) AppleWebKit/535.2 (KHTML, like Gecko) Chrome/15.0.874.92 Safari/535.2"
80.187.118.83 - - [13/Jul/2017:23:21:52 +0200] "GET /countdown/1500000000 HTTP/1.1" 200 4341 "http://newsblur.com/site/6327282/hacker-news" "Mozilla/5.0 (X11; Linux x86_64; rv:45.0) Gecko/20100101 Firefox/45.0"
184.23.186.154 - - [13/Jul/2017:23:21:52 +0200] "GET /zzstyle.css?1491341099 HTTP/1.1" 200 1389 "http://timestamp.online/countdown/1500000000" "Mozilla/5.0 (Macintosh; Intel Mac OS X 10_12_5) AppleWebKit/537.36 (KHTML, like Gecko) Chrome/59.0.3071.115 Safari/537.36"
184.23.186.154 - - [13/Jul/2017:23:21:52 +0200] "GET /timestamp.js?1491341099 HTTP/1.1" 200 2853 "http://timestamp.online/countdown/1500000000" "Mozilla/5.0 (Macintosh; Intel Mac OS X 10_12_5) AppleWebKit/537.36 (KHTML, like Gecko) Chrome/59.0.3071.115 Safari/537.36"
54.202.41.194 - - [13/Jul/2017:23:21:52 +0200] "GET /countdown/1500000000 HTTP/1.1" 200 4341 "-" "Mozilla/5.0"
54.206.5.169 - - [13/Jul/2017:23:21:56 +0200] "HEAD /countdown/1500000000 HTTP/1.1" 200 - "-" "-"
88.98.222.191 - - [13/Jul/2017:23:21:59 +0200] "GET /zzstyle.css?1491341099 HTTP/1.1" 200 1389 "http://timestamp.online/countdown/1500000000" "Mozilla/5.0 (Macintosh; Intel Mac OS X 10_12_6) AppleWebKit/537.36 (KHTML, like Gecko) Chrome/59.0.3071.115 Safari/537.36"
88.98.222.191 - - [13/Jul/2017:23:21:59 +0200] "GET /timestamp.js?1491341099 HTTP/1.1" 200 2853 "http://timestamp.online/countdown/1500000000" "Mozilla/5.0 (Macintosh; Intel Mac OS X 10_12_6) AppleWebKit/537.36 (KHTML, like Gecko) Chrome/59.0.3071.115 Safari/537.36"
80.187.118.83 - - [13/Jul/2017:23:21:59 +0200] "GET /zzstyle.css?1491341099 HTTP/1.1" 200 1389 "http://timestamp.online/countdown/1500000000" "Mozilla/5.0 (X11; Linux x86_64; rv:45.0) Gecko/20100101 Firefox/45.0"
73.26.4.32 - - [13/Jul/2017:23:21:59 +0200] "GET /zzstyle.css?1491341099 HTTP/1.1" 200 1389 "http://timestamp.online/countdown/1500000000" "Mozilla/5.0 (Macintosh; Intel Mac OS X 10_11_6) AppleWebKit/537.36 (KHTML, like Gecko) Chrome/58.0.3029.110 Safari/537.36"
80.187.118.83 - - [13/Jul/2017:23:21:59 +0200] "GET /timestamp.js?1491341099 HTTP/1.1" 200 2853 "http://timestamp.online/countdown/1500000000" "Mozilla/5.0 (X11; Linux x86_64; rv:45.0) Gecko/20100101 Firefox/45.0"
184.23.186.154 - - [13/Jul/2017:23:21:59 +0200] "GET /favicon.ico HTTP/1.1" 404 22529 "http://timestamp.online/countdown/1500000000" "Mozilla/5.0 (Macintosh; Intel Mac OS X 10_12_5) AppleWebKit/537.36 (KHTML, like Gecko) Chrome/59.0.3071.115 Safari/537.36"
73.26.4.32 - - [13/Jul/2017:23:21:59 +0200] "GET /timestamp.js?1491341099 HTTP/1.1" 200 2853 "http://timestamp.online/countdown/1500000000" "Mozilla/5.0 (Macintosh; Intel Mac OS X 10_11_6) AppleWebKit/537.36 (KHTML, like Gecko) Chrome/58.0.3029.110 Safari/537.36"
82.234.251.174 - - [13/Jul/2017:23:21:59 +0200] "GET /countdown/1500000000 HTTP/1.1" 200 4341 "https://news.ycombinator.com/" "Mozilla/5.0 (Macintosh; Intel Mac OS X 10_12_4) AppleWebKit/537.36 (KHTML, like Gecko) Chrome/59.0.3071.115 Safari/537.36"
66.249.100.36 - - [13/Jul/2017:23:21:59 +0200] "GET /countdown/1500000000 HTTP/1.1" 200 4341 "-" "Mozilla/5.0 (X11; Linux x86_64) AppleWebKit/537.36 (KHTML, like Gecko) Chrome/59.0.3071.115 Safari/537.36 OPR/46.0.2597.39"
217.182.132.241 - - [13/Jul/2017:23:21:59 +0200] "GET /timestamp/1499103931 HTTP/1.1" 200 3665 "-" "Mozilla/5.0 (compatible; AhrefsBot/5.2; +http://ahrefs.com/robot/)"
184.23.232.50 - - [13/Jul/2017:23:21:59 +0200] "GET /countdown/1500000000 HTTP/1.1" 200 4341 "https://news.ycombinator.com/" "Mozilla/5.0 (Macintosh; Intel Mac OS X 10_11_6) AppleWebKit/537.36 (KHTML, like Gecko) Chrome/59.0.3071.115 Safari/537.36"
59.106.108.116 - - [13/Jul/2017:23:21:59 +0200] "GET /countdown/1500000000 HTTP/1.1" 200 4341 "-" "Hatena::Bookmark/2.00 (Hatena::Bookmark; master;)"
64.9.169.5 - - [13/Jul/2017:23:21:59 +0200] "GET /timestamp/1499980908 HTTP/1.1" 200 3665 "http://timestamp.online/countdown/1500000000" "Mozilla/5.0 (Windows NT 6.1; Win64; x64) AppleWebKit/537.36 (KHTML, like Gecko) Chrome/59.0.3071.115 Safari/537.36"
71.37.217.197 - - [13/Jul/2017:23:21:59 +0200] "GET /countdown/1500000000 HTTP/1.1" 200 4341 "-" "Mozilla/5.0 (X11; Linux x86_64) AppleWebKit/537.36 (KHTML, like Gecko) Chrome/61.0.3115.0 Safari/537.36"
82.234.251.174 - - [13/Jul/2017:23:21:59 +0200] "GET /countdown/1500000000 HTTP/1.1" 200 4341 "https://news.ycombinator.com/" "Mozilla/5.0 (Macintosh; Intel Mac OS X 10_12_4) AppleWebKit/537.36 (KHTML, like Gecko) Chrome/59.0.3071.115 Safari/537.36"
82.234.251.174 - - [13/Jul/2017:23:21:59 +0200] "GET /countdown/1500000000 HTTP/1.1" 200 4341 "https://news.ycombinator.com/" "Mozilla/5.0 (Macintosh; Intel Mac OS X 10_12_4) AppleWebKit/537.36 (KHTML, like Gecko) Chrome/59.0.3071.115 Safari/537.36"
82.234.251.174 - - [13/Jul/2017:23:21:59 +0200] "GET /countdown/1500000000 HTTP/1.1" 200 4341 "https://news.ycombinator.com/" "Mozilla/5.0 (Macintosh; Intel Mac OS X 10_12_4) AppleWebKit/537.36 (KHTML, like Gecko) Chrome/59.0.3071.115 Safari/537.36"
209.116.186.42 - - [13/Jul/2017:23:21:59 +0200] "GET /favicon.ico HTTP/1.1" 404 22356 "-" "Mozilla/5.0 (Macintosh; Intel Mac OS X 10_12_3) AppleWebKit/602.4.8 (KHTML, like Gecko) HipChat/732 (modern)"
82.234.251.174 - - [13/Jul/2017:23:21:59 +0200] "GET /countdown/1500000000 HTTP/1.1" 200 4341 "https://news.ycombinator.com/" "Mozilla/5.0 (Macintosh; Intel Mac OS X 10_12_4) AppleWebKit/537.36 (KHTML, like Gecko) Chrome/59.0.3071.115 Safari/537.36"
86.121.173.236 - - [13/Jul/2017:23:21:59 +0200] "GET /countdown/1500000000 HTTP/1.1" 200 4341 "-" "Mozilla/5.0 (Macintosh; Intel Mac OS X 10.12; rv:53.0) Gecko/20100101 Firefox/53.0"
82.234.251.174 - - [13/Jul/2017:23:21:59 +0200] "GET /countdown/1500000000 HTTP/1.1" 200 4341 "https://news.ycombinator.com/" "Mozilla/5.0 (Macintosh; Intel Mac OS X 10_12_4) AppleWebKit/537.36 (KHTML, like Gecko) Chrome/59.0.3071.115 Safari/537.36"
24.246.149.129 - - [13/Jul/2017:23:21:59 +0200] "GET /countdown/1500000000 HTTP/1.1" 200 4341 "https://news.ycombinator.com/" "Mozilla/5.0 (Linux; Android 7.0; XT1585 Build/NCKS25.118-10-6) AppleWebKit/537.36 (KHTML, like Gecko) Chrome/59.0.3071.125 Mobile Safari/537.36"
82.234.251.174 - - [13/Jul/2017:23:21:59 +0200] "GET /countdown/1500000000 HTTP/1.1" 200 4341 "https://news.ycombinator.com/" "Mozilla/5.0 (Macintosh; Intel Mac OS X 10_12_4) AppleWebKit/537.36 (KHTML, like Gecko) Chrome/59.0.3071.115 Safari/537.36"
199.4.160.88 - - [13/Jul/2017:23:21:59 +0200] "GET /countdown/1500000000 HTTP/1.1" 200 4341 "https://news.ycombinator.com/" "Mozilla/5.0 (Macintosh; Intel Mac OS X 10_12_5) AppleWebKit/603.2.4 (KHTML, like Gecko) Version/10.1.1 Safari/603.2.4"
54.206.5.169 - - [13/Jul/2017:23:21:59 +0200] "GET /countdown/1500000000 HTTP/1.1" 200 4341 "-" "Mozilla/5.0 (Windows NT 6.1; WOW64) AppleWebKit/537.31 (KHTML, like Gecko) Chrome/26.0.1410.64 Safari/537.31"
82.234.251.174 - - [13/Jul/2017:23:21:59 +0200] "GET /countdown/1500000000 HTTP/1.1" 200 4341 "https://news.ycombinator.com/" "Mozilla/5.0 (Macintosh; Intel Mac OS X 10_12_4) AppleWebKit/537.36 (KHTML, like Gecko) Chrome/59.0.3071.115 Safari/537.36"
2a02:8084:a5c2:4000:ccfb:bd62:afd2:9d1e - - [13/Jul/2017:23:21:59 +0200] "GET /countdown/1511958031 HTTP/1.1" 200 4355 "-" "Mozilla/5.0 (Macintosh; Intel Mac OS X 10_12_5) AppleWebKit/537.36 (KHTML, like Gecko) Chrome/61.0.3141.7 Safari/537.36"
71.217.70.80 - - [13/Jul/2017:23:21:59 +0200] "GET /countdown/1500000000 HTTP/1.1" 200 4341 "-" "Mozilla/5.0 (Macintosh; Intel Mac OS X 10_11_1) AppleWebKit/537.36 (KHTML, like Gecko) Chrome/58.0.3029.110 Safari/537.36"
84.75.65.61 - - [13/Jul/2017:23:21:59 +0200] "GET /countdown/1500000000 HTTP/1.1" 200 4341 "-" "Mozilla/5.0 (Macintosh; Intel Mac OS X 10_12_5) AppleWebKit/603.2.4 (KHTML, like Gecko) Version/10.1.1 Safari/603.2.4"
145.130.122.131 - - [13/Jul/2017:23:21:59 +0200] "GET /countdown/1500000000 HTTP/1.1" 200 4341 "https://news.ycombinator.com/" "Mozilla/5.0 (X11; Ubuntu; Linux i686; rv:54.0) Gecko/20100101 Firefox/54.0"
50.200.153.172 - - [13/Jul/2017:23:21:59 +0200] "GET /countdown/1500000000 HTTP/1.1" 200 4341 "https://news.ycombinator.com/" "Mozilla/5.0 (X11; Linux x86_64) AppleWebKit/537.36 (KHTML, like Gecko) Chrome/58.0.3029.81 Safari/537.36"
96.35.220.54 - - [13/Jul/2017:23:21:59 +0200] "GET /countdown/1500000000 HTTP/1.1" 200 4341 "-" "Mozilla/5.0 (Macintosh; Intel Mac OS X 10_12_5) AppleWebKit/603.2.4 (KHTML, like Gecko) Version/10.1.1 Safari/603.2.4"
91.93.255.7 - - [13/Jul/2017:23:21:59 +0200] "GET /countdown/1500000000 HTTP/1.1" 200 4341 "https://news.ycombinator.com/" "Mozilla/5.0 (Linux; Android 7.0; SM-N920C Build/NRD90M) AppleWebKit/537.36 (KHTML, like Gecko) Chrome/59.0.3071.125 Mobile Safari/537.36"
66.62.244.5 - - [13/Jul/2017:23:21:59 +0200] "GET /countdown/1500000000 HTTP/1.1" 200 4341 "https://news.ycombinator.com/" "Mozilla/5.0 (Macintosh; Intel Mac OS X 10_12_5) AppleWebKit/537.36 (KHTML, like Gecko) Chrome/59.0.3071.115 Safari/537.36"
2620:0:1000:6811:5df6:cf35:2ff5:b1b1 - - [13/Jul/2017:23:21:59 +0200] "GET /countdown/1500000000 HTTP/1.1" 200 4341 "https://news.ycombinator.com/" "Mozilla/5.0 (X11; Linux x86_64) AppleWebKit/537.36 (KHTML, like Gecko) Chrome/59.0.3071.29 Safari/537.36"
82.234.251.174 - - [13/Jul/2017:23:21:59 +0200] "GET /zzstyle.css?1491341099 HTTP/1.1" 200 1389 "http://timestamp.online/countdown/1500000000" "Mozilla/5.0 (Macintosh; Intel Mac OS X 10_12_4) AppleWebKit/537.36 (KHTML, like Gecko) Chrome/59.0.3071.115 Safari/537.36"
88.98.222.191 - - [13/Jul/2017:23:21:59 +0200] "GET /favicon.ico HTTP/1.1" 404 22529 "http://timestamp.online/countdown/1500000000" "Mozilla/5.0 (Macintosh; Intel Mac OS X 10_12_6) AppleWebKit/537.36 (KHTML, like Gecko) Chrome/59.0.3071.115 Safari/537.36"
82.234.251.174 - - [13/Jul/2017:23:22:00 +0200] "GET /timestamp.js?1491341099 HTTP/1.1" 200 2853 "http://timestamp.online/countdown/1500000000" "Mozilla/5.0 (Macintosh; Intel Mac OS X 10_12_4) AppleWebKit/537.36 (KHTML, like Gecko) Chrome/59.0.3071.115 Safari/537.36"
66.249.100.36 - - [13/Jul/2017:23:22:00 +0200] "GET /zzstyle.css?1491341099 HTTP/1.1" 200 1389 "http://timestamp.online/countdown/1500000000" "Mozilla/5.0 (X11; Linux x86_64) AppleWebKit/537.36 (KHTML, like Gecko) Chrome/59.0.3071.115 Safari/537.36 OPR/46.0.2597.39"
86.121.173.236 - - [13/Jul/2017:23:22:00 +0200] "GET /zzstyle.css?1491341099 HTTP/1.1" 200 1389 "http://timestamp.online/countdown/1500000000" "Mozilla/5.0 (Macintosh; Intel Mac OS X 10.12; rv:53.0) Gecko/20100101 Firefox/53.0"
50.254.138.169 - - [13/Jul/2017:23:22:00 +0200] "GET /countdown/1500000000 HTTP/1.1" 200 4341 "-" "Mozilla/5.0 (Macintosh; Intel Mac OS X 10_12_5) AppleWebKit/537.36 (KHTML, like Gecko) Chrome/59.0.3071.115 Safari/537.36"
80.187.118.83 - - [13/Jul/2017:23:22:00 +0200] "GET /favicon.ico HTTP/1.1" 404 22356 "-" "Mozilla/5.0 (X11; Linux x86_64; rv:45.0) Gecko/20100101 Firefox/45.0"
71.37.217.197 - - [13/Jul/2017:23:22:00 +0200] "GET /zzstyle.css?1491341099 HTTP/1.1" 200 1389 "http://timestamp.online/countdown/1500000000" "Mozilla/5.0 (X11; Linux x86_64) AppleWebKit/537.36 (KHTML, like Gecko) Chrome/61.0.3115.0 Safari/537.36"
86.121.173.236 - - [13/Jul/2017:23:22:00 +0200] "GET /timestamp.js?1491341099 HTTP/1.1" 200 2853 "http://timestamp.online/countdown/1500000000" "Mozilla/5.0 (Macintosh; Intel Mac OS X 10.12; rv:53.0) Gecko/20100101 Firefox/53.0"
199.4.160.88 - - [13/Jul/2017:23:22:00 +0200] "GET /zzstyle.css?1491341099 HTTP/1.1" 200 1389 "http://timestamp.online/countdown/1500000000" "Mozilla/5.0 (Macintosh; Intel Mac OS X 10_12_5) AppleWebKit/603.2.4 (KHTML, like Gecko) Version/10.1.1 Safari/603.2.4"
50.200.153.172 - - [13/Jul/2017:23:22:00 +0200] "GET /zzstyle.css?1491341099 HTTP/1.1" 200 1389 "http://timestamp.online/countdown/1500000000" "Mozilla/5.0 (X11; Linux x86_64) AppleWebKit/537.36 (KHTML, like Gecko) Chrome/58.0.3029.81 Safari/537.36"
50.200.153.172 - - [13/Jul/2017:23:22:00 +0200] "GET /timestamp.js?1491341099 HTTP/1.1" 200 2853 "http://timestamp.online/countdown/1500000000" "Mozilla/5.0 (X11; Linux x86_64) AppleWebKit/537.36 (KHTML, like Gecko) Chrome/58.0.3029.81 Safari/537.36"
96.35.220.54 - - [13/Jul/2017:23:22:00 +0200] "GET /zzstyle.css?1491341099 HTTP/1.1" 200 1389 "http://timestamp.online/countdown/1500000000" "Mozilla/5.0 (Macintosh; Intel Mac OS X 10_12_5) AppleWebKit/603.2.4 (KHTML, like Gecko) Version/10.1.1 Safari/603.2.4"
80.187.118.83 - - [13/Jul/2017:23:22:00 +0200] "GET /favicon.ico HTTP/1.1" 404 22356 "-" "Mozilla/5.0 (X11; Linux x86_64; rv:45.0) Gecko/20100101 Firefox/45.0"
66.249.100.36 - - [13/Jul/2017:23:22:00 +0200] "GET /timestamp.js?1491341099 HTTP/1.1" 200 2853 "http://timestamp.online/countdown/1500000000" "Mozilla/5.0 (X11; Linux x86_64) AppleWebKit/537.36 (KHTML, like Gecko) Chrome/59.0.3071.115 Safari/537.36 OPR/46.0.2597.39"
2620:0:1000:6811:5df6:cf35:2ff5:b1b1 - - [13/Jul/2017:23:22:00 +0200] "GET /zzstyle.css?1491341099 HTTP/1.1" 200 1389 "http://timestamp.online/countdown/1500000000" "Mozilla/5.0 (X11; Linux x86_64) AppleWebKit/537.36 (KHTML, like Gecko) Chrome/59.0.3071.29 Safari/537.36"
2620:0:1000:6811:5df6:cf35:2ff5:b1b1 - - [13/Jul/2017:23:22:00 +0200] "GET /timestamp.js?1491341099 HTTP/1.1" 200 2853 "http://timestamp.online/countdown/1500000000" "Mozilla/5.0 (X11; Linux x86_64) AppleWebKit/537.36 (KHTML, like Gecko) Chrome/59.0.3071.29 Safari/537.36"
184.23.232.50 - - [13/Jul/2017:23:22:00 +0200] "GET /timestamp.js?1491341099 HTTP/1.1" 200 2853 "http://timestamp.online/countdown/1500000000" "Mozilla/5.0 (Macintosh; Intel Mac OS X 10_11_6) AppleWebKit/537.36 (KHTML, like Gecko) Chrome/59.0.3071.115 Safari/537.36"
184.23.232.50 - - [13/Jul/2017:23:22:00 +0200] "GET /zzstyle.css?1491341099 HTTP/1.1" 200 1389 "http://timestamp.online/countdown/1500000000" "Mozilla/5.0 (Macintosh; Intel Mac OS X 10_11_6) AppleWebKit/537.36 (KHTML, like Gecko) Chrome/59.0.3071.115 Safari/537.36"
66.62.244.5 - - [13/Jul/2017:23:22:00 +0200] "GET /zzstyle.css?1491341099 HTTP/1.1" 200 1389 "http://timestamp.online/countdown/1500000000" "Mozilla/5.0 (Macintosh; Intel Mac OS X 10_12_5) AppleWebKit/537.36 (KHTML, like Gecko) Chrome/59.0.3071.115 Safari/537.36"
66.62.244.5 - - [13/Jul/2017:23:22:00 +0200] "GET /timestamp.js?1491341099 HTTP/1.1" 200 2853 "http://timestamp.online/countdown/1500000000" "Mozilla/5.0 (Macintosh; Intel Mac OS X 10_12_5) AppleWebKit/537.36 (KHTML, like Gecko) Chrome/59.0.3071.115 Safari/537.36"
24.246.149.129 - - [13/Jul/2017:23:22:00 +0200] "GET /zzstyle.css?1491341099 HTTP/1.1" 200 1389 "http://timestamp.online/countdown/1500000000" "Mozilla/5.0 (Linux; Android 7.0; XT1585 Build/NCKS25.118-10-6) AppleWebKit/537.36 (KHTML, like Gecko) Chrome/59.0.3071.125 Mobile Safari/537.36"
71.217.70.80 - - [13/Jul/2017:23:22:00 +0200] "GET /zzstyle.css?1491341099 HTTP/1.1" 200 1389 "http://timestamp.online/countdown/1500000000" "Mozilla/5.0 (Macintosh; Intel Mac OS X 10_11_1) AppleWebKit/537.36 (KHTML, like Gecko) Chrome/58.0.3029.110 Safari/537.36"
71.217.70.80 - - [13/Jul/2017:23:22:00 +0200] "GET /timestamp.js?1491341099 HTTP/1.1" 200 2853 "http://timestamp.online/countdown/1500000000" "Mozilla/5.0 (Macintosh; Intel Mac OS X 10_11_1) AppleWebKit/537.36 (KHTML, like Gecko) Chrome/58.0.3029.110 Safari/537.36"
86.121.173.236 - - [13/Jul/2017:23:22:00 +0200] "GET /favicon.ico HTTP/1.1" 404 22356 "-" "Mozilla/5.0 (Macintosh; Intel Mac OS X 10.12; rv:53.0) Gecko/20100101 Firefox/53.0"
91.93.255.7 - - [13/Jul/2017:23:22:00 +0200] "GET /zzstyle.css?1491341099 HTTP/1.1" 200 1389 "http://timestamp.online/countdown/1500000000" "Mozilla/5.0 (Linux; Android 7.0; SM-N920C Build/NRD90M) AppleWebKit/537.36 (KHTML, like Gecko) Chrome/59.0.3071.125 Mobile Safari/537.36"
84.75.65.61 - - [13/Jul/2017:23:22:00 +0200] "GET /zzstyle.css?1491341099 HTTP/1.1" 200 1389 "http://timestamp.online/countdown/1500000000" "Mozilla/5.0 (Macintosh; Intel Mac OS X 10_12_5) AppleWebKit/603.2.4 (KHTML, like Gecko) Version/10.1.1 Safari/603.2.4"
199.4.160.88 - - [13/Jul/2017:23:22:00 +0200] "GET /timestamp.js?1491341099 HTTP/1.1" 200 2853 "http://timestamp.online/countdown/1500000000" "Mozilla/5.0 (Macintosh; Intel Mac OS X 10_12_5) AppleWebKit/603.2.4 (KHTML, like Gecko) Version/10.1.1 Safari/603.2.4"
50.254.138.169 - - [13/Jul/2017:23:22:00 +0200] "GET /zzstyle.css?1491341099 HTTP/1.1" 200 1389 "http://timestamp.online/countdown/1500000000" "Mozilla/5.0 (Macintosh; Intel Mac OS X 10_12_5) AppleWebKit/537.36 (KHTML, like Gecko) Chrome/59.0.3071.115 Safari/537.36"
50.254.138.169 - - [13/Jul/2017:23:22:00 +0200] "GET /timestamp.js?1491341099 HTTP/1.1" 200 2853 "http://timestamp.online/countdown/1500000000" "Mozilla/5.0 (Macintosh; Intel Mac OS X 10_12_5) AppleWebKit/537.36 (KHTML, like Gecko) Chrome/59.0.3071.115 Safari/537.36"
96.35.220.54 - - [13/Jul/2017:23:22:00 +0200] "GET /timestamp.js?1491341099 HTTP/1.1" 200 2853 "http://timestamp.online/countdown/1500000000" "Mozilla/5.0 (Macintosh; Intel Mac OS X 10_12_5) AppleWebKit/603.2.4 (KHTML, like Gecko) Version/10.1.1 Safari/603.2.4"
145.130.122.131 - - [13/Jul/2017:23:22:00 +0200] "GET /zzstyle.css?1491341099 HTTP/1.1" 200 1389 "http://timestamp.online/countdown/1500000000" "Mozilla/5.0 (X11; Ubuntu; Linux i686; rv:54.0) Gecko/20100101 Firefox/54.0"
84.75.65.61 - - [13/Jul/2017:23:22:00 +0200] "GET /timestamp.js?1491341099 HTTP/1.1" 200 2853 "http://timestamp.online/countdown/1500000000" "Mozilla/5.0 (Macintosh; Intel Mac OS X 10_12_5) AppleWebKit/603.2.4 (KHTML, like Gecko) Version/10.1.1 Safari/603.2.4"
91.93.255.7 - - [13/Jul/2017:23:22:00 +0200] "GET /timestamp.js?1491341099 HTTP/1.1" 200 2853 "http://timestamp.online/countdown/1500000000" "Mozilla/5.0 (Linux; Android 7.0; SM-N920C Build/NRD90M) AppleWebKit/537.36 (KHTML, like Gecko) Chrome/59.0.3071.125 Mobile Safari/537.36"
24.246.149.129 - - [13/Jul/2017:23:22:00 +0200] "GET /timestamp.js?1491341099 HTTP/1.1" 200 2853 "http://timestamp.online/countdown/1500000000" "Mozilla/5.0 (Linux; Android 7.0; XT1585 Build/NCKS25.118-10-6) AppleWebKit/537.36 (KHTML, like Gecko) Chrome/59.0.3071.125 Mobile Safari/537.36"
71.37.217.197 - - [13/Jul/2017:23:22:00 +0200] "GET /favicon.ico HTTP/1.1" 404 22529 "http://timestamp.online/countdown/1500000000" "Mozilla/5.0 (X11; Linux x86_64) AppleWebKit/537.36 (KHTML, like Gecko) Chrome/61.0.3115.0 Safari/537.36"
66.249.100.36 - - [13/Jul/2017:23:22:00 +0200] "GET /favicon.ico HTTP/1.1" 404 22529 "http://timestamp.online/countdown/1500000000" "Mozilla/5.0 (X11; Linux x86_64) AppleWebKit/537.36 (KHTML, like Gecko) Chrome/59.0.3071.115 Safari/537.36 OPR/46.0.2597.39"
86.163.37.147 - - [13/Jul/2017:23:22:00 +0200] "GET /countdown/1500000000 HTTP/1.1" 206 4341 "http://ift.tt/2t8H8Gw" "Jamie's Spider (http://jamiembrown.com/)"
50.200.153.172 - - [13/Jul/2017:23:22:00 +0200] "GET /favicon.ico HTTP/1.1" 404 22529 "http://timestamp.online/countdown/1500000000" "Mozilla/5.0 (X11; Linux x86_64) AppleWebKit/537.36 (KHTML, like Gecko) Chrome/58.0.3029.81 Safari/537.36"
73.26.4.32 - - [13/Jul/2017:23:22:00 +0200] "GET /favicon.ico HTTP/1.1" 404 22529 "http://timestamp.online/countdown/1500000000" "Mozilla/5.0 (Macintosh; Intel Mac OS X 10_11_6) AppleWebKit/537.36 (KHTML, like Gecko) Chrome/58.0.3029.110 Safari/537.36"
84.75.65.61 - - [13/Jul/2017:23:22:00 +0200] "GET /favicon.ico HTTP/1.1" 404 22643 "http://timestamp.online/countdown/1500000000" "Mozilla/5.0 (Macintosh; Intel Mac OS X 10_12_5) AppleWebKit/603.2.4 (KHTML, like Gecko) Version/10.1.1 Safari/603.2.4"
66.62.244.5 - - [13/Jul/2017:23:22:00 +0200] "GET /favicon.ico HTTP/1.1" 404 22529 "http://timestamp.online/countdown/1500000000" "Mozilla/5.0 (Macintosh; Intel Mac OS X 10_12_5) AppleWebKit/537.36 (KHTML, like Gecko) Chrome/59.0.3071.115 Safari/537.36"
184.23.232.50 - - [13/Jul/2017:23:22:00 +0200] "GET /favicon.ico HTTP/1.1" 404 22529 "http://timestamp.online/countdown/1500000000" "Mozilla/5.0 (Macintosh; Intel Mac OS X 10_11_6) AppleWebKit/537.36 (KHTML, like Gecko) Chrome/59.0.3071.115 Safari/537.36"
145.130.122.131 - - [13/Jul/2017:23:22:00 +0200] "GET /favicon.ico HTTP/1.1" 500 21777 "-" "Mozilla/5.0 (X11; Ubuntu; Linux i686; rv:54.0) Gecko/20100101 Firefox/54.0"
82.234.251.174 - - [13/Jul/2017:23:22:00 +0200] "GET /favicon.ico HTTP/1.1" 404 22529 "http://timestamp.online/countdown/1500000000" "Mozilla/5.0 (Macintosh; Intel Mac OS X 10_12_4) AppleWebKit/537.36 (KHTML, like Gecko) Chrome/59.0.3071.115 Safari/537.36"
71.217.70.80 - - [13/Jul/2017:23:22:00 +0200] "GET /favicon.ico HTTP/1.1" 404 22529 "http://timestamp.online/countdown/1500000000" "Mozilla/5.0 (Macintosh; Intel Mac OS X 10_11_1) AppleWebKit/537.36 (KHTML, like Gecko) Chrome/58.0.3029.110 Safari/537.36"
145.130.122.131 - - [13/Jul/2017:23:22:00 +0200] "GET /favicon.ico HTTP/1.1" 404 22356 "-" "Mozilla/5.0 (X11; Ubuntu; Linux i686; rv:54.0) Gecko/20100101 Firefox/54.0"
96.35.220.54 - - [13/Jul/2017:23:22:00 +0200] "GET /favicon.ico HTTP/1.1" 404 22529 "http://timestamp.online/countdown/1500000000" "Mozilla/5.0 (Macintosh; Intel Mac OS X 10_12_5) AppleWebKit/603.2.4 (KHTML, like Gecko) Version/10.1.1 Safari/603.2.4"
199.4.160.88 - - [13/Jul/2017:23:22:00 +0200] "GET /favicon.ico HTTP/1.1" 404 22529 "http://timestamp.online/countdown/1500000000" "Mozilla/5.0 (Macintosh; Intel Mac OS X 10_12_5) AppleWebKit/603.2.4 (KHTML, like Gecko) Version/10.1.1 Safari/603.2.4"
2620:0:1000:6811:5df6:cf35:2ff5:b1b1 - - [13/Jul/2017:23:22:00 +0200] "GET /favicon.ico HTTP/1.1" 404 22529 "http://timestamp.online/countdown/1500000000" "Mozilla/5.0 (X11; Linux x86_64) AppleWebKit/537.36 (KHTML, like Gecko) Chrome/59.0.3071.29 Safari/537.36"
24.246.149.129 - - [13/Jul/2017:23:22:00 +0200] "GET /favicon.ico HTTP/1.1" 404 22529 "http://timestamp.online/countdown/1500000000" "Mozilla/5.0 (Linux; Android 7.0; XT1585 Build/NCKS25.118-10-6) AppleWebKit/537.36 (KHTML, like Gecko) Chrome/59.0.3071.125 Mobile Safari/537.36"
91.93.255.7 - - [13/Jul/2017:23:22:00 +0200] "GET /favicon.ico HTTP/1.1" 404 22529 "http://timestamp.online/countdown/1500000000" "Mozilla/5.0 (Linux; Android 7.0; SM-N920C Build/NRD90M) AppleWebKit/537.36 (KHTML, like Gecko) Chrome/59.0.3071.125 Mobile Safari/537.36"
145.130.122.131 - - [13/Jul/2017:23:22:00 +0200] "GET /favicon.ico HTTP/1.1" 404 22356 "-" "Mozilla/5.0 (X11; Ubuntu; Linux i686; rv:54.0) Gecko/20100101 Firefox/54.0"
50.254.138.169 - - [13/Jul/2017:23:22:00 +0200] "GET /favicon.ico HTTP/1.1" 404 22624 "http://timestamp.online/countdown/1500000000" "Mozilla/5.0 (Macintosh; Intel Mac OS X 10_12_5) AppleWebKit/537.36 (KHTML, like Gecko) Chrome/59.0.3071.115 Safari/537.36"
68.34.212.145 - - [13/Jul/2017:23:22:01 +0200] "GET /countdown/1500000000 HTTP/1.1" 200 4341 "-" "Mozilla/5.0 (compatible) AppleWebKit Chrome Safari"
37.187.162.165 - - [13/Jul/2017:23:22:01 +0200] "GET /countdown/1500000000 HTTP/1.1" 200 4341 "-" "Mozilla/5.0 (compatible; PaperLiBot/2.1; http://support.paper.li/entries/20023257-what-is-paper-li)"
167.220.99.30 - - [13/Jul/2017:23:22:01 +0200] "GET /countdown/1500000000 HTTP/1.1" 200 4341 "https://news.ycombinator.com/" "Mozilla/5.0 (Macintosh; Intel Mac OS X 10_12_4) AppleWebKit/537.36 (KHTML, like Gecko) Chrome/59.0.3071.115 Safari/537.36"
167.220.99.30 - - [13/Jul/2017:23:22:01 +0200] "GET /zzstyle.css?1491341099 HTTP/1.1" 200 1389 "http://timestamp.online/countdown/1500000000" "Mozilla/5.0 (Macintosh; Intel Mac OS X 10_12_4) AppleWebKit/537.36 (KHTML, like Gecko) Chrome/59.0.3071.115 Safari/537.36"
167.220.99.30 - - [13/Jul/2017:23:22:01 +0200] "GET /timestamp.js?1491341099 HTTP/1.1" 200 2853 "http://timestamp.online/countdown/1500000000" "Mozilla/5.0 (Macintosh; Intel Mac OS X 10_12_4) AppleWebKit/537.36 (KHTML, like Gecko) Chrome/59.0.3071.115 Safari/537.36"
186.155.239.90 - - [13/Jul/2017:23:22:01 +0200] "GET /countdown/1500000000 HTTP/1.1" 200 4341 "https://news.ycombinator.com/" "Mozilla/5.0 (Macintosh; Intel Mac OS X 10_13_0) AppleWebKit/537.36 (KHTML, like Gecko) Chrome/59.0.3071.115 Safari/537.36"
167.220.99.30 - - [13/Jul/2017:23:22:01 +0200] "GET /favicon.ico HTTP/1.1" 404 22529 "http://timestamp.online/countdown/1500000000" "Mozilla/5.0 (Macintosh; Intel Mac OS X 10_12_4) AppleWebKit/537.36 (KHTML, like Gecko) Chrome/59.0.3071.115 Safari/537.36"
82.9.115.249 - - [13/Jul/2017:23:22:02 +0200] "GET /countdown/1500000000 HTTP/1.1" 200 4341 "https://news.ycombinator.com/" "Mozilla/5.0 (Windows NT 10.0; Win64; x64) AppleWebKit/537.36 (KHTML, like Gecko) Chrome/59.0.3071.115 Safari/537.36"
82.9.115.249 - - [13/Jul/2017:23:22:02 +0200] "GET /zzstyle.css?1491341099 HTTP/1.1" 200 1389 "http://timestamp.online/countdown/1500000000" "Mozilla/5.0 (Windows NT 10.0; Win64; x64) AppleWebKit/537.36 (KHTML, like Gecko) Chrome/59.0.3071.115 Safari/537.36"
82.9.115.249 - - [13/Jul/2017:23:22:02 +0200] "GET /timestamp.js?1491341099 HTTP/1.1" 200 2853 "http://timestamp.online/countdown/1500000000" "Mozilla/5.0 (Windows NT 10.0; Win64; x64) AppleWebKit/537.36 (KHTML, like Gecko) Chrome/59.0.3071.115 Safari/537.36"
186.155.239.90 - - [13/Jul/2017:23:22:02 +0200] "GET /zzstyle.css?1491341099 HTTP/1.1" 200 1389 "http://timestamp.online/countdown/1500000000" "Mozilla/5.0 (Macintosh; Intel Mac OS X 10_13_0) AppleWebKit/537.36 (KHTML, like Gecko) Chrome/59.0.3071.115 Safari/537.36"
81.187.228.71 - - [13/Jul/2017:23:22:02 +0200] "GET /countdown/1500000000 HTTP/1.1" 200 4341 "https://news.ycombinator.com/" "Mozilla/5.0 (Macintosh; Intel Mac OS X 10_12_5) AppleWebKit/537.36 (KHTML, like Gecko) Chrome/59.0.3071.115 Safari/537.36"
186.155.239.90 - - [13/Jul/2017:23:22:02 +0200] "GET /timestamp.js?1491341099 HTTP/1.1" 200 2853 "http://timestamp.online/countdown/1500000000" "Mozilla/5.0 (Macintosh; Intel Mac OS X 10_13_0) AppleWebKit/537.36 (KHTML, like Gecko) Chrome/59.0.3071.115 Safari/537.36"
81.187.228.71 - - [13/Jul/2017:23:22:02 +0200] "GET /zzstyle.css?1491341099 HTTP/1.1" 200 1389 "http://timestamp.online/countdown/1500000000" "Mozilla/5.0 (Macintosh; Intel Mac OS X 10_12_5) AppleWebKit/537.36 (KHTML, like Gecko) Chrome/59.0.3071.115 Safari/537.36"
188.25.79.62 - - [13/Jul/2017:23:22:02 +0200] "GET /countdown/1500000000 HTTP/1.1" 200 4341 "https://news.ycombinator.com/" "Mozilla/5.0 (Linux; Android 5.1.1; Z1 Build/LMY49H) AppleWebKit/537.36 (KHTML, like Gecko) Chrome/59.0.3071.125 Mobile Safari/537.36"
81.187.228.71 - - [13/Jul/2017:23:22:02 +0200] "GET /timestamp.js?1491341099 HTTP/1.1" 200 2853 "http://timestamp.online/countdown/1500000000" "Mozilla/5.0 (Macintosh; Intel Mac OS X 10_12_5) AppleWebKit/537.36 (KHTML, like Gecko) Chrome/59.0.3071.115 Safari/537.36"
82.9.115.249 - - [13/Jul/2017:23:22:02 +0200] "GET /favicon.ico HTTP/1.1" 404 22529 "http://timestamp.online/countdown/1500000000" "Mozilla/5.0 (Windows NT 10.0; Win64; x64) AppleWebKit/537.36 (KHTML, like Gecko) Chrome/59.0.3071.115 Safari/537.36"
188.25.79.62 - - [13/Jul/2017:23:22:02 +0200] "GET /zzstyle.css?1491341099 HTTP/1.1" 200 1389 "http://timestamp.online/countdown/1500000000" "Mozilla/5.0 (Linux; Android 5.1.1; Z1 Build/LMY49H) AppleWebKit/537.36 (KHTML, like Gecko) Chrome/59.0.3071.125 Mobile Safari/537.36"
50.35.73.58 - - [13/Jul/2017:23:22:02 +0200] "GET /countdown/1500000000 HTTP/1.1" 200 4341 "-" "Mozilla/5.0 (iPhone; CPU iPhone OS 10_3_2 like Mac OS X) AppleWebKit/603.2.4 (KHTML, like Gecko) Version/10.0 Mobile/14F89 Safari/602.1"
188.25.79.62 - - [13/Jul/2017:23:22:02 +0200] "GET /timestamp.js?1491341099 HTTP/1.1" 200 2853 "http://timestamp.online/countdown/1500000000" "Mozilla/5.0 (Linux; Android 5.1.1; Z1 Build/LMY49H) AppleWebKit/537.36 (KHTML, like Gecko) Chrome/59.0.3071.125 Mobile Safari/537.36"
81.187.228.71 - - [13/Jul/2017:23:22:02 +0200] "GET /favicon.ico HTTP/1.1" 404 22529 "http://timestamp.online/countdown/1500000000" "Mozilla/5.0 (Macintosh; Intel Mac OS X 10_12_5) AppleWebKit/537.36 (KHTML, like Gecko) Chrome/59.0.3071.115 Safari/537.36"
50.35.73.58 - - [13/Jul/2017:23:22:02 +0200] "GET /zzstyle.css?1491341099 HTTP/1.1" 200 1389 "http://timestamp.online/countdown/1500000000" "Mozilla/5.0 (iPhone; CPU iPhone OS 10_3_2 like Mac OS X) AppleWebKit/603.2.4 (KHTML, like Gecko) Version/10.0 Mobile/14F89 Safari/602.1"
188.25.79.62 - - [13/Jul/2017:23:22:04 +0200] "GET /favicon.ico HTTP/1.1" 404 22589 "http://timestamp.online/countdown/1500000000" "Mozilla/5.0 (Linux; Android 5.1.1; Z1 Build/LMY49H) AppleWebKit/537.36 (KHTML, like Gecko) Chrome/59.0.3071.125 Mobile Safari/537.36"
50.35.73.58 - - [13/Jul/2017:23:22:04 +0200] "GET /timestamp.js?1491341099 HTTP/1.1" 200 2853 "http://timestamp.online/countdown/1500000000" "Mozilla/5.0 (iPhone; CPU iPhone OS 10_3_2 like Mac OS X) AppleWebKit/603.2.4 (KHTML, like Gecko) Version/10.0 Mobile/14F89 Safari/602.1"
86.163.37.147 - - [13/Jul/2017:23:22:04 +0200] "GET /countdown/1500000000 HTTP/1.1" 206 4341 "http://ift.tt/2t8H8Gw" "Jamie's Spider (http://jamiembrown.com/)"
186.155.239.90 - - [13/Jul/2017:23:22:04 +0200] "GET /favicon.ico HTTP/1.1" 404 22529 "http://timestamp.online/countdown/1500000000" "Mozilla/5.0 (Macintosh; Intel Mac OS X 10_13_0) AppleWebKit/537.36 (KHTML, like Gecko) Chrome/59.0.3071.115 Safari/537.36"
2620:0:10e2:12:c094:a016:f752:7c53 - - [13/Jul/2017:23:22:04 +0200] "GET /countdown/1500000000 HTTP/1.1" 200 4341 "https://news.ycombinator.com/" "Mozilla/5.0 (X11; Linux x86_64) AppleWebKit/537.36 (KHTML, like Gecko) Chrome/59.0.3071.115 Safari/537.36"
2620:0:10e2:12:c094:a016:f752:7c53 - - [13/Jul/2017:23:22:04 +0200] "GET /zzstyle.css?1491341099 HTTP/1.1" 200 1389 "http://timestamp.online/countdown/1500000000" "Mozilla/5.0 (X11; Linux x86_64) AppleWebKit/537.36 (KHTML, like Gecko) Chrome/59.0.3071.115 Safari/537.36"
137.74.194.39 - - [13/Jul/2017:23:22:06 +0200] "GET /countdown/1500000000 HTTP/1.1" 200 4341 "-" "-"
99.107.254.46 - - [13/Jul/2017:23:22:06 +0200] "GET /countdown/1500000000 HTTP/1.1" 200 4341 "https://news.ycombinator.com/" "Mozilla/5.0 (Macintosh; Intel Mac OS X 10_11_6) AppleWebKit/537.36 (KHTML, like Gecko) Chrome/58.0.3029.110 Safari/537.36"
145.130.122.131 - - [13/Jul/2017:23:22:06 +0200] "GET /timestamp.js?1491341099 HTTP/1.1" 200 2853 "http://timestamp.online/countdown/1500000000" "Mozilla/5.0 (X11; Ubuntu; Linux i686; rv:54.0) Gecko/20100101 Firefox/54.0"
2620:0:10e2:12:c094:a016:f752:7c53 - - [13/Jul/2017:23:22:06 +0200] "GET /timestamp.js?1491341099 HTTP/1.1" 200 2853 "http://timestamp.online/countdown/1500000000" "Mozilla/5.0 (X11; Linux x86_64) AppleWebKit/537.36 (KHTML, like Gecko) Chrome/59.0.3071.115 Safari/537.36"
74.90.182.114 - - [13/Jul/2017:23:22:07 +0200] "GET /countdown/1500000000 HTTP/1.1" 200 4341 "https://news.ycombinator.com/" "Mozilla/5.0 (Macintosh; Intel Mac OS X 10_12_5) AppleWebKit/537.36 (KHTML, like Gecko) Chrome/58.0.3029.110 Safari/537.36"
99.107.254.46 - - [13/Jul/2017:23:22:07 +0200] "GET /zzstyle.css?1491341099 HTTP/1.1" 200 1389 "http://timestamp.online/countdown/1500000000" "Mozilla/5.0 (Macintosh; Intel Mac OS X 10_11_6) AppleWebKit/537.36 (KHTML, like Gecko) Chrome/58.0.3029.110 Safari/537.36"
2003:88:6c1f:ee00:61a8:25eb:eafa:6049 - - [13/Jul/2017:23:22:07 +0200] "GET /countdown/1500000000 HTTP/1.1" 200 4341 "http://hn.premii.com/" "Mozilla/5.0 (Macintosh; Intel Mac OS X 10_11_4) AppleWebKit/537.36 (KHTML, like Gecko) Chrome/59.0.3071.115 Safari/537.36"
99.107.254.46 - - [13/Jul/2017:23:22:07 +0200] "GET /timestamp.js?1491341099 HTTP/1.1" 200 2853 "http://timestamp.online/countdown/1500000000" "Mozilla/5.0 (Macintosh; Intel Mac OS X 10_11_6) AppleWebKit/537.36 (KHTML, like Gecko) Chrome/58.0.3029.110 Safari/537.36"
2003:88:6c1f:ee00:61a8:25eb:eafa:6049 - - [13/Jul/2017:23:22:07 +0200] "GET /zzstyle.css?1491341099 HTTP/1.1" 200 1389 "http://timestamp.online/countdown/1500000000" "Mozilla/5.0 (Macintosh; Intel Mac OS X 10_11_4) AppleWebKit/537.36 (KHTML, like Gecko) Chrome/59.0.3071.115 Safari/537.36"
