45.55.163.168 - - [17/Jul/2017:06:56:40 +0200] "GET /timestamp/1500267370 HTTP/1.1" 200 3665 "http://timestamp.online/timestamp/1500267340" "Mozilla/5.0 (compatible; spbot/5.0.3; +http://OpenLinkProfiler.org/bot )"
45.55.163.168 - - [17/Jul/2017:06:56:45 +0200] "GET /timestamp/1500267375 HTTP/1.1" 200 3665 "http://timestamp.online/timestamp/1500267345" "Mozilla/5.0 (compatible; spbot/5.0.3; +http://OpenLinkProfiler.org/bot )"
45.55.163.168 - - [17/Jul/2017:06:56:51 +0200] "GET /timestamp/1500267380 HTTP/1.1" 200 3665 "http://timestamp.online/timestamp/1500267350" "Mozilla/5.0 (compatible; spbot/5.0.3; +http://OpenLinkProfiler.org/bot )"
45.55.163.168 - - [17/Jul/2017:06:56:55 +0200] "GET /timestamp/1500267385 HTTP/1.1" 200 3665 "http://timestamp.online/timestamp/1500267355" "Mozilla/5.0 (compatible; spbot/5.0.3; +http://OpenLinkProfiler.org/bot )"
45.55.163.168 - - [17/Jul/2017:06:57:00 +0200] "GET /timestamp/1500267390 HTTP/1.1" 200 3665 "http://timestamp.online/timestamp/1500267360" "Mozilla/5.0 (compatible; spbot/5.0.3; +http://OpenLinkProfiler.org/bot )"
45.55.163.168 - - [17/Jul/2017:06:57:05 +0200] "GET /timestamp/1500267395 HTTP/1.1" 200 3665 "http://timestamp.online/timestamp/1500267366" "Mozilla/5.0 (compatible; spbot/5.0.3; +http://OpenLinkProfiler.org/bot )"
45.55.163.168 - - [17/Jul/2017:06:57:10 +0200] "GET /timestamp/1500267400 HTTP/1.1" 200 3665 "http://timestamp.online/timestamp/1500267370" "Mozilla/5.0 (compatible; spbot/5.0.3; +http://OpenLinkProfiler.org/bot )"
45.55.163.168 - - [17/Jul/2017:06:57:15 +0200] "GET /timestamp/1500267405 HTTP/1.1" 200 3665 "http://timestamp.online/timestamp/1500267375" "Mozilla/5.0 (compatible; spbot/5.0.3; +http://OpenLinkProfiler.org/bot )"
45.55.163.168 - - [17/Jul/2017:06:57:20 +0200] "GET /timestamp/1500267411 HTTP/1.1" 200 3665 "http://timestamp.online/timestamp/1500267380" "Mozilla/5.0 (compatible; spbot/5.0.3; +http://OpenLinkProfiler.org/bot )"
45.55.163.168 - - [17/Jul/2017:06:57:25 +0200] "GET /timestamp/1500267415 HTTP/1.1" 200 3665 "http://timestamp.online/timestamp/1500267385" "Mozilla/5.0 (compatible; spbot/5.0.3; +http://OpenLinkProfiler.org/bot )"
95.108.179.20 - - [17/Jul/2017:06:57:26 +0200] "GET /example/javascript HTTP/1.1" 200 4384 "-" "Mozilla/5.0 (compatible; YandexBot/3.0; +http://yandex.com/bots)"
45.55.163.168 - - [17/Jul/2017:06:57:30 +0200] "GET /timestamp/1500267420 HTTP/1.1" 200 3665 "http://timestamp.online/timestamp/1500267390" "Mozilla/5.0 (compatible; spbot/5.0.3; +http://OpenLinkProfiler.org/bot )"
45.55.163.168 - - [17/Jul/2017:06:57:35 +0200] "GET /timestamp/1500267425 HTTP/1.1" 200 3665 "http://timestamp.online/timestamp/1500267395" "Mozilla/5.0 (compatible; spbot/5.0.3; +http://OpenLinkProfiler.org/bot )"
45.55.163.168 - - [17/Jul/2017:06:57:40 +0200] "GET /timestamp/1500267430 HTTP/1.1" 200 3665 "http://timestamp.online/timestamp/1500267400" "Mozilla/5.0 (compatible; spbot/5.0.3; +http://OpenLinkProfiler.org/bot )"
45.55.163.168 - - [17/Jul/2017:06:57:45 +0200] "GET /timestamp/1500267435 HTTP/1.1" 200 3665 "http://timestamp.online/timestamp/1500267405" "Mozilla/5.0 (compatible; spbot/5.0.3; +http://OpenLinkProfiler.org/bot )"
45.55.163.168 - - [17/Jul/2017:06:57:50 +0200] "GET /timestamp/1500267440 HTTP/1.1" 200 3665 "http://timestamp.online/timestamp/1500267411" "Mozilla/5.0 (compatible; spbot/5.0.3; +http://OpenLinkProfiler.org/bot )"
71.198.45.188 - - [17/Jul/2017:06:57:51 +0200] "GET /favicon.ico HTTP/1.1" 406 - "-" "HipChat/3.16.2.12 CFNetwork/811.5.4 Darwin/16.6.0"
45.55.163.168 - - [17/Jul/2017:06:57:55 +0200] "GET /timestamp/1500267445 HTTP/1.1" 200 3665 "http://timestamp.online/timestamp/1500267415" "Mozilla/5.0 (compatible; spbot/5.0.3; +http://OpenLinkProfiler.org/bot )"
45.55.163.168 - - [17/Jul/2017:06:58:01 +0200] "GET /timestamp/1500267450 HTTP/1.1" 200 3665 "http://timestamp.online/timestamp/1500267420" "Mozilla/5.0 (compatible; spbot/5.0.3; +http://OpenLinkProfiler.org/bot )"
45.55.163.168 - - [17/Jul/2017:06:58:05 +0200] "GET /timestamp/1500267455 HTTP/1.1" 200 3665 "http://timestamp.online/timestamp/1500267425" "Mozilla/5.0 (compatible; spbot/5.0.3; +http://OpenLinkProfiler.org/bot )"
45.55.163.168 - - [17/Jul/2017:06:58:10 +0200] "GET /timestamp/1500267460 HTTP/1.1" 200 3665 "http://timestamp.online/timestamp/1500267430" "Mozilla/5.0 (compatible; spbot/5.0.3; +http://OpenLinkProfiler.org/bot )"
45.55.163.168 - - [17/Jul/2017:06:58:15 +0200] "GET /timestamp/1500267465 HTTP/1.1" 200 3665 "http://timestamp.online/timestamp/1500267435" "Mozilla/5.0 (compatible; spbot/5.0.3; +http://OpenLinkProfiler.org/bot )"
45.55.163.168 - - [17/Jul/2017:06:58:20 +0200] "GET /timestamp/1500267470 HTTP/1.1" 200 3665 "http://timestamp.online/timestamp/1500267440" "Mozilla/5.0 (compatible; spbot/5.0.3; +http://OpenLinkProfiler.org/bot )"
45.55.163.168 - - [17/Jul/2017:06:58:25 +0200] "GET /timestamp/1500267475 HTTP/1.1" 200 3665 "http://timestamp.online/timestamp/1500267445" "Mozilla/5.0 (compatible; spbot/5.0.3; +http://OpenLinkProfiler.org/bot )"
45.55.163.168 - - [17/Jul/2017:06:58:30 +0200] "GET /timestamp/1500267481 HTTP/1.1" 200 3665 "http://timestamp.online/timestamp/1500267450" "Mozilla/5.0 (compatible; spbot/5.0.3; +http://OpenLinkProfiler.org/bot )"
45.55.163.168 - - [17/Jul/2017:06:58:35 +0200] "GET /timestamp/1500267485 HTTP/1.1" 200 3665 "http://timestamp.online/timestamp/1500267455" "Mozilla/5.0 (compatible; spbot/5.0.3; +http://OpenLinkProfiler.org/bot )"
45.55.163.168 - - [17/Jul/2017:06:58:40 +0200] "GET /timestamp/1500267490 HTTP/1.1" 200 3665 "http://timestamp.online/timestamp/1500267460" "Mozilla/5.0 (compatible; spbot/5.0.3; +http://OpenLinkProfiler.org/bot )"
45.55.163.168 - - [17/Jul/2017:06:58:46 +0200] "GET /timestamp/1500267495 HTTP/1.1" 200 3665 "http://timestamp.online/timestamp/1500267465" "Mozilla/5.0 (compatible; spbot/5.0.3; +http://OpenLinkProfiler.org/bot )"
45.55.163.168 - - [17/Jul/2017:06:58:50 +0200] "GET /timestamp/1500267500 HTTP/1.1" 200 3665 "http://timestamp.online/timestamp/1500267470" "Mozilla/5.0 (compatible; spbot/5.0.3; +http://OpenLinkProfiler.org/bot )"
45.55.163.168 - - [17/Jul/2017:06:58:55 +0200] "GET /timestamp/1500267505 HTTP/1.1" 200 3665 "http://timestamp.online/timestamp/1500267475" "Mozilla/5.0 (compatible; spbot/5.0.3; +http://OpenLinkProfiler.org/bot )"
45.55.163.168 - - [17/Jul/2017:06:59:00 +0200] "GET /timestamp/1500267510 HTTP/1.1" 200 3665 "http://timestamp.online/timestamp/1500267481" "Mozilla/5.0 (compatible; spbot/5.0.3; +http://OpenLinkProfiler.org/bot )"
45.55.163.168 - - [17/Jul/2017:06:59:05 +0200] "GET /timestamp/1500267515 HTTP/1.1" 200 3665 "http://timestamp.online/timestamp/1500267485" "Mozilla/5.0 (compatible; spbot/5.0.3; +http://OpenLinkProfiler.org/bot )"
45.55.163.168 - - [17/Jul/2017:06:59:10 +0200] "GET /timestamp/1500267520 HTTP/1.1" 200 3665 "http://timestamp.online/timestamp/1500267490" "Mozilla/5.0 (compatible; spbot/5.0.3; +http://OpenLinkProfiler.org/bot )"
45.55.163.168 - - [17/Jul/2017:06:59:15 +0200] "GET /timestamp/1500267526 HTTP/1.1" 200 3665 "http://timestamp.online/timestamp/1500267495" "Mozilla/5.0 (compatible; spbot/5.0.3; +http://OpenLinkProfiler.org/bot )"
45.55.163.168 - - [17/Jul/2017:06:59:20 +0200] "GET /timestamp/1500267530 HTTP/1.1" 200 3665 "http://timestamp.online/timestamp/1500267500" "Mozilla/5.0 (compatible; spbot/5.0.3; +http://OpenLinkProfiler.org/bot )"
45.55.163.168 - - [17/Jul/2017:06:59:25 +0200] "GET /timestamp/1500267535 HTTP/1.1" 200 3665 "http://timestamp.online/timestamp/1500267505" "Mozilla/5.0 (compatible; spbot/5.0.3; +http://OpenLinkProfiler.org/bot )"
45.55.163.168 - - [17/Jul/2017:06:59:30 +0200] "GET /timestamp/1500267540 HTTP/1.1" 200 3665 "http://timestamp.online/timestamp/1500267510" "Mozilla/5.0 (compatible; spbot/5.0.3; +http://OpenLinkProfiler.org/bot )"
45.55.163.168 - - [17/Jul/2017:06:59:35 +0200] "GET /timestamp/1500267545 HTTP/1.1" 200 3665 "http://timestamp.online/timestamp/1500267515" "Mozilla/5.0 (compatible; spbot/5.0.3; +http://OpenLinkProfiler.org/bot )"
45.55.163.168 - - [17/Jul/2017:06:59:40 +0200] "GET /timestamp/1500267550 HTTP/1.1" 200 3665 "http://timestamp.online/timestamp/1500267520" "Mozilla/5.0 (compatible; spbot/5.0.3; +http://OpenLinkProfiler.org/bot )"
45.55.163.168 - - [17/Jul/2017:06:59:46 +0200] "GET /timestamp/1500267555 HTTP/1.1" 200 3665 "http://timestamp.online/timestamp/1500267526" "Mozilla/5.0 (compatible; spbot/5.0.3; +http://OpenLinkProfiler.org/bot )"
45.55.163.168 - - [17/Jul/2017:06:59:50 +0200] "GET /timestamp/1500267560 HTTP/1.1" 200 3665 "http://timestamp.online/timestamp/1500267530" "Mozilla/5.0 (compatible; spbot/5.0.3; +http://OpenLinkProfiler.org/bot )"
45.55.163.168 - - [17/Jul/2017:06:59:55 +0200] "GET /timestamp/1500267565 HTTP/1.1" 200 3665 "http://timestamp.online/timestamp/1500267535" "Mozilla/5.0 (compatible; spbot/5.0.3; +http://OpenLinkProfiler.org/bot )"
45.55.163.168 - - [17/Jul/2017:07:00:00 +0200] "GET /timestamp/1500267570 HTTP/1.1" 200 3665 "http://timestamp.online/timestamp/1500267540" "Mozilla/5.0 (compatible; spbot/5.0.3; +http://OpenLinkProfiler.org/bot )"
45.55.163.168 - - [17/Jul/2017:07:00:05 +0200] "GET /timestamp/1500267575 HTTP/1.1" 200 3665 "http://timestamp.online/timestamp/1500267545" "Mozilla/5.0 (compatible; spbot/5.0.3; +http://OpenLinkProfiler.org/bot )"
45.55.163.168 - - [17/Jul/2017:07:00:11 +0200] "GET /timestamp/1500267580 HTTP/1.1" 200 3665 "http://timestamp.online/timestamp/1500267550" "Mozilla/5.0 (compatible; spbot/5.0.3; +http://OpenLinkProfiler.org/bot )"
45.55.163.168 - - [17/Jul/2017:07:00:15 +0200] "GET /timestamp/1500267586 HTTP/1.1" 200 3665 "http://timestamp.online/timestamp/1500267555" "Mozilla/5.0 (compatible; spbot/5.0.3; +http://OpenLinkProfiler.org/bot )"
45.55.163.168 - - [17/Jul/2017:07:00:20 +0200] "GET /timestamp/1500267590 HTTP/1.1" 200 3665 "http://timestamp.online/timestamp/1500267560" "Mozilla/5.0 (compatible; spbot/5.0.3; +http://OpenLinkProfiler.org/bot )"
95.108.179.20 - - [17/Jul/2017:07:00:21 +0200] "GET /timestamp/1499709104 HTTP/1.1" 200 3665 "-" "Mozilla/5.0 (compatible; YandexBot/3.0; +http://yandex.com/bots)"
45.55.163.168 - - [17/Jul/2017:07:00:25 +0200] "GET /timestamp/1500267595 HTTP/1.1" 200 3665 "http://timestamp.online/timestamp/1500267565" "Mozilla/5.0 (compatible; spbot/5.0.3; +http://OpenLinkProfiler.org/bot )"
45.55.163.168 - - [17/Jul/2017:07:00:31 +0200] "GET /timestamp/1500267600 HTTP/1.1" 200 3665 "http://timestamp.online/timestamp/1500267570" "Mozilla/5.0 (compatible; spbot/5.0.3; +http://OpenLinkProfiler.org/bot )"
45.55.163.168 - - [17/Jul/2017:07:00:35 +0200] "GET /timestamp/1500267605 HTTP/1.1" 200 3665 "http://timestamp.online/timestamp/1500267575" "Mozilla/5.0 (compatible; spbot/5.0.3; +http://OpenLinkProfiler.org/bot )"
45.55.163.168 - - [17/Jul/2017:07:00:40 +0200] "GET /timestamp/1500267611 HTTP/1.1" 200 3665 "http://timestamp.online/timestamp/1500267580" "Mozilla/5.0 (compatible; spbot/5.0.3; +http://OpenLinkProfiler.org/bot )"
45.55.163.168 - - [17/Jul/2017:07:00:45 +0200] "GET /timestamp/1500267615 HTTP/1.1" 200 3665 "http://timestamp.online/timestamp/1500267586" "Mozilla/5.0 (compatible; spbot/5.0.3; +http://OpenLinkProfiler.org/bot )"
45.55.163.168 - - [17/Jul/2017:07:00:50 +0200] "GET /timestamp/1500267620 HTTP/1.1" 200 3665 "http://timestamp.online/timestamp/1500267590" "Mozilla/5.0 (compatible; spbot/5.0.3; +http://OpenLinkProfiler.org/bot )"
45.55.163.168 - - [17/Jul/2017:07:00:56 +0200] "GET /timestamp/1500267625 HTTP/1.1" 200 3665 "http://timestamp.online/timestamp/1500267595" "Mozilla/5.0 (compatible; spbot/5.0.3; +http://OpenLinkProfiler.org/bot )"
45.55.163.168 - - [17/Jul/2017:07:01:00 +0200] "GET /timestamp/1500267631 HTTP/1.1" 200 3665 "http://timestamp.online/timestamp/1500267600" "Mozilla/5.0 (compatible; spbot/5.0.3; +http://OpenLinkProfiler.org/bot )"
45.55.163.168 - - [17/Jul/2017:07:01:05 +0200] "GET /timestamp/1500267635 HTTP/1.1" 200 3665 "http://timestamp.online/timestamp/1500267605" "Mozilla/5.0 (compatible; spbot/5.0.3; +http://OpenLinkProfiler.org/bot )"
45.55.163.168 - - [17/Jul/2017:07:01:10 +0200] "GET /timestamp/1500267640 HTTP/1.1" 200 3665 "http://timestamp.online/timestamp/1500267611" "Mozilla/5.0 (compatible; spbot/5.0.3; +http://OpenLinkProfiler.org/bot )"
45.55.163.168 - - [17/Jul/2017:07:01:15 +0200] "GET /timestamp/1500267645 HTTP/1.1" 200 3665 "http://timestamp.online/timestamp/1500267615" "Mozilla/5.0 (compatible; spbot/5.0.3; +http://OpenLinkProfiler.org/bot )"
45.55.163.168 - - [17/Jul/2017:07:01:20 +0200] "GET /timestamp/1500267650 HTTP/1.1" 200 3665 "http://timestamp.online/timestamp/1500267620" "Mozilla/5.0 (compatible; spbot/5.0.3; +http://OpenLinkProfiler.org/bot )"
45.55.163.168 - - [17/Jul/2017:07:01:25 +0200] "GET /timestamp/1500267656 HTTP/1.1" 200 3665 "http://timestamp.online/timestamp/1500267625" "Mozilla/5.0 (compatible; spbot/5.0.3; +http://OpenLinkProfiler.org/bot )"
45.55.163.168 - - [17/Jul/2017:07:01:30 +0200] "GET /timestamp/1500267660 HTTP/1.1" 200 3665 "http://timestamp.online/timestamp/1500267631" "Mozilla/5.0 (compatible; spbot/5.0.3; +http://OpenLinkProfiler.org/bot )"
45.55.163.168 - - [17/Jul/2017:07:01:35 +0200] "GET /timestamp/1500267665 HTTP/1.1" 200 3665 "http://timestamp.online/timestamp/1500267635" "Mozilla/5.0 (compatible; spbot/5.0.3; +http://OpenLinkProfiler.org/bot )"
45.55.163.168 - - [17/Jul/2017:07:01:40 +0200] "GET /timestamp/1500267670 HTTP/1.1" 200 3665 "http://timestamp.online/timestamp/1500267640" "Mozilla/5.0 (compatible; spbot/5.0.3; +http://OpenLinkProfiler.org/bot )"
45.55.163.168 - - [17/Jul/2017:07:01:45 +0200] "GET /timestamp/1500267675 HTTP/1.1" 200 3665 "http://timestamp.online/timestamp/1500267645" "Mozilla/5.0 (compatible; spbot/5.0.3; +http://OpenLinkProfiler.org/bot )"
45.55.163.168 - - [17/Jul/2017:07:01:50 +0200] "GET /timestamp/1500267680 HTTP/1.1" 200 3665 "http://timestamp.online/timestamp/1500267650" "Mozilla/5.0 (compatible; spbot/5.0.3; +http://OpenLinkProfiler.org/bot )"
45.55.163.168 - - [17/Jul/2017:07:01:55 +0200] "GET /timestamp/1500267685 HTTP/1.1" 200 3665 "http://timestamp.online/timestamp/1500267656" "Mozilla/5.0 (compatible; spbot/5.0.3; +http://OpenLinkProfiler.org/bot )"
45.55.163.168 - - [17/Jul/2017:07:02:00 +0200] "GET /timestamp/1500267690 HTTP/1.1" 200 3665 "http://timestamp.online/timestamp/1500267660" "Mozilla/5.0 (compatible; spbot/5.0.3; +http://OpenLinkProfiler.org/bot )"
45.55.163.168 - - [17/Jul/2017:07:02:05 +0200] "GET /timestamp/1500267695 HTTP/1.1" 200 3665 "http://timestamp.online/timestamp/1500267665" "Mozilla/5.0 (compatible; spbot/5.0.3; +http://OpenLinkProfiler.org/bot )"
45.55.163.168 - - [17/Jul/2017:07:02:10 +0200] "GET /timestamp/1500267700 HTTP/1.1" 200 3665 "http://timestamp.online/timestamp/1500267670" "Mozilla/5.0 (compatible; spbot/5.0.3; +http://OpenLinkProfiler.org/bot )"
45.55.163.168 - - [17/Jul/2017:07:02:15 +0200] "GET /timestamp/1500267705 HTTP/1.1" 200 3665 "http://timestamp.online/timestamp/1500267675" "Mozilla/5.0 (compatible; spbot/5.0.3; +http://OpenLinkProfiler.org/bot )"
45.55.163.168 - - [17/Jul/2017:07:02:20 +0200] "GET /timestamp/1500267710 HTTP/1.1" 200 3665 "http://timestamp.online/timestamp/1500267680" "Mozilla/5.0 (compatible; spbot/5.0.3; +http://OpenLinkProfiler.org/bot )"
45.55.163.168 - - [17/Jul/2017:07:02:25 +0200] "GET /timestamp/1500267715 HTTP/1.1" 200 3665 "http://timestamp.online/timestamp/1500267685" "Mozilla/5.0 (compatible; spbot/5.0.3; +http://OpenLinkProfiler.org/bot )"
45.55.163.168 - - [17/Jul/2017:07:02:30 +0200] "GET /timestamp/1500267720 HTTP/1.1" 200 3665 "http://timestamp.online/timestamp/1500267690" "Mozilla/5.0 (compatible; spbot/5.0.3; +http://OpenLinkProfiler.org/bot )"
89.25.216.1 - - [17/Jul/2017:07:02:31 +0200] "GET /countdown/1500000000 HTTP/1.1" 200 4349 "-" "Mozilla/5.0 (X11; Linux x86_64) AppleWebKit/537.36 (KHTML, like Gecko) Chrome/59.0.3071.115 Safari/537.36"
89.25.216.1 - - [17/Jul/2017:07:02:32 +0200] "GET /zzstyle.css?1491341099 HTTP/1.1" 200 1389 "http://timestamp.online/countdown/1500000000" "Mozilla/5.0 (X11; Linux x86_64) AppleWebKit/537.36 (KHTML, like Gecko) Chrome/59.0.3071.115 Safari/537.36"
89.25.216.1 - - [17/Jul/2017:07:02:32 +0200] "GET /timestamp.js?1491341099 HTTP/1.1" 200 2853 "http://timestamp.online/countdown/1500000000" "Mozilla/5.0 (X11; Linux x86_64) AppleWebKit/537.36 (KHTML, like Gecko) Chrome/59.0.3071.115 Safari/537.36"
89.25.216.1 - - [17/Jul/2017:07:02:32 +0200] "GET /favicon.ico HTTP/1.1" 404 22621 "http://timestamp.online/countdown/1500000000" "Mozilla/5.0 (X11; Linux x86_64) AppleWebKit/537.36 (KHTML, like Gecko) Chrome/59.0.3071.115 Safari/537.36"
45.55.163.168 - - [17/Jul/2017:07:02:35 +0200] "GET /timestamp/1500267725 HTTP/1.1" 200 3665 "http://timestamp.online/timestamp/1500267695" "Mozilla/5.0 (compatible; spbot/5.0.3; +http://OpenLinkProfiler.org/bot )"
45.55.163.168 - - [17/Jul/2017:07:02:40 +0200] "GET /timestamp/1500267730 HTTP/1.1" 200 3665 "http://timestamp.online/timestamp/1500267700" "Mozilla/5.0 (compatible; spbot/5.0.3; +http://OpenLinkProfiler.org/bot )"
45.55.163.168 - - [17/Jul/2017:07:02:45 +0200] "GET /timestamp/1500267735 HTTP/1.1" 200 3665 "http://timestamp.online/timestamp/1500267705" "Mozilla/5.0 (compatible; spbot/5.0.3; +http://OpenLinkProfiler.org/bot )"
45.55.163.168 - - [17/Jul/2017:07:02:50 +0200] "GET /timestamp/1500267740 HTTP/1.1" 200 3665 "http://timestamp.online/timestamp/1500267710" "Mozilla/5.0 (compatible; spbot/5.0.3; +http://OpenLinkProfiler.org/bot )"
100.12.198.130 - - [17/Jul/2017:07:02:51 +0200] "GET /countdown/1500000000 HTTP/1.1" 200 4349 "https://www.reddit.com/r/ProgrammerHumor/?count=150&after=t3_6n2gtj" "Mozilla/5.0 (Windows NT 10.0; Win64; x64) AppleWebKit/537.36 (KHTML, like Gecko) Chrome/59.0.3071.115 Safari/537.36"
100.12.198.130 - - [17/Jul/2017:07:02:51 +0200] "GET /zzstyle.css?1491341099 HTTP/1.1" 200 1389 "http://timestamp.online/countdown/1500000000" "Mozilla/5.0 (Windows NT 10.0; Win64; x64) AppleWebKit/537.36 (KHTML, like Gecko) Chrome/59.0.3071.115 Safari/537.36"
100.12.198.130 - - [17/Jul/2017:07:02:51 +0200] "GET /timestamp.js?1491341099 HTTP/1.1" 200 2853 "http://timestamp.online/countdown/1500000000" "Mozilla/5.0 (Windows NT 10.0; Win64; x64) AppleWebKit/537.36 (KHTML, like Gecko) Chrome/59.0.3071.115 Safari/537.36"
100.12.198.130 - - [17/Jul/2017:07:02:52 +0200] "GET /favicon.ico HTTP/1.1" 404 22529 "http://timestamp.online/countdown/1500000000" "Mozilla/5.0 (Windows NT 10.0; Win64; x64) AppleWebKit/537.36 (KHTML, like Gecko) Chrome/59.0.3071.115 Safari/537.36"
45.55.163.168 - - [17/Jul/2017:07:02:55 +0200] "GET /timestamp/1500267745 HTTP/1.1" 200 3665 "http://timestamp.online/timestamp/1500267715" "Mozilla/5.0 (compatible; spbot/5.0.3; +http://OpenLinkProfiler.org/bot )"
45.55.163.168 - - [17/Jul/2017:07:03:00 +0200] "GET /timestamp/1500267750 HTTP/1.1" 200 3665 "http://timestamp.online/timestamp/1500267720" "Mozilla/5.0 (compatible; spbot/5.0.3; +http://OpenLinkProfiler.org/bot )"
194.181.149.154 - - [17/Jul/2017:07:03:01 +0200] "GET /countdown/1500000000 HTTP/1.1" 200 4349 "-" "Mozilla/5.0 (Windows NT 6.3; Win64; x64) AppleWebKit/537.36 (KHTML, like Gecko) Chrome/59.0.3071.115 Safari/537.36"
194.181.149.154 - - [17/Jul/2017:07:03:01 +0200] "GET /zzstyle.css?1491341099 HTTP/1.1" 200 1389 "http://timestamp.online/countdown/1500000000" "Mozilla/5.0 (Windows NT 6.3; Win64; x64) AppleWebKit/537.36 (KHTML, like Gecko) Chrome/59.0.3071.115 Safari/537.36"
194.181.149.154 - - [17/Jul/2017:07:03:01 +0200] "GET /timestamp.js?1491341099 HTTP/1.1" 200 2853 "http://timestamp.online/countdown/1500000000" "Mozilla/5.0 (Windows NT 6.3; Win64; x64) AppleWebKit/537.36 (KHTML, like Gecko) Chrome/59.0.3071.115 Safari/537.36"
194.181.149.154 - - [17/Jul/2017:07:03:01 +0200] "GET /favicon.ico HTTP/1.1" 404 22621 "http://timestamp.online/countdown/1500000000" "Mozilla/5.0 (Windows NT 6.3; Win64; x64) AppleWebKit/537.36 (KHTML, like Gecko) Chrome/59.0.3071.115 Safari/537.36"
45.55.163.168 - - [17/Jul/2017:07:03:05 +0200] "GET /timestamp/1500267755 HTTP/1.1" 200 3665 "http://timestamp.online/timestamp/1500267725" "Mozilla/5.0 (compatible; spbot/5.0.3; +http://OpenLinkProfiler.org/bot )"
45.55.163.168 - - [17/Jul/2017:07:03:10 +0200] "GET /timestamp/1500267760 HTTP/1.1" 200 3665 "http://timestamp.online/timestamp/1500267730" "Mozilla/5.0 (compatible; spbot/5.0.3; +http://OpenLinkProfiler.org/bot )"
45.55.163.168 - - [17/Jul/2017:07:03:15 +0200] "GET /timestamp/1500267765 HTTP/1.1" 200 3665 "http://timestamp.online/timestamp/1500267735" "Mozilla/5.0 (compatible; spbot/5.0.3; +http://OpenLinkProfiler.org/bot )"
45.55.163.168 - - [17/Jul/2017:07:03:20 +0200] "GET /timestamp/1500267770 HTTP/1.1" 200 3665 "http://timestamp.online/timestamp/1500267740" "Mozilla/5.0 (compatible; spbot/5.0.3; +http://OpenLinkProfiler.org/bot )"
45.55.163.168 - - [17/Jul/2017:07:03:26 +0200] "GET /timestamp/1500267775 HTTP/1.1" 200 3665 "http://timestamp.online/timestamp/1500267745" "Mozilla/5.0 (compatible; spbot/5.0.3; +http://OpenLinkProfiler.org/bot )"
45.55.163.168 - - [17/Jul/2017:07:03:30 +0200] "GET /timestamp/1500267780 HTTP/1.1" 200 3665 "http://timestamp.online/timestamp/1500267750" "Mozilla/5.0 (compatible; spbot/5.0.3; +http://OpenLinkProfiler.org/bot )"
51.255.65.51 - - [17/Jul/2017:07:03:34 +0200] "GET /timestamp/1499586707 HTTP/1.1" 200 3665 "-" "Mozilla/5.0 (compatible; AhrefsBot/5.2; +http://ahrefs.com/robot/)"
45.55.163.168 - - [17/Jul/2017:07:03:35 +0200] "GET /timestamp/1500267785 HTTP/1.1" 200 3665 "http://timestamp.online/timestamp/1500267755" "Mozilla/5.0 (compatible; spbot/5.0.3; +http://OpenLinkProfiler.org/bot )"
45.55.163.168 - - [17/Jul/2017:07:03:40 +0200] "GET /timestamp/1500267790 HTTP/1.1" 200 3665 "http://timestamp.online/timestamp/1500267760" "Mozilla/5.0 (compatible; spbot/5.0.3; +http://OpenLinkProfiler.org/bot )"
45.55.163.168 - - [17/Jul/2017:07:03:46 +0200] "GET /timestamp/1500267795 HTTP/1.1" 200 3665 "http://timestamp.online/timestamp/1500267765" "Mozilla/5.0 (compatible; spbot/5.0.3; +http://OpenLinkProfiler.org/bot )"
45.55.163.168 - - [17/Jul/2017:07:03:50 +0200] "GET /timestamp/1500267800 HTTP/1.1" 200 3665 "http://timestamp.online/timestamp/1500267770" "Mozilla/5.0 (compatible; spbot/5.0.3; +http://OpenLinkProfiler.org/bot )"
5.172.255.195 - - [17/Jul/2017:07:03:54 +0200] "GET /countdown/1500000000 HTTP/1.1" 200 4349 "-" "Mozilla/5.0 (Windows NT 6.1; WOW64; rv:42.0) Gecko/20100101 Firefox/42.0"
45.55.163.168 - - [17/Jul/2017:07:03:55 +0200] "GET /timestamp/1500267806 HTTP/1.1" 200 3665 "http://timestamp.online/timestamp/1500267775" "Mozilla/5.0 (compatible; spbot/5.0.3; +http://OpenLinkProfiler.org/bot )"
5.172.255.195 - - [17/Jul/2017:07:03:56 +0200] "GET /countdown/1500000000 HTTP/1.1" 200 4349 "-" "Mozilla/5.0 (Windows NT 6.1; WOW64; rv:42.0) Gecko/20100101 Firefox/42.0"
5.172.255.195 - - [17/Jul/2017:07:03:57 +0200] "GET /zzstyle.css?1491341099 HTTP/1.1" 200 1389 "http://timestamp.online/countdown/1500000000" "Mozilla/5.0 (Windows NT 6.1; WOW64; rv:42.0) Gecko/20100101 Firefox/42.0"
5.172.255.195 - - [17/Jul/2017:07:03:57 +0200] "GET /timestamp.js?1491341099 HTTP/1.1" 200 2853 "http://timestamp.online/countdown/1500000000" "Mozilla/5.0 (Windows NT 6.1; WOW64; rv:42.0) Gecko/20100101 Firefox/42.0"
5.172.255.195 - - [17/Jul/2017:07:03:58 +0200] "GET /zzstyle.css?1491341099 HTTP/1.1" 304 - "http://timestamp.online/countdown/1500000000" "Mozilla/5.0 (Windows NT 6.1; WOW64; rv:42.0) Gecko/20100101 Firefox/42.0"
5.172.255.195 - - [17/Jul/2017:07:03:58 +0200] "GET /timestamp.js?1491341099 HTTP/1.1" 304 - "http://timestamp.online/countdown/1500000000" "Mozilla/5.0 (Windows NT 6.1; WOW64; rv:42.0) Gecko/20100101 Firefox/42.0"
45.55.163.168 - - [17/Jul/2017:07:04:00 +0200] "GET /timestamp/1500267810 HTTP/1.1" 200 3665 "http://timestamp.online/timestamp/1500267780" "Mozilla/5.0 (compatible; spbot/5.0.3; +http://OpenLinkProfiler.org/bot )"
45.55.163.168 - - [17/Jul/2017:07:04:05 +0200] "GET /timestamp/1500267815 HTTP/1.1" 200 3665 "http://timestamp.online/timestamp/1500267785" "Mozilla/5.0 (compatible; spbot/5.0.3; +http://OpenLinkProfiler.org/bot )"
5.172.255.195 - - [17/Jul/2017:07:04:07 +0200] "GET /favicon.ico HTTP/1.1" 404 22356 "-" "Mozilla/5.0 (Windows NT 6.1; WOW64; rv:42.0) Gecko/20100101 Firefox/42.0"
5.172.255.195 - - [17/Jul/2017:07:04:08 +0200] "GET /favicon.ico HTTP/1.1" 404 22356 "-" "Mozilla/5.0 (Windows NT 6.1; WOW64; rv:42.0) Gecko/20100101 Firefox/42.0"
5.172.255.195 - - [17/Jul/2017:07:04:09 +0200] "GET /favicon.ico HTTP/1.1" 404 22356 "-" "Mozilla/5.0 (Windows NT 6.1; WOW64; rv:42.0) Gecko/20100101 Firefox/42.0"
5.172.255.195 - - [17/Jul/2017:07:04:09 +0200] "GET /favicon.ico HTTP/1.1" 404 22356 "-" "Mozilla/5.0 (Windows NT 6.1; WOW64; rv:42.0) Gecko/20100101 Firefox/42.0"
45.55.163.168 - - [17/Jul/2017:07:04:10 +0200] "GET /timestamp/1500267820 HTTP/1.1" 200 3665 "http://timestamp.online/timestamp/1500267790" "Mozilla/5.0 (compatible; spbot/5.0.3; +http://OpenLinkProfiler.org/bot )"
2001:67c:710:2:cc76:648:e648:8c7c - - [17/Jul/2017:07:04:13 +0200] "GET /favicon.ico HTTP/1.1" 404 22356 "-" "HipChat Mozilla/5.0 (X11; Linux x86_64) AppleWebKit/537.36 (KHTML, like Gecko) QtWebEngine/5.7.0 Chrome/49.0.2623.111 Safari/537.36"
45.55.163.168 - - [17/Jul/2017:07:04:15 +0200] "GET /timestamp/1500267826 HTTP/1.1" 200 3665 "http://timestamp.online/timestamp/1500267795" "Mozilla/5.0 (compatible; spbot/5.0.3; +http://OpenLinkProfiler.org/bot )"
45.55.163.168 - - [17/Jul/2017:07:04:20 +0200] "GET /timestamp/1500267830 HTTP/1.1" 200 3665 "http://timestamp.online/timestamp/1500267800" "Mozilla/5.0 (compatible; spbot/5.0.3; +http://OpenLinkProfiler.org/bot )"
45.55.163.168 - - [17/Jul/2017:07:04:25 +0200] "GET /timestamp/1500267835 HTTP/1.1" 200 3665 "http://timestamp.online/timestamp/1500267806" "Mozilla/5.0 (compatible; spbot/5.0.3; +http://OpenLinkProfiler.org/bot )"
45.55.163.168 - - [17/Jul/2017:07:04:30 +0200] "GET /timestamp/1500267840 HTTP/1.1" 200 3665 "http://timestamp.online/timestamp/1500267810" "Mozilla/5.0 (compatible; spbot/5.0.3; +http://OpenLinkProfiler.org/bot )"
45.55.163.168 - - [17/Jul/2017:07:04:35 +0200] "GET /timestamp/1500267845 HTTP/1.1" 200 3665 "http://timestamp.online/timestamp/1500267815" "Mozilla/5.0 (compatible; spbot/5.0.3; +http://OpenLinkProfiler.org/bot )"
45.55.163.168 - - [17/Jul/2017:07:04:40 +0200] "GET /timestamp/1500267850 HTTP/1.1" 200 3665 "http://timestamp.online/timestamp/1500267820" "Mozilla/5.0 (compatible; spbot/5.0.3; +http://OpenLinkProfiler.org/bot )"
45.55.163.168 - - [17/Jul/2017:07:04:45 +0200] "GET /timestamp/1500267855 HTTP/1.1" 200 3665 "http://timestamp.online/timestamp/1500267826" "Mozilla/5.0 (compatible; spbot/5.0.3; +http://OpenLinkProfiler.org/bot )"
45.55.163.168 - - [17/Jul/2017:07:04:50 +0200] "GET /timestamp/1500267860 HTTP/1.1" 200 3665 "http://timestamp.online/timestamp/1500267830" "Mozilla/5.0 (compatible; spbot/5.0.3; +http://OpenLinkProfiler.org/bot )"
71.255.245.108 - - [17/Jul/2017:07:04:52 +0200] "GET /countdown/1500000000 HTTP/1.1" 200 4349 "-" "Mozilla/5.0 (Windows NT 10.0; WOW64; rv:54.0) Gecko/20100101 Firefox/54.0"
71.255.245.108 - - [17/Jul/2017:07:04:52 +0200] "GET /zzstyle.css?1491341099 HTTP/1.1" 200 1389 "http://timestamp.online/countdown/1500000000" "Mozilla/5.0 (Windows NT 10.0; WOW64; rv:54.0) Gecko/20100101 Firefox/54.0"
71.255.245.108 - - [17/Jul/2017:07:04:52 +0200] "GET /timestamp.js?1491341099 HTTP/1.1" 200 2853 "http://timestamp.online/countdown/1500000000" "Mozilla/5.0 (Windows NT 10.0; WOW64; rv:54.0) Gecko/20100101 Firefox/54.0"
71.255.245.108 - - [17/Jul/2017:07:04:52 +0200] "GET /favicon.ico HTTP/1.1" 404 22356 "-" "Mozilla/5.0 (Windows NT 10.0; WOW64; rv:54.0) Gecko/20100101 Firefox/54.0"
71.255.245.108 - - [17/Jul/2017:07:04:52 +0200] "GET /favicon.ico HTTP/1.1" 404 22356 "-" "Mozilla/5.0 (Windows NT 10.0; WOW64; rv:54.0) Gecko/20100101 Firefox/54.0"
45.55.163.168 - - [17/Jul/2017:07:04:55 +0200] "GET /timestamp/1500267865 HTTP/1.1" 200 3665 "http://timestamp.online/timestamp/1500267835" "Mozilla/5.0 (compatible; spbot/5.0.3; +http://OpenLinkProfiler.org/bot )"
45.55.163.168 - - [17/Jul/2017:07:05:00 +0200] "GET /timestamp/1500267870 HTTP/1.1" 200 3665 "http://timestamp.online/timestamp/1500267840" "Mozilla/5.0 (compatible; spbot/5.0.3; +http://OpenLinkProfiler.org/bot )"
45.55.163.168 - - [17/Jul/2017:07:05:05 +0200] "GET /timestamp/1500267875 HTTP/1.1" 200 3665 "http://timestamp.online/timestamp/1500267845" "Mozilla/5.0 (compatible; spbot/5.0.3; +http://OpenLinkProfiler.org/bot )"
45.55.163.168 - - [17/Jul/2017:07:05:10 +0200] "GET /timestamp/1500267880 HTTP/1.1" 200 3665 "http://timestamp.online/timestamp/1500267850" "Mozilla/5.0 (compatible; spbot/5.0.3; +http://OpenLinkProfiler.org/bot )"
45.55.163.168 - - [17/Jul/2017:07:05:15 +0200] "GET /timestamp/1500267885 HTTP/1.1" 200 3665 "http://timestamp.online/timestamp/1500267855" "Mozilla/5.0 (compatible; spbot/5.0.3; +http://OpenLinkProfiler.org/bot )"
2001:67c:1232:144:91b0:6e28:169d:c0a - - [17/Jul/2017:07:05:17 +0200] "GET /countdown/1500000000 HTTP/1.1" 200 4349 "-" "Mozilla/5.0 (Macintosh; Intel Mac OS X 10.12; rv:54.0) Gecko/20100101 Firefox/54.0"
45.55.163.168 - - [17/Jul/2017:07:05:20 +0200] "GET /timestamp/1500267890 HTTP/1.1" 200 3665 "http://timestamp.online/timestamp/1500267860" "Mozilla/5.0 (compatible; spbot/5.0.3; +http://OpenLinkProfiler.org/bot )"
2001:67c:1232:144:91b0:6e28:169d:c0a - - [17/Jul/2017:07:05:21 +0200] "GET /countdown/1600000000 HTTP/1.1" 200 4360 "-" "Mozilla/5.0 (Macintosh; Intel Mac OS X 10.12; rv:54.0) Gecko/20100101 Firefox/54.0"
2001:67c:1232:144:91b0:6e28:169d:c0a - - [17/Jul/2017:07:05:22 +0200] "GET /zzstyle.css?1491341099 HTTP/1.1" 304 - "http://timestamp.online/countdown/1600000000" "Mozilla/5.0 (Macintosh; Intel Mac OS X 10.12; rv:54.0) Gecko/20100101 Firefox/54.0"
2001:67c:1232:144:91b0:6e28:169d:c0a - - [17/Jul/2017:07:05:22 +0200] "GET /timestamp.js?1491341099 HTTP/1.1" 304 - "http://timestamp.online/countdown/1600000000" "Mozilla/5.0 (Macintosh; Intel Mac OS X 10.12; rv:54.0) Gecko/20100101 Firefox/54.0"
45.55.163.168 - - [17/Jul/2017:07:05:25 +0200] "GET /timestamp/1500267895 HTTP/1.1" 200 3665 "http://timestamp.online/timestamp/1500267865" "Mozilla/5.0 (compatible; spbot/5.0.3; +http://OpenLinkProfiler.org/bot )"
95.108.179.15 - - [17/Jul/2017:07:05:28 +0200] "GET /timestamp/1500032386 HTTP/1.1" 200 3665 "-" "Mozilla/5.0 (compatible; YandexBot/3.0; +http://yandex.com/bots)"
45.55.163.168 - - [17/Jul/2017:07:05:30 +0200] "GET /timestamp/1500267900 HTTP/1.1" 200 3665 "http://timestamp.online/timestamp/1500267870" "Mozilla/5.0 (compatible; spbot/5.0.3; +http://OpenLinkProfiler.org/bot )"
45.55.163.168 - - [17/Jul/2017:07:05:35 +0200] "GET /timestamp/1500267905 HTTP/1.1" 200 3665 "http://timestamp.online/timestamp/1500267875" "Mozilla/5.0 (compatible; spbot/5.0.3; +http://OpenLinkProfiler.org/bot )"
45.55.163.168 - - [17/Jul/2017:07:05:40 +0200] "GET /timestamp/1500267910 HTTP/1.1" 200 3665 "http://timestamp.online/timestamp/1500267880" "Mozilla/5.0 (compatible; spbot/5.0.3; +http://OpenLinkProfiler.org/bot )"
45.55.163.168 - - [17/Jul/2017:07:05:45 +0200] "GET /timestamp/1500267915 HTTP/1.1" 200 3665 "http://timestamp.online/timestamp/1500267885" "Mozilla/5.0 (compatible; spbot/5.0.3; +http://OpenLinkProfiler.org/bot )"
45.55.163.168 - - [17/Jul/2017:07:05:50 +0200] "GET /timestamp/1500267920 HTTP/1.1" 200 3665 "http://timestamp.online/timestamp/1500267890" "Mozilla/5.0 (compatible; spbot/5.0.3; +http://OpenLinkProfiler.org/bot )"
45.55.163.168 - - [17/Jul/2017:07:05:56 +0200] "GET /timestamp/1500267925 HTTP/1.1" 200 3665 "http://timestamp.online/timestamp/1500267895" "Mozilla/5.0 (compatible; spbot/5.0.3; +http://OpenLinkProfiler.org/bot )"
45.55.163.168 - - [17/Jul/2017:07:06:00 +0200] "GET /timestamp/1500267930 HTTP/1.1" 200 3665 "http://timestamp.online/timestamp/1500267900" "Mozilla/5.0 (compatible; spbot/5.0.3; +http://OpenLinkProfiler.org/bot )"
45.55.163.168 - - [17/Jul/2017:07:06:05 +0200] "GET /timestamp/1500267935 HTTP/1.1" 200 3665 "http://timestamp.online/timestamp/1500267905" "Mozilla/5.0 (compatible; spbot/5.0.3; +http://OpenLinkProfiler.org/bot )"
45.55.163.168 - - [17/Jul/2017:07:06:10 +0200] "GET /timestamp/1500267940 HTTP/1.1" 200 3665 "http://timestamp.online/timestamp/1500267910" "Mozilla/5.0 (compatible; spbot/5.0.3; +http://OpenLinkProfiler.org/bot )"
45.55.163.168 - - [17/Jul/2017:07:06:15 +0200] "GET /timestamp/1500267945 HTTP/1.1" 200 3665 "http://timestamp.online/timestamp/1500267915" "Mozilla/5.0 (compatible; spbot/5.0.3; +http://OpenLinkProfiler.org/bot )"
45.55.163.168 - - [17/Jul/2017:07:06:20 +0200] "GET /timestamp/1500267950 HTTP/1.1" 200 3665 "http://timestamp.online/timestamp/1500267920" "Mozilla/5.0 (compatible; spbot/5.0.3; +http://OpenLinkProfiler.org/bot )"
45.55.163.168 - - [17/Jul/2017:07:06:25 +0200] "GET /timestamp/1500267956 HTTP/1.1" 200 3665 "http://timestamp.online/timestamp/1500267925" "Mozilla/5.0 (compatible; spbot/5.0.3; +http://OpenLinkProfiler.org/bot )"
45.55.163.168 - - [17/Jul/2017:07:06:30 +0200] "GET /timestamp/1500267960 HTTP/1.1" 200 3665 "http://timestamp.online/timestamp/1500267930" "Mozilla/5.0 (compatible; spbot/5.0.3; +http://OpenLinkProfiler.org/bot )"
45.55.163.168 - - [17/Jul/2017:07:06:35 +0200] "GET /timestamp/1500267965 HTTP/1.1" 200 3665 "http://timestamp.online/timestamp/1500267935" "Mozilla/5.0 (compatible; spbot/5.0.3; +http://OpenLinkProfiler.org/bot )"
45.55.163.168 - - [17/Jul/2017:07:06:41 +0200] "GET /timestamp/1500267970 HTTP/1.1" 200 3665 "http://timestamp.online/timestamp/1500267940" "Mozilla/5.0 (compatible; spbot/5.0.3; +http://OpenLinkProfiler.org/bot )"
45.55.163.168 - - [17/Jul/2017:07:06:45 +0200] "GET /timestamp/1500267975 HTTP/1.1" 200 3665 "http://timestamp.online/timestamp/1500267945" "Mozilla/5.0 (compatible; spbot/5.0.3; +http://OpenLinkProfiler.org/bot )"
45.55.163.168 - - [17/Jul/2017:07:06:50 +0200] "GET /timestamp/1500267980 HTTP/1.1" 200 3665 "http://timestamp.online/timestamp/1500267950" "Mozilla/5.0 (compatible; spbot/5.0.3; +http://OpenLinkProfiler.org/bot )"
45.55.163.168 - - [17/Jul/2017:07:06:55 +0200] "GET /timestamp/1500267985 HTTP/1.1" 200 3665 "http://timestamp.online/timestamp/1500267956" "Mozilla/5.0 (compatible; spbot/5.0.3; +http://OpenLinkProfiler.org/bot )"
45.55.163.168 - - [17/Jul/2017:07:07:00 +0200] "GET /timestamp/1500267990 HTTP/1.1" 200 3665 "http://timestamp.online/timestamp/1500267960" "Mozilla/5.0 (compatible; spbot/5.0.3; +http://OpenLinkProfiler.org/bot )"
45.55.163.168 - - [17/Jul/2017:07:07:05 +0200] "GET /timestamp/1500267995 HTTP/1.1" 200 3665 "http://timestamp.online/timestamp/1500267965" "Mozilla/5.0 (compatible; spbot/5.0.3; +http://OpenLinkProfiler.org/bot )"
45.55.163.168 - - [17/Jul/2017:07:07:10 +0200] "GET /timestamp/1500268001 HTTP/1.1" 200 3665 "http://timestamp.online/timestamp/1500267970" "Mozilla/5.0 (compatible; spbot/5.0.3; +http://OpenLinkProfiler.org/bot )"
45.55.163.168 - - [17/Jul/2017:07:07:15 +0200] "GET /timestamp/1500268005 HTTP/1.1" 200 3665 "http://timestamp.online/timestamp/1500267975" "Mozilla/5.0 (compatible; spbot/5.0.3; +http://OpenLinkProfiler.org/bot )"
45.55.163.168 - - [17/Jul/2017:07:07:20 +0200] "GET /timestamp/1500268010 HTTP/1.1" 200 3665 "http://timestamp.online/timestamp/1500267980" "Mozilla/5.0 (compatible; spbot/5.0.3; +http://OpenLinkProfiler.org/bot )"
45.55.163.168 - - [17/Jul/2017:07:07:25 +0200] "GET /timestamp/1500268015 HTTP/1.1" 200 3665 "http://timestamp.online/timestamp/1500267985" "Mozilla/5.0 (compatible; spbot/5.0.3; +http://OpenLinkProfiler.org/bot )"
51.255.65.47 - - [17/Jul/2017:07:07:26 +0200] "GET /timestamp/1499590335 HTTP/1.1" 200 3665 "-" "Mozilla/5.0 (compatible; AhrefsBot/5.2; +http://ahrefs.com/robot/)"
45.55.163.168 - - [17/Jul/2017:07:07:30 +0200] "GET /timestamp/1500268020 HTTP/1.1" 200 3665 "http://timestamp.online/timestamp/1500267990" "Mozilla/5.0 (compatible; spbot/5.0.3; +http://OpenLinkProfiler.org/bot )"
45.55.163.168 - - [17/Jul/2017:07:07:35 +0200] "GET /timestamp/1500268025 HTTP/1.1" 200 3665 "http://timestamp.online/timestamp/1500267995" "Mozilla/5.0 (compatible; spbot/5.0.3; +http://OpenLinkProfiler.org/bot )"
45.55.163.168 - - [17/Jul/2017:07:07:40 +0200] "GET /timestamp/1500268030 HTTP/1.1" 200 3665 "http://timestamp.online/timestamp/1500268001" "Mozilla/5.0 (compatible; spbot/5.0.3; +http://OpenLinkProfiler.org/bot )"
45.55.163.168 - - [17/Jul/2017:07:07:45 +0200] "GET /timestamp/1500268035 HTTP/1.1" 200 3665 "http://timestamp.online/timestamp/1500268005" "Mozilla/5.0 (compatible; spbot/5.0.3; +http://OpenLinkProfiler.org/bot )"
45.55.163.168 - - [17/Jul/2017:07:07:50 +0200] "GET /timestamp/1500268040 HTTP/1.1" 200 3665 "http://timestamp.online/timestamp/1500268010" "Mozilla/5.0 (compatible; spbot/5.0.3; +http://OpenLinkProfiler.org/bot )"
45.55.163.168 - - [17/Jul/2017:07:07:55 +0200] "GET /timestamp/1500268045 HTTP/1.1" 200 3665 "http://timestamp.online/timestamp/1500268015" "Mozilla/5.0 (compatible; spbot/5.0.3; +http://OpenLinkProfiler.org/bot )"
45.55.163.168 - - [17/Jul/2017:07:08:00 +0200] "GET /timestamp/1500268050 HTTP/1.1" 200 3665 "http://timestamp.online/timestamp/1500268020" "Mozilla/5.0 (compatible; spbot/5.0.3; +http://OpenLinkProfiler.org/bot )"
45.55.163.168 - - [17/Jul/2017:07:08:06 +0200] "GET /timestamp/1500268055 HTTP/1.1" 200 3665 "http://timestamp.online/timestamp/1500268025" "Mozilla/5.0 (compatible; spbot/5.0.3; +http://OpenLinkProfiler.org/bot )"
45.55.163.168 - - [17/Jul/2017:07:08:10 +0200] "GET /timestamp/1500268060 HTTP/1.1" 200 3665 "http://timestamp.online/timestamp/1500268030" "Mozilla/5.0 (compatible; spbot/5.0.3; +http://OpenLinkProfiler.org/bot )"
45.55.163.168 - - [17/Jul/2017:07:08:15 +0200] "GET /timestamp/1500268065 HTTP/1.1" 200 3665 "http://timestamp.online/timestamp/1500268035" "Mozilla/5.0 (compatible; spbot/5.0.3; +http://OpenLinkProfiler.org/bot )"
70.95.106.2 - - [17/Jul/2017:07:08:18 +0200] "GET /timestamp.js?1491341097 HTTP/1.1" 200 2853 "-" "Mozilla/5.0 (Linux; Android 6.0.1; SM-N910V Build/MMB29M) AppleWebKit/537.36 (KHTML, like Gecko) Chrome/59.0.3071.125 Mobile Safari/537.36"
45.55.163.168 - - [17/Jul/2017:07:08:20 +0200] "GET /timestamp/1500268070 HTTP/1.1" 200 3665 "http://timestamp.online/timestamp/1500268040" "Mozilla/5.0 (compatible; spbot/5.0.3; +http://OpenLinkProfiler.org/bot )"
45.55.163.168 - - [17/Jul/2017:07:08:25 +0200] "GET /timestamp/1500268075 HTTP/1.1" 200 3665 "http://timestamp.online/timestamp/1500268045" "Mozilla/5.0 (compatible; spbot/5.0.3; +http://OpenLinkProfiler.org/bot )"
45.55.163.168 - - [17/Jul/2017:07:08:30 +0200] "GET /timestamp/1500268080 HTTP/1.1" 200 3665 "http://timestamp.online/timestamp/1500268050" "Mozilla/5.0 (compatible; spbot/5.0.3; +http://OpenLinkProfiler.org/bot )"
45.55.163.168 - - [17/Jul/2017:07:08:35 +0200] "GET /timestamp/1500268086 HTTP/1.1" 200 3665 "http://timestamp.online/timestamp/1500268055" "Mozilla/5.0 (compatible; spbot/5.0.3; +http://OpenLinkProfiler.org/bot )"
45.55.163.168 - - [17/Jul/2017:07:08:41 +0200] "GET /timestamp/1500268090 HTTP/1.1" 200 3665 "http://timestamp.online/timestamp/1500268060" "Mozilla/5.0 (compatible; spbot/5.0.3; +http://OpenLinkProfiler.org/bot )"
45.55.163.168 - - [17/Jul/2017:07:08:45 +0200] "GET /timestamp/1500268095 HTTP/1.1" 200 3665 "http://timestamp.online/timestamp/1500268065" "Mozilla/5.0 (compatible; spbot/5.0.3; +http://OpenLinkProfiler.org/bot )"
45.55.163.168 - - [17/Jul/2017:07:08:50 +0200] "GET /timestamp/1500268100 HTTP/1.1" 200 3665 "http://timestamp.online/timestamp/1500268070" "Mozilla/5.0 (compatible; spbot/5.0.3; +http://OpenLinkProfiler.org/bot )"
45.55.163.168 - - [17/Jul/2017:07:08:55 +0200] "GET /timestamp/1500268105 HTTP/1.1" 200 3665 "http://timestamp.online/timestamp/1500268075" "Mozilla/5.0 (compatible; spbot/5.0.3; +http://OpenLinkProfiler.org/bot )"
45.55.163.168 - - [17/Jul/2017:07:09:00 +0200] "GET /timestamp/1500268110 HTTP/1.1" 200 3665 "http://timestamp.online/timestamp/1500268080" "Mozilla/5.0 (compatible; spbot/5.0.3; +http://OpenLinkProfiler.org/bot )"
95.108.179.20 - - [17/Jul/2017:07:09:02 +0200] "GET /timestamp/1500051430 HTTP/1.1" 200 3665 "-" "Mozilla/5.0 (compatible; YandexBot/3.0; +http://yandex.com/bots)"
45.55.163.168 - - [17/Jul/2017:07:09:06 +0200] "GET /timestamp/1500268115 HTTP/1.1" 200 3665 "http://timestamp.online/timestamp/1500268086" "Mozilla/5.0 (compatible; spbot/5.0.3; +http://OpenLinkProfiler.org/bot )"
45.55.163.168 - - [17/Jul/2017:07:09:10 +0200] "GET /timestamp/1500268121 HTTP/1.1" 200 3665 "http://timestamp.online/timestamp/1500268090" "Mozilla/5.0 (compatible; spbot/5.0.3; +http://OpenLinkProfiler.org/bot )"
45.55.163.168 - - [17/Jul/2017:07:09:15 +0200] "GET /timestamp/1500268125 HTTP/1.1" 200 3665 "http://timestamp.online/timestamp/1500268095" "Mozilla/5.0 (compatible; spbot/5.0.3; +http://OpenLinkProfiler.org/bot )"
45.55.163.168 - - [17/Jul/2017:07:09:20 +0200] "GET /timestamp/1500268130 HTTP/1.1" 200 3665 "http://timestamp.online/timestamp/1500268100" "Mozilla/5.0 (compatible; spbot/5.0.3; +http://OpenLinkProfiler.org/bot )"
45.55.163.168 - - [17/Jul/2017:07:09:25 +0200] "GET /timestamp/1500268135 HTTP/1.1" 200 3665 "http://timestamp.online/timestamp/1500268105" "Mozilla/5.0 (compatible; spbot/5.0.3; +http://OpenLinkProfiler.org/bot )"
89.25.243.102 - - [17/Jul/2017:07:09:28 +0200] "GET /favicon.ico HTTP/1.1" 404 22356 "-" "HipChat Mozilla/5.0 (Windows NT 6.2; WOW64) AppleWebKit/537.36 (KHTML, like Gecko) QtWebEngine/5.7.0 Chrome/49.0.2623.111 Safari/537.36"
45.55.163.168 - - [17/Jul/2017:07:09:30 +0200] "GET /timestamp/1500268140 HTTP/1.1" 200 3665 "http://timestamp.online/timestamp/1500268110" "Mozilla/5.0 (compatible; spbot/5.0.3; +http://OpenLinkProfiler.org/bot )"
45.55.163.168 - - [17/Jul/2017:07:09:35 +0200] "GET /timestamp/1500268146 HTTP/1.1" 200 3665 "http://timestamp.online/timestamp/1500268115" "Mozilla/5.0 (compatible; spbot/5.0.3; +http://OpenLinkProfiler.org/bot )"
45.55.163.168 - - [17/Jul/2017:07:09:40 +0200] "GET /timestamp/1500268150 HTTP/1.1" 200 3665 "http://timestamp.online/timestamp/1500268121" "Mozilla/5.0 (compatible; spbot/5.0.3; +http://OpenLinkProfiler.org/bot )"
164.132.161.66 - - [17/Jul/2017:07:09:44 +0200] "GET /timestamp/1499631294 HTTP/1.1" 200 3665 "-" "Mozilla/5.0 (compatible; AhrefsBot/5.2; +http://ahrefs.com/robot/)"
45.55.163.168 - - [17/Jul/2017:07:09:46 +0200] "GET /timestamp/1500268155 HTTP/1.1" 200 3665 "http://timestamp.online/timestamp/1500268125" "Mozilla/5.0 (compatible; spbot/5.0.3; +http://OpenLinkProfiler.org/bot )"
45.55.163.168 - - [17/Jul/2017:07:09:50 +0200] "GET /timestamp/1500268160 HTTP/1.1" 200 3665 "http://timestamp.online/timestamp/1500268130" "Mozilla/5.0 (compatible; spbot/5.0.3; +http://OpenLinkProfiler.org/bot )"
45.55.163.168 - - [17/Jul/2017:07:09:55 +0200] "GET /timestamp/1500268165 HTTP/1.1" 200 3665 "http://timestamp.online/timestamp/1500268135" "Mozilla/5.0 (compatible; spbot/5.0.3; +http://OpenLinkProfiler.org/bot )"
45.55.163.168 - - [17/Jul/2017:07:10:00 +0200] "GET /timestamp/1500268170 HTTP/1.1" 200 3665 "http://timestamp.online/timestamp/1500268140" "Mozilla/5.0 (compatible; spbot/5.0.3; +http://OpenLinkProfiler.org/bot )"
45.55.163.168 - - [17/Jul/2017:07:10:06 +0200] "GET /timestamp/1500268175 HTTP/1.1" 200 3665 "http://timestamp.online/timestamp/1500268146" "Mozilla/5.0 (compatible; spbot/5.0.3; +http://OpenLinkProfiler.org/bot )"
51.255.65.57 - - [17/Jul/2017:07:10:07 +0200] "GET /timestamp/1499650957 HTTP/1.1" 200 3665 "-" "Mozilla/5.0 (compatible; AhrefsBot/5.2; +http://ahrefs.com/robot/)"
45.55.163.168 - - [17/Jul/2017:07:10:10 +0200] "GET /timestamp/1500268180 HTTP/1.1" 200 3665 "http://timestamp.online/timestamp/1500268150" "Mozilla/5.0 (compatible; spbot/5.0.3; +http://OpenLinkProfiler.org/bot )"
45.55.163.168 - - [17/Jul/2017:07:10:15 +0200] "GET /timestamp/1500268186 HTTP/1.1" 200 3665 "http://timestamp.online/timestamp/1500268155" "Mozilla/5.0 (compatible; spbot/5.0.3; +http://OpenLinkProfiler.org/bot )"
45.55.163.168 - - [17/Jul/2017:07:10:20 +0200] "GET /timestamp/1500268190 HTTP/1.1" 200 3665 "http://timestamp.online/timestamp/1500268160" "Mozilla/5.0 (compatible; spbot/5.0.3; +http://OpenLinkProfiler.org/bot )"
45.55.163.168 - - [17/Jul/2017:07:10:25 +0200] "GET /timestamp/1500268195 HTTP/1.1" 200 3665 "http://timestamp.online/timestamp/1500268165" "Mozilla/5.0 (compatible; spbot/5.0.3; +http://OpenLinkProfiler.org/bot )"
45.55.163.168 - - [17/Jul/2017:07:10:30 +0200] "GET /timestamp/1500268200 HTTP/1.1" 200 3665 "http://timestamp.online/timestamp/1500268170" "Mozilla/5.0 (compatible; spbot/5.0.3; +http://OpenLinkProfiler.org/bot )"
45.55.163.168 - - [17/Jul/2017:07:10:35 +0200] "GET /timestamp/1500268206 HTTP/1.1" 200 3665 "http://timestamp.online/timestamp/1500268175" "Mozilla/5.0 (compatible; spbot/5.0.3; +http://OpenLinkProfiler.org/bot )"
45.55.163.168 - - [17/Jul/2017:07:10:40 +0200] "GET /timestamp/1500268210 HTTP/1.1" 200 3665 "http://timestamp.online/timestamp/1500268180" "Mozilla/5.0 (compatible; spbot/5.0.3; +http://OpenLinkProfiler.org/bot )"
51.255.71.133 - - [17/Jul/2017:07:10:41 +0200] "GET /timestamp/1499674939 HTTP/1.1" 200 3665 "-" "Mozilla/5.0 (compatible; AhrefsBot/5.2; +http://ahrefs.com/robot/)"
45.55.163.168 - - [17/Jul/2017:07:10:45 +0200] "GET /timestamp/1500268215 HTTP/1.1" 200 3665 "http://timestamp.online/timestamp/1500268186" "Mozilla/5.0 (compatible; spbot/5.0.3; +http://OpenLinkProfiler.org/bot )"
45.55.163.168 - - [17/Jul/2017:07:10:50 +0200] "GET /timestamp/1500268220 HTTP/1.1" 200 3665 "http://timestamp.online/timestamp/1500268190" "Mozilla/5.0 (compatible; spbot/5.0.3; +http://OpenLinkProfiler.org/bot )"
45.55.163.168 - - [17/Jul/2017:07:10:55 +0200] "GET /timestamp/1500268225 HTTP/1.1" 200 3665 "http://timestamp.online/timestamp/1500268195" "Mozilla/5.0 (compatible; spbot/5.0.3; +http://OpenLinkProfiler.org/bot )"
45.55.163.168 - - [17/Jul/2017:07:11:00 +0200] "GET /timestamp/1500268230 HTTP/1.1" 200 3665 "http://timestamp.online/timestamp/1500268200" "Mozilla/5.0 (compatible; spbot/5.0.3; +http://OpenLinkProfiler.org/bot )"
45.55.163.168 - - [17/Jul/2017:07:11:05 +0200] "GET /timestamp/1500268235 HTTP/1.1" 200 3665 "http://timestamp.online/timestamp/1500268206" "Mozilla/5.0 (compatible; spbot/5.0.3; +http://OpenLinkProfiler.org/bot )"
45.55.163.168 - - [17/Jul/2017:07:11:11 +0200] "GET /timestamp/1500268240 HTTP/1.1" 200 3665 "http://timestamp.online/timestamp/1500268210" "Mozilla/5.0 (compatible; spbot/5.0.3; +http://OpenLinkProfiler.org/bot )"
45.55.163.168 - - [17/Jul/2017:07:11:15 +0200] "GET /timestamp/1500268245 HTTP/1.1" 200 3665 "http://timestamp.online/timestamp/1500268215" "Mozilla/5.0 (compatible; spbot/5.0.3; +http://OpenLinkProfiler.org/bot )"
45.55.163.168 - - [17/Jul/2017:07:11:20 +0200] "GET /timestamp/1500268250 HTTP/1.1" 200 3665 "http://timestamp.online/timestamp/1500268220" "Mozilla/5.0 (compatible; spbot/5.0.3; +http://OpenLinkProfiler.org/bot )"
45.55.163.168 - - [17/Jul/2017:07:11:25 +0200] "GET /timestamp/1500268255 HTTP/1.1" 200 3665 "http://timestamp.online/timestamp/1500268225" "Mozilla/5.0 (compatible; spbot/5.0.3; +http://OpenLinkProfiler.org/bot )"
51.255.65.55 - - [17/Jul/2017:07:11:28 +0200] "GET /timestamp/1498486306 HTTP/1.1" 200 3665 "-" "Mozilla/5.0 (compatible; AhrefsBot/5.2; +http://ahrefs.com/robot/)"
45.55.163.168 - - [17/Jul/2017:07:11:30 +0200] "GET /timestamp/1500268260 HTTP/1.1" 200 3665 "http://timestamp.online/timestamp/1500268230" "Mozilla/5.0 (compatible; spbot/5.0.3; +http://OpenLinkProfiler.org/bot )"
45.55.163.168 - - [17/Jul/2017:07:11:35 +0200] "GET /timestamp/1500268265 HTTP/1.1" 200 3665 "http://timestamp.online/timestamp/1500268235" "Mozilla/5.0 (compatible; spbot/5.0.3; +http://OpenLinkProfiler.org/bot )"
45.55.163.168 - - [17/Jul/2017:07:11:40 +0200] "GET /timestamp/1500268271 HTTP/1.1" 200 3665 "http://timestamp.online/timestamp/1500268240" "Mozilla/5.0 (compatible; spbot/5.0.3; +http://OpenLinkProfiler.org/bot )"
45.55.163.168 - - [17/Jul/2017:07:11:45 +0200] "GET /timestamp/1500268275 HTTP/1.1" 200 3665 "http://timestamp.online/timestamp/1500268245" "Mozilla/5.0 (compatible; spbot/5.0.3; +http://OpenLinkProfiler.org/bot )"
45.55.163.168 - - [17/Jul/2017:07:11:51 +0200] "GET /timestamp/1500268280 HTTP/1.1" 200 3665 "http://timestamp.online/timestamp/1500268250" "Mozilla/5.0 (compatible; spbot/5.0.3; +http://OpenLinkProfiler.org/bot )"
45.55.163.168 - - [17/Jul/2017:07:11:55 +0200] "GET /timestamp/1500268285 HTTP/1.1" 200 3665 "http://timestamp.online/timestamp/1500268255" "Mozilla/5.0 (compatible; spbot/5.0.3; +http://OpenLinkProfiler.org/bot )"
45.55.163.168 - - [17/Jul/2017:07:12:00 +0200] "GET /timestamp/1500268290 HTTP/1.1" 200 3665 "http://timestamp.online/timestamp/1500268260" "Mozilla/5.0 (compatible; spbot/5.0.3; +http://OpenLinkProfiler.org/bot )"
45.55.163.168 - - [17/Jul/2017:07:12:05 +0200] "GET /timestamp/1500268295 HTTP/1.1" 200 3665 "http://timestamp.online/timestamp/1500268265" "Mozilla/5.0 (compatible; spbot/5.0.3; +http://OpenLinkProfiler.org/bot )"
45.55.163.168 - - [17/Jul/2017:07:12:11 +0200] "GET /timestamp/1500268300 HTTP/1.1" 200 3665 "http://timestamp.online/timestamp/1500268271" "Mozilla/5.0 (compatible; spbot/5.0.3; +http://OpenLinkProfiler.org/bot )"
45.55.163.168 - - [17/Jul/2017:07:12:15 +0200] "GET /timestamp/1500268305 HTTP/1.1" 200 3665 "http://timestamp.online/timestamp/1500268275" "Mozilla/5.0 (compatible; spbot/5.0.3; +http://OpenLinkProfiler.org/bot )"
45.55.163.168 - - [17/Jul/2017:07:12:20 +0200] "GET /timestamp/1500268311 HTTP/1.1" 200 3665 "http://timestamp.online/timestamp/1500268280" "Mozilla/5.0 (compatible; spbot/5.0.3; +http://OpenLinkProfiler.org/bot )"
