45.55.163.168 - - [17/Jul/2017:07:28:05 +0200] "GET /timestamp/1500269255 HTTP/1.1" 200 3665 "http://timestamp.online/timestamp/1500269225" "Mozilla/5.0 (compatible; spbot/5.0.3; +http://OpenLinkProfiler.org/bot )"
45.55.163.168 - - [17/Jul/2017:07:28:11 +0200] "GET /timestamp/1500269260 HTTP/1.1" 200 3665 "http://timestamp.online/timestamp/1500269231" "Mozilla/5.0 (compatible; spbot/5.0.3; +http://OpenLinkProfiler.org/bot )"
45.55.163.168 - - [17/Jul/2017:07:28:15 +0200] "GET /timestamp/1500269265 HTTP/1.1" 200 3665 "http://timestamp.online/timestamp/1500269235" "Mozilla/5.0 (compatible; spbot/5.0.3; +http://OpenLinkProfiler.org/bot )"
45.55.163.168 - - [17/Jul/2017:07:28:20 +0200] "GET /timestamp/1500269270 HTTP/1.1" 200 3665 "http://timestamp.online/timestamp/1500269240" "Mozilla/5.0 (compatible; spbot/5.0.3; +http://OpenLinkProfiler.org/bot )"
45.55.163.168 - - [17/Jul/2017:07:28:25 +0200] "GET /timestamp/1500269275 HTTP/1.1" 200 3665 "http://timestamp.online/timestamp/1500269246" "Mozilla/5.0 (compatible; spbot/5.0.3; +http://OpenLinkProfiler.org/bot )"
89.25.216.1 - - [17/Jul/2017:07:28:27 +0200] "GET /favicon.ico HTTP/1.1" 404 22356 "-" "HipChat Mozilla/5.0 (X11; Linux x86_64) AppleWebKit/537.36 (KHTML, like Gecko) QtWebEngine/5.7.0 Chrome/49.0.2623.111 Safari/537.36"
45.55.163.168 - - [17/Jul/2017:07:28:30 +0200] "GET /timestamp/1500269280 HTTP/1.1" 200 3665 "http://timestamp.online/timestamp/1500269250" "Mozilla/5.0 (compatible; spbot/5.0.3; +http://OpenLinkProfiler.org/bot )"
51.255.71.128 - - [17/Jul/2017:07:28:32 +0200] "GET /timestamp/1498517329 HTTP/1.1" 200 3665 "-" "Mozilla/5.0 (compatible; AhrefsBot/5.2; +http://ahrefs.com/robot/)"
45.55.163.168 - - [17/Jul/2017:07:28:35 +0200] "GET /timestamp/1500269285 HTTP/1.1" 200 3665 "http://timestamp.online/timestamp/1500269255" "Mozilla/5.0 (compatible; spbot/5.0.3; +http://OpenLinkProfiler.org/bot )"
51.255.65.2 - - [17/Jul/2017:07:28:35 +0200] "GET /timestamp/1499594881 HTTP/1.1" 200 3665 "-" "Mozilla/5.0 (compatible; AhrefsBot/5.2; +http://ahrefs.com/robot/)"
45.55.163.168 - - [17/Jul/2017:07:28:40 +0200] "GET /timestamp/1500269291 HTTP/1.1" 200 3665 "http://timestamp.online/timestamp/1500269260" "Mozilla/5.0 (compatible; spbot/5.0.3; +http://OpenLinkProfiler.org/bot )"
51.255.65.2 - - [17/Jul/2017:07:28:40 +0200] "GET /timestamp/1499590185 HTTP/1.1" 200 3665 "-" "Mozilla/5.0 (compatible; AhrefsBot/5.2; +http://ahrefs.com/robot/)"
45.55.163.168 - - [17/Jul/2017:07:28:45 +0200] "GET /timestamp/1500269295 HTTP/1.1" 200 3665 "http://timestamp.online/timestamp/1500269265" "Mozilla/5.0 (compatible; spbot/5.0.3; +http://OpenLinkProfiler.org/bot )"
164.132.161.36 - - [17/Jul/2017:07:28:46 +0200] "GET /timestamp/1499611773 HTTP/1.1" 200 3665 "-" "Mozilla/5.0 (compatible; AhrefsBot/5.2; +http://ahrefs.com/robot/)"
45.55.163.168 - - [17/Jul/2017:07:28:50 +0200] "GET /timestamp/1500269300 HTTP/1.1" 200 3665 "http://timestamp.online/timestamp/1500269270" "Mozilla/5.0 (compatible; spbot/5.0.3; +http://OpenLinkProfiler.org/bot )"
45.55.163.168 - - [17/Jul/2017:07:28:55 +0200] "GET /timestamp/1500269305 HTTP/1.1" 200 3665 "http://timestamp.online/timestamp/1500269275" "Mozilla/5.0 (compatible; spbot/5.0.3; +http://OpenLinkProfiler.org/bot )"
217.182.132.18 - - [17/Jul/2017:07:28:58 +0200] "GET /timestamp/1498506509 HTTP/1.1" 200 3665 "-" "Mozilla/5.0 (compatible; AhrefsBot/5.2; +http://ahrefs.com/robot/)"
45.55.163.168 - - [17/Jul/2017:07:29:00 +0200] "GET /timestamp/1500269310 HTTP/1.1" 200 3665 "http://timestamp.online/timestamp/1500269280" "Mozilla/5.0 (compatible; spbot/5.0.3; +http://OpenLinkProfiler.org/bot )"
45.55.163.168 - - [17/Jul/2017:07:29:05 +0200] "GET /timestamp/1500269315 HTTP/1.1" 200 3665 "http://timestamp.online/timestamp/1500269285" "Mozilla/5.0 (compatible; spbot/5.0.3; +http://OpenLinkProfiler.org/bot )"
45.55.163.168 - - [17/Jul/2017:07:29:10 +0200] "GET /timestamp/1500269320 HTTP/1.1" 200 3665 "http://timestamp.online/timestamp/1500269291" "Mozilla/5.0 (compatible; spbot/5.0.3; +http://OpenLinkProfiler.org/bot )"
45.55.163.168 - - [17/Jul/2017:07:29:15 +0200] "GET /timestamp/1500269325 HTTP/1.1" 200 3665 "http://timestamp.online/timestamp/1500269295" "Mozilla/5.0 (compatible; spbot/5.0.3; +http://OpenLinkProfiler.org/bot )"
45.55.163.168 - - [17/Jul/2017:07:29:20 +0200] "GET /timestamp/1500269330 HTTP/1.1" 200 3665 "http://timestamp.online/timestamp/1500269300" "Mozilla/5.0 (compatible; spbot/5.0.3; +http://OpenLinkProfiler.org/bot )"
45.55.163.168 - - [17/Jul/2017:07:29:25 +0200] "GET /timestamp/1500269335 HTTP/1.1" 200 3665 "http://timestamp.online/timestamp/1500269305" "Mozilla/5.0 (compatible; spbot/5.0.3; +http://OpenLinkProfiler.org/bot )"
45.55.163.168 - - [17/Jul/2017:07:29:30 +0200] "GET /timestamp/1500269340 HTTP/1.1" 200 3665 "http://timestamp.online/timestamp/1500269310" "Mozilla/5.0 (compatible; spbot/5.0.3; +http://OpenLinkProfiler.org/bot )"
45.55.163.168 - - [17/Jul/2017:07:29:35 +0200] "GET /timestamp/1500269345 HTTP/1.1" 200 3665 "http://timestamp.online/timestamp/1500269315" "Mozilla/5.0 (compatible; spbot/5.0.3; +http://OpenLinkProfiler.org/bot )"
213.192.93.28 - - [17/Jul/2017:07:29:36 +0200] "GET /favicon.ico HTTP/1.1" 404 22356 "-" "HipChat Mozilla/5.0 (X11; Linux x86_64) AppleWebKit/537.36 (KHTML, like Gecko) QtWebEngine/5.7.0 Chrome/49.0.2623.111 Safari/537.36"
51.255.65.59 - - [17/Jul/2017:07:29:37 +0200] "GET /timestamp/1499106632 HTTP/1.1" 200 3665 "-" "Mozilla/5.0 (compatible; AhrefsBot/5.2; +http://ahrefs.com/robot/)"
45.55.163.168 - - [17/Jul/2017:07:29:40 +0200] "GET /timestamp/1500269350 HTTP/1.1" 200 3665 "http://timestamp.online/timestamp/1500269320" "Mozilla/5.0 (compatible; spbot/5.0.3; +http://OpenLinkProfiler.org/bot )"
45.55.163.168 - - [17/Jul/2017:07:29:45 +0200] "GET /timestamp/1500269355 HTTP/1.1" 200 3665 "http://timestamp.online/timestamp/1500269325" "Mozilla/5.0 (compatible; spbot/5.0.3; +http://OpenLinkProfiler.org/bot )"
45.55.163.168 - - [17/Jul/2017:07:29:50 +0200] "GET /timestamp/1500269360 HTTP/1.1" 200 3665 "http://timestamp.online/timestamp/1500269330" "Mozilla/5.0 (compatible; spbot/5.0.3; +http://OpenLinkProfiler.org/bot )"
45.55.163.168 - - [17/Jul/2017:07:29:55 +0200] "GET /timestamp/1500269365 HTTP/1.1" 200 3665 "http://timestamp.online/timestamp/1500269335" "Mozilla/5.0 (compatible; spbot/5.0.3; +http://OpenLinkProfiler.org/bot )"
45.55.163.168 - - [17/Jul/2017:07:30:00 +0200] "GET /timestamp/1500269370 HTTP/1.1" 200 3665 "http://timestamp.online/timestamp/1500269340" "Mozilla/5.0 (compatible; spbot/5.0.3; +http://OpenLinkProfiler.org/bot )"
45.55.163.168 - - [17/Jul/2017:07:30:05 +0200] "GET /timestamp/1500269375 HTTP/1.1" 200 3665 "http://timestamp.online/timestamp/1500269345" "Mozilla/5.0 (compatible; spbot/5.0.3; +http://OpenLinkProfiler.org/bot )"
45.55.163.168 - - [17/Jul/2017:07:30:10 +0200] "GET /timestamp/1500269380 HTTP/1.1" 200 3665 "http://timestamp.online/timestamp/1500269350" "Mozilla/5.0 (compatible; spbot/5.0.3; +http://OpenLinkProfiler.org/bot )"
45.55.163.168 - - [17/Jul/2017:07:30:19 +0200] "GET /timestamp/1500269386 HTTP/1.1" 200 3665 "http://timestamp.online/timestamp/1500269355" "Mozilla/5.0 (compatible; spbot/5.0.3; +http://OpenLinkProfiler.org/bot )"
45.55.163.168 - - [17/Jul/2017:07:30:22 +0200] "GET /timestamp/1500269390 HTTP/1.1" 200 3665 "http://timestamp.online/timestamp/1500269360" "Mozilla/5.0 (compatible; spbot/5.0.3; +http://OpenLinkProfiler.org/bot )"
45.55.163.168 - - [17/Jul/2017:07:30:25 +0200] "GET /timestamp/1500269395 HTTP/1.1" 200 3665 "http://timestamp.online/timestamp/1500269365" "Mozilla/5.0 (compatible; spbot/5.0.3; +http://OpenLinkProfiler.org/bot )"
45.55.163.168 - - [17/Jul/2017:07:30:30 +0200] "GET /timestamp/1500269400 HTTP/1.1" 200 3665 "http://timestamp.online/timestamp/1500269370" "Mozilla/5.0 (compatible; spbot/5.0.3; +http://OpenLinkProfiler.org/bot )"
45.55.163.168 - - [17/Jul/2017:07:30:35 +0200] "GET /timestamp/1500269405 HTTP/1.1" 200 3665 "http://timestamp.online/timestamp/1500269375" "Mozilla/5.0 (compatible; spbot/5.0.3; +http://OpenLinkProfiler.org/bot )"
45.55.163.168 - - [17/Jul/2017:07:30:40 +0200] "GET /timestamp/1500269410 HTTP/1.1" 200 3665 "http://timestamp.online/timestamp/1500269380" "Mozilla/5.0 (compatible; spbot/5.0.3; +http://OpenLinkProfiler.org/bot )"
45.55.163.168 - - [17/Jul/2017:07:30:45 +0200] "GET /timestamp/1500269419 HTTP/1.1" 200 3665 "http://timestamp.online/timestamp/1500269386" "Mozilla/5.0 (compatible; spbot/5.0.3; +http://OpenLinkProfiler.org/bot )"
213.192.93.28 - - [17/Jul/2017:07:30:48 +0200] "GET /favicon.ico HTTP/1.1" 404 22356 "-" "HipChat Mozilla/5.0 (X11; Linux x86_64) AppleWebKit/537.36 (KHTML, like Gecko) QtWebEngine/5.7.0 Chrome/49.0.2623.111 Safari/537.36"
45.55.163.168 - - [17/Jul/2017:07:30:54 +0200] "GET /timestamp/1500269422 HTTP/1.1" 200 3665 "http://timestamp.online/timestamp/1500269390" "Mozilla/5.0 (compatible; spbot/5.0.3; +http://OpenLinkProfiler.org/bot )"
45.55.163.168 - - [17/Jul/2017:07:30:59 +0200] "GET /timestamp/1500269425 HTTP/1.1" 200 3665 "http://timestamp.online/timestamp/1500269395" "Mozilla/5.0 (compatible; spbot/5.0.3; +http://OpenLinkProfiler.org/bot )"
45.55.163.168 - - [17/Jul/2017:07:31:00 +0200] "GET /timestamp/1500269430 HTTP/1.1" 200 3665 "http://timestamp.online/timestamp/1500269400" "Mozilla/5.0 (compatible; spbot/5.0.3; +http://OpenLinkProfiler.org/bot )"
45.55.163.168 - - [17/Jul/2017:07:31:05 +0200] "GET /timestamp/1500269435 HTTP/1.1" 200 3665 "http://timestamp.online/timestamp/1500269405" "Mozilla/5.0 (compatible; spbot/5.0.3; +http://OpenLinkProfiler.org/bot )"
45.55.163.168 - - [17/Jul/2017:07:31:11 +0200] "GET /timestamp/1500269440 HTTP/1.1" 200 3665 "http://timestamp.online/timestamp/1500269410" "Mozilla/5.0 (compatible; spbot/5.0.3; +http://OpenLinkProfiler.org/bot )"
45.55.163.168 - - [17/Jul/2017:07:31:15 +0200] "GET /timestamp/1500269445 HTTP/1.1" 200 3665 "http://timestamp.online/timestamp/1500269419" "Mozilla/5.0 (compatible; spbot/5.0.3; +http://OpenLinkProfiler.org/bot )"
45.55.163.168 - - [17/Jul/2017:07:31:20 +0200] "GET /timestamp/1500269454 HTTP/1.1" 200 3665 "http://timestamp.online/timestamp/1500269422" "Mozilla/5.0 (compatible; spbot/5.0.3; +http://OpenLinkProfiler.org/bot )"
45.55.163.168 - - [17/Jul/2017:07:31:25 +0200] "GET /timestamp/1500269459 HTTP/1.1" 200 3665 "http://timestamp.online/timestamp/1500269425" "Mozilla/5.0 (compatible; spbot/5.0.3; +http://OpenLinkProfiler.org/bot )"
45.55.163.168 - - [17/Jul/2017:07:31:36 +0200] "GET /timestamp/1500269460 HTTP/1.1" 200 3665 "http://timestamp.online/timestamp/1500269430" "Mozilla/5.0 (compatible; spbot/5.0.3; +http://OpenLinkProfiler.org/bot )"
45.55.163.168 - - [17/Jul/2017:07:31:37 +0200] "GET /timestamp/1500269465 HTTP/1.1" 200 3665 "http://timestamp.online/timestamp/1500269435" "Mozilla/5.0 (compatible; spbot/5.0.3; +http://OpenLinkProfiler.org/bot )"
45.55.163.168 - - [17/Jul/2017:07:31:40 +0200] "GET /timestamp/1500269471 HTTP/1.1" 200 3665 "http://timestamp.online/timestamp/1500269440" "Mozilla/5.0 (compatible; spbot/5.0.3; +http://OpenLinkProfiler.org/bot )"
45.55.163.168 - - [17/Jul/2017:07:31:45 +0200] "GET /timestamp/1500269475 HTTP/1.1" 200 3665 "http://timestamp.online/timestamp/1500269445" "Mozilla/5.0 (compatible; spbot/5.0.3; +http://OpenLinkProfiler.org/bot )"
45.55.163.168 - - [17/Jul/2017:07:31:50 +0200] "GET /timestamp/1500269480 HTTP/1.1" 200 3665 "http://timestamp.online/timestamp/1500269454" "Mozilla/5.0 (compatible; spbot/5.0.3; +http://OpenLinkProfiler.org/bot )"
45.55.163.168 - - [17/Jul/2017:07:31:55 +0200] "GET /timestamp/1500269485 HTTP/1.1" 200 3665 "http://timestamp.online/timestamp/1500269459" "Mozilla/5.0 (compatible; spbot/5.0.3; +http://OpenLinkProfiler.org/bot )"
45.55.163.168 - - [17/Jul/2017:07:32:01 +0200] "GET /timestamp/1500269496 HTTP/1.1" 200 3665 "http://timestamp.online/timestamp/1500269460" "Mozilla/5.0 (compatible; spbot/5.0.3; +http://OpenLinkProfiler.org/bot )"
45.55.163.168 - - [17/Jul/2017:07:32:05 +0200] "GET /timestamp/1500269497 HTTP/1.1" 200 3665 "http://timestamp.online/timestamp/1500269465" "Mozilla/5.0 (compatible; spbot/5.0.3; +http://OpenLinkProfiler.org/bot )"
45.55.163.168 - - [17/Jul/2017:07:32:10 +0200] "GET /timestamp/1500269500 HTTP/1.1" 200 3665 "http://timestamp.online/timestamp/1500269471" "Mozilla/5.0 (compatible; spbot/5.0.3; +http://OpenLinkProfiler.org/bot )"
164.132.161.58 - - [17/Jul/2017:07:32:11 +0200] "GET /timestamp/1490952972 HTTP/1.1" 200 3665 "-" "Mozilla/5.0 (compatible; AhrefsBot/5.2; +http://ahrefs.com/robot/)"
45.55.163.168 - - [17/Jul/2017:07:32:15 +0200] "GET /timestamp/1500269505 HTTP/1.1" 200 3665 "http://timestamp.online/timestamp/1500269475" "Mozilla/5.0 (compatible; spbot/5.0.3; +http://OpenLinkProfiler.org/bot )"
45.55.163.168 - - [17/Jul/2017:07:32:20 +0200] "GET /timestamp/1500269510 HTTP/1.1" 200 3665 "http://timestamp.online/timestamp/1500269480" "Mozilla/5.0 (compatible; spbot/5.0.3; +http://OpenLinkProfiler.org/bot )"
213.87.136.12 - - [17/Jul/2017:07:32:22 +0200] "GET /countdown/1500000000 HTTP/1.1" 200 4349 "-" "Mozilla/5.0 (iPhone; CPU iPhone OS 10_3_2 like Mac OS X) AppleWebKit/603.2.4 (KHTML, like Gecko) Version/10.0 Mobile/14F89 Safari/602.1"
213.87.136.12 - - [17/Jul/2017:07:32:22 +0200] "GET /zzstyle.css?1491341099 HTTP/1.1" 200 1389 "http://timestamp.online/countdown/1500000000" "Mozilla/5.0 (iPhone; CPU iPhone OS 10_3_2 like Mac OS X) AppleWebKit/603.2.4 (KHTML, like Gecko) Version/10.0 Mobile/14F89 Safari/602.1"
213.87.136.12 - - [17/Jul/2017:07:32:22 +0200] "GET /timestamp.js?1491341099 HTTP/1.1" 200 2853 "http://timestamp.online/countdown/1500000000" "Mozilla/5.0 (iPhone; CPU iPhone OS 10_3_2 like Mac OS X) AppleWebKit/603.2.4 (KHTML, like Gecko) Version/10.0 Mobile/14F89 Safari/602.1"
45.55.163.168 - - [17/Jul/2017:07:32:25 +0200] "GET /timestamp/1500269515 HTTP/1.1" 200 3665 "http://timestamp.online/timestamp/1500269485" "Mozilla/5.0 (compatible; spbot/5.0.3; +http://OpenLinkProfiler.org/bot )"
45.55.163.168 - - [17/Jul/2017:07:32:30 +0200] "GET /timestamp/1500269521 HTTP/1.1" 200 3665 "http://timestamp.online/timestamp/1500269496" "Mozilla/5.0 (compatible; spbot/5.0.3; +http://OpenLinkProfiler.org/bot )"
45.55.163.168 - - [17/Jul/2017:07:32:35 +0200] "GET /timestamp/1500269525 HTTP/1.1" 200 3665 "http://timestamp.online/timestamp/1500269497" "Mozilla/5.0 (compatible; spbot/5.0.3; +http://OpenLinkProfiler.org/bot )"
45.55.163.168 - - [17/Jul/2017:07:32:40 +0200] "GET /timestamp/1500269530 HTTP/1.1" 200 3665 "http://timestamp.online/timestamp/1500269500" "Mozilla/5.0 (compatible; spbot/5.0.3; +http://OpenLinkProfiler.org/bot )"
45.55.163.168 - - [17/Jul/2017:07:32:45 +0200] "GET /timestamp/1500269535 HTTP/1.1" 200 3665 "http://timestamp.online/timestamp/1500269505" "Mozilla/5.0 (compatible; spbot/5.0.3; +http://OpenLinkProfiler.org/bot )"
217.182.132.94 - - [17/Jul/2017:07:32:46 +0200] "GET /timestamp/1499155572 HTTP/1.1" 200 3665 "-" "Mozilla/5.0 (compatible; AhrefsBot/5.2; +http://ahrefs.com/robot/)"
95.108.179.20 - - [17/Jul/2017:07:32:47 +0200] "GET /timestamp/1500200503 HTTP/1.1" 200 3665 "-" "Mozilla/5.0 (compatible; YandexBot/3.0; +http://yandex.com/bots)"
45.55.163.168 - - [17/Jul/2017:07:32:50 +0200] "GET /timestamp/1500269540 HTTP/1.1" 200 3665 "http://timestamp.online/timestamp/1500269510" "Mozilla/5.0 (compatible; spbot/5.0.3; +http://OpenLinkProfiler.org/bot )"
45.55.163.168 - - [17/Jul/2017:07:32:55 +0200] "GET /timestamp/1500269545 HTTP/1.1" 200 3665 "http://timestamp.online/timestamp/1500269515" "Mozilla/5.0 (compatible; spbot/5.0.3; +http://OpenLinkProfiler.org/bot )"
45.55.163.168 - - [17/Jul/2017:07:33:00 +0200] "GET /timestamp/1500269550 HTTP/1.1" 200 3665 "http://timestamp.online/timestamp/1500269521" "Mozilla/5.0 (compatible; spbot/5.0.3; +http://OpenLinkProfiler.org/bot )"
45.55.163.168 - - [17/Jul/2017:07:33:05 +0200] "GET /timestamp/1500269555 HTTP/1.1" 200 3665 "http://timestamp.online/timestamp/1500269525" "Mozilla/5.0 (compatible; spbot/5.0.3; +http://OpenLinkProfiler.org/bot )"
45.55.163.168 - - [17/Jul/2017:07:33:11 +0200] "GET /timestamp/1500269560 HTTP/1.1" 200 3665 "http://timestamp.online/timestamp/1500269530" "Mozilla/5.0 (compatible; spbot/5.0.3; +http://OpenLinkProfiler.org/bot )"
45.55.163.168 - - [17/Jul/2017:07:33:15 +0200] "GET /timestamp/1500269565 HTTP/1.1" 200 3665 "http://timestamp.online/timestamp/1500269535" "Mozilla/5.0 (compatible; spbot/5.0.3; +http://OpenLinkProfiler.org/bot )"
45.55.163.168 - - [17/Jul/2017:07:33:30 +0200] "GET /timestamp/1500269570 HTTP/1.1" 200 3665 "http://timestamp.online/timestamp/1500269540" "Mozilla/5.0 (compatible; spbot/5.0.3; +http://OpenLinkProfiler.org/bot )"
45.55.163.168 - - [17/Jul/2017:07:33:31 +0200] "GET /timestamp/1500269575 HTTP/1.1" 200 3665 "http://timestamp.online/timestamp/1500269545" "Mozilla/5.0 (compatible; spbot/5.0.3; +http://OpenLinkProfiler.org/bot )"
45.55.163.168 - - [17/Jul/2017:07:33:32 +0200] "GET /timestamp/1500269580 HTTP/1.1" 200 3665 "http://timestamp.online/timestamp/1500269550" "Mozilla/5.0 (compatible; spbot/5.0.3; +http://OpenLinkProfiler.org/bot )"
45.55.163.168 - - [17/Jul/2017:07:33:35 +0200] "GET /timestamp/1500269585 HTTP/1.1" 200 3665 "http://timestamp.online/timestamp/1500269555" "Mozilla/5.0 (compatible; spbot/5.0.3; +http://OpenLinkProfiler.org/bot )"
45.55.163.168 - - [17/Jul/2017:07:33:40 +0200] "GET /timestamp/1500269591 HTTP/1.1" 200 3665 "http://timestamp.online/timestamp/1500269560" "Mozilla/5.0 (compatible; spbot/5.0.3; +http://OpenLinkProfiler.org/bot )"
45.55.163.168 - - [17/Jul/2017:07:33:45 +0200] "GET /timestamp/1500269595 HTTP/1.1" 200 3665 "http://timestamp.online/timestamp/1500269565" "Mozilla/5.0 (compatible; spbot/5.0.3; +http://OpenLinkProfiler.org/bot )"
45.55.163.168 - - [17/Jul/2017:07:33:50 +0200] "GET /timestamp/1500269610 HTTP/1.1" 200 3665 "http://timestamp.online/timestamp/1500269570" "Mozilla/5.0 (compatible; spbot/5.0.3; +http://OpenLinkProfiler.org/bot )"
95.108.179.20 - - [17/Jul/2017:07:33:54 +0200] "GET /timestamp/1500196543 HTTP/1.1" 200 3665 "-" "Mozilla/5.0 (compatible; YandexBot/3.0; +http://yandex.com/bots)"
45.55.163.168 - - [17/Jul/2017:07:33:55 +0200] "GET /timestamp/1500269611 HTTP/1.1" 200 3665 "http://timestamp.online/timestamp/1500269575" "Mozilla/5.0 (compatible; spbot/5.0.3; +http://OpenLinkProfiler.org/bot )"
45.55.163.168 - - [17/Jul/2017:07:34:00 +0200] "GET /timestamp/1500269612 HTTP/1.1" 200 3665 "http://timestamp.online/timestamp/1500269580" "Mozilla/5.0 (compatible; spbot/5.0.3; +http://OpenLinkProfiler.org/bot )"
45.55.163.168 - - [17/Jul/2017:07:34:05 +0200] "GET /timestamp/1500269615 HTTP/1.1" 200 3665 "http://timestamp.online/timestamp/1500269585" "Mozilla/5.0 (compatible; spbot/5.0.3; +http://OpenLinkProfiler.org/bot )"
45.55.163.168 - - [17/Jul/2017:07:34:10 +0200] "GET /timestamp/1500269620 HTTP/1.1" 200 3665 "http://timestamp.online/timestamp/1500269591" "Mozilla/5.0 (compatible; spbot/5.0.3; +http://OpenLinkProfiler.org/bot )"
45.55.163.168 - - [17/Jul/2017:07:34:15 +0200] "GET /timestamp/1500269625 HTTP/1.1" 200 3665 "http://timestamp.online/timestamp/1500269595" "Mozilla/5.0 (compatible; spbot/5.0.3; +http://OpenLinkProfiler.org/bot )"
45.55.163.168 - - [17/Jul/2017:07:34:20 +0200] "GET /timestamp/1500269630 HTTP/1.1" 200 3665 "http://timestamp.online/timestamp/1500269610" "Mozilla/5.0 (compatible; spbot/5.0.3; +http://OpenLinkProfiler.org/bot )"
45.55.163.168 - - [17/Jul/2017:07:34:25 +0200] "GET /timestamp/1500269635 HTTP/1.1" 200 3665 "http://timestamp.online/timestamp/1500269611" "Mozilla/5.0 (compatible; spbot/5.0.3; +http://OpenLinkProfiler.org/bot )"
45.55.163.168 - - [17/Jul/2017:07:34:31 +0200] "GET /timestamp/1500269640 HTTP/1.1" 200 3665 "http://timestamp.online/timestamp/1500269612" "Mozilla/5.0 (compatible; spbot/5.0.3; +http://OpenLinkProfiler.org/bot )"
45.55.163.168 - - [17/Jul/2017:07:34:35 +0200] "GET /timestamp/1500269645 HTTP/1.1" 200 3665 "http://timestamp.online/timestamp/1500269615" "Mozilla/5.0 (compatible; spbot/5.0.3; +http://OpenLinkProfiler.org/bot )"
45.55.163.168 - - [17/Jul/2017:07:34:40 +0200] "GET /timestamp/1500269650 HTTP/1.1" 200 3665 "http://timestamp.online/timestamp/1500269620" "Mozilla/5.0 (compatible; spbot/5.0.3; +http://OpenLinkProfiler.org/bot )"
45.55.163.168 - - [17/Jul/2017:07:34:45 +0200] "GET /timestamp/1500269655 HTTP/1.1" 200 3665 "http://timestamp.online/timestamp/1500269625" "Mozilla/5.0 (compatible; spbot/5.0.3; +http://OpenLinkProfiler.org/bot )"
45.55.163.168 - - [17/Jul/2017:07:34:50 +0200] "GET /timestamp/1500269660 HTTP/1.1" 200 3665 "http://timestamp.online/timestamp/1500269630" "Mozilla/5.0 (compatible; spbot/5.0.3; +http://OpenLinkProfiler.org/bot )"
45.55.163.168 - - [17/Jul/2017:07:34:55 +0200] "GET /timestamp/1500269665 HTTP/1.1" 200 3665 "http://timestamp.online/timestamp/1500269635" "Mozilla/5.0 (compatible; spbot/5.0.3; +http://OpenLinkProfiler.org/bot )"
45.55.163.168 - - [17/Jul/2017:07:35:00 +0200] "GET /timestamp/1500269671 HTTP/1.1" 200 3665 "http://timestamp.online/timestamp/1500269640" "Mozilla/5.0 (compatible; spbot/5.0.3; +http://OpenLinkProfiler.org/bot )"
95.108.179.20 - - [17/Jul/2017:07:35:05 +0200] "GET /timestamp/1498919913 HTTP/1.1" 200 3665 "-" "Mozilla/5.0 (compatible; YandexBot/3.0; +http://yandex.com/bots)"
45.55.163.168 - - [17/Jul/2017:07:35:05 +0200] "GET /timestamp/1500269675 HTTP/1.1" 200 3665 "http://timestamp.online/timestamp/1500269645" "Mozilla/5.0 (compatible; spbot/5.0.3; +http://OpenLinkProfiler.org/bot )"
95.108.179.20 - - [17/Jul/2017:07:35:07 +0200] "GET /timestamp/1498920295 HTTP/1.1" 200 3665 "-" "Mozilla/5.0 (compatible; YandexBot/3.0; +http://yandex.com/bots)"
45.55.163.168 - - [17/Jul/2017:07:35:10 +0200] "GET /timestamp/1500269680 HTTP/1.1" 200 3665 "http://timestamp.online/timestamp/1500269650" "Mozilla/5.0 (compatible; spbot/5.0.3; +http://OpenLinkProfiler.org/bot )"
45.55.163.168 - - [17/Jul/2017:07:35:15 +0200] "GET /timestamp/1500269685 HTTP/1.1" 200 3665 "http://timestamp.online/timestamp/1500269655" "Mozilla/5.0 (compatible; spbot/5.0.3; +http://OpenLinkProfiler.org/bot )"
95.108.179.20 - - [17/Jul/2017:07:35:19 +0200] "GET /timestamp/1498406032 HTTP/1.1" 200 3665 "-" "Mozilla/5.0 (compatible; YandexBot/3.0; +http://yandex.com/bots)"
45.55.163.168 - - [17/Jul/2017:07:35:20 +0200] "GET /timestamp/1500269690 HTTP/1.1" 200 3665 "http://timestamp.online/timestamp/1500269660" "Mozilla/5.0 (compatible; spbot/5.0.3; +http://OpenLinkProfiler.org/bot )"
45.55.163.168 - - [17/Jul/2017:07:35:25 +0200] "GET /timestamp/1500269695 HTTP/1.1" 200 3665 "http://timestamp.online/timestamp/1500269665" "Mozilla/5.0 (compatible; spbot/5.0.3; +http://OpenLinkProfiler.org/bot )"
45.55.163.168 - - [17/Jul/2017:07:35:30 +0200] "GET /timestamp/1500269700 HTTP/1.1" 200 3665 "http://timestamp.online/timestamp/1500269671" "Mozilla/5.0 (compatible; spbot/5.0.3; +http://OpenLinkProfiler.org/bot )"
45.55.163.168 - - [17/Jul/2017:07:35:35 +0200] "GET /timestamp/1500269705 HTTP/1.1" 200 3665 "http://timestamp.online/timestamp/1500269675" "Mozilla/5.0 (compatible; spbot/5.0.3; +http://OpenLinkProfiler.org/bot )"
95.108.179.20 - - [17/Jul/2017:07:35:36 +0200] "GET /timestamp/1500210683 HTTP/1.1" 200 3665 "-" "Mozilla/5.0 (compatible; YandexBot/3.0; +http://yandex.com/bots)"
45.55.163.168 - - [17/Jul/2017:07:35:40 +0200] "GET /timestamp/1500269710 HTTP/1.1" 200 3665 "http://timestamp.online/timestamp/1500269680" "Mozilla/5.0 (compatible; spbot/5.0.3; +http://OpenLinkProfiler.org/bot )"
45.55.163.168 - - [17/Jul/2017:07:35:45 +0200] "GET /timestamp/1500269715 HTTP/1.1" 200 3665 "http://timestamp.online/timestamp/1500269685" "Mozilla/5.0 (compatible; spbot/5.0.3; +http://OpenLinkProfiler.org/bot )"
45.55.163.168 - - [17/Jul/2017:07:35:50 +0200] "GET /timestamp/1500269720 HTTP/1.1" 200 3665 "http://timestamp.online/timestamp/1500269690" "Mozilla/5.0 (compatible; spbot/5.0.3; +http://OpenLinkProfiler.org/bot )"
45.55.163.168 - - [17/Jul/2017:07:35:55 +0200] "GET /timestamp/1500269725 HTTP/1.1" 200 3665 "http://timestamp.online/timestamp/1500269695" "Mozilla/5.0 (compatible; spbot/5.0.3; +http://OpenLinkProfiler.org/bot )"
45.55.163.168 - - [17/Jul/2017:07:36:00 +0200] "GET /timestamp/1500269730 HTTP/1.1" 200 3665 "http://timestamp.online/timestamp/1500269700" "Mozilla/5.0 (compatible; spbot/5.0.3; +http://OpenLinkProfiler.org/bot )"
45.55.163.168 - - [17/Jul/2017:07:36:05 +0200] "GET /timestamp/1500269735 HTTP/1.1" 200 3665 "http://timestamp.online/timestamp/1500269705" "Mozilla/5.0 (compatible; spbot/5.0.3; +http://OpenLinkProfiler.org/bot )"
45.55.163.168 - - [17/Jul/2017:07:36:10 +0200] "GET /timestamp/1500269740 HTTP/1.1" 200 3665 "http://timestamp.online/timestamp/1500269710" "Mozilla/5.0 (compatible; spbot/5.0.3; +http://OpenLinkProfiler.org/bot )"
45.55.163.168 - - [17/Jul/2017:07:36:15 +0200] "GET /timestamp/1500269745 HTTP/1.1" 200 3665 "http://timestamp.online/timestamp/1500269715" "Mozilla/5.0 (compatible; spbot/5.0.3; +http://OpenLinkProfiler.org/bot )"
45.55.163.168 - - [17/Jul/2017:07:36:20 +0200] "GET /timestamp/1500269750 HTTP/1.1" 200 3665 "http://timestamp.online/timestamp/1500269720" "Mozilla/5.0 (compatible; spbot/5.0.3; +http://OpenLinkProfiler.org/bot )"
45.55.163.168 - - [17/Jul/2017:07:36:25 +0200] "GET /timestamp/1500269755 HTTP/1.1" 200 3665 "http://timestamp.online/timestamp/1500269725" "Mozilla/5.0 (compatible; spbot/5.0.3; +http://OpenLinkProfiler.org/bot )"
45.55.163.168 - - [17/Jul/2017:07:36:30 +0200] "GET /timestamp/1500269760 HTTP/1.1" 200 3665 "http://timestamp.online/timestamp/1500269730" "Mozilla/5.0 (compatible; spbot/5.0.3; +http://OpenLinkProfiler.org/bot )"
45.55.163.168 - - [17/Jul/2017:07:36:35 +0200] "GET /timestamp/1500269765 HTTP/1.1" 200 3665 "http://timestamp.online/timestamp/1500269735" "Mozilla/5.0 (compatible; spbot/5.0.3; +http://OpenLinkProfiler.org/bot )"
45.55.163.168 - - [17/Jul/2017:07:36:40 +0200] "GET /timestamp/1500269770 HTTP/1.1" 200 3665 "http://timestamp.online/timestamp/1500269740" "Mozilla/5.0 (compatible; spbot/5.0.3; +http://OpenLinkProfiler.org/bot )"
45.55.163.168 - - [17/Jul/2017:07:36:45 +0200] "GET /timestamp/1500269775 HTTP/1.1" 200 3665 "http://timestamp.online/timestamp/1500269745" "Mozilla/5.0 (compatible; spbot/5.0.3; +http://OpenLinkProfiler.org/bot )"
45.55.163.168 - - [17/Jul/2017:07:36:51 +0200] "GET /timestamp/1500269780 HTTP/1.1" 200 3665 "http://timestamp.online/timestamp/1500269750" "Mozilla/5.0 (compatible; spbot/5.0.3; +http://OpenLinkProfiler.org/bot )"
45.55.163.168 - - [17/Jul/2017:07:36:55 +0200] "GET /timestamp/1500269785 HTTP/1.1" 200 3665 "http://timestamp.online/timestamp/1500269755" "Mozilla/5.0 (compatible; spbot/5.0.3; +http://OpenLinkProfiler.org/bot )"
45.55.163.168 - - [17/Jul/2017:07:37:00 +0200] "GET /timestamp/1500269790 HTTP/1.1" 200 3665 "http://timestamp.online/timestamp/1500269760" "Mozilla/5.0 (compatible; spbot/5.0.3; +http://OpenLinkProfiler.org/bot )"
45.55.163.168 - - [17/Jul/2017:07:37:05 +0200] "GET /timestamp/1500269795 HTTP/1.1" 200 3665 "http://timestamp.online/timestamp/1500269765" "Mozilla/5.0 (compatible; spbot/5.0.3; +http://OpenLinkProfiler.org/bot )"
45.55.163.168 - - [17/Jul/2017:07:37:10 +0200] "GET /timestamp/1500269800 HTTP/1.1" 200 3665 "http://timestamp.online/timestamp/1500269770" "Mozilla/5.0 (compatible; spbot/5.0.3; +http://OpenLinkProfiler.org/bot )"
45.55.163.168 - - [17/Jul/2017:07:37:16 +0200] "GET /timestamp/1500269805 HTTP/1.1" 200 3665 "http://timestamp.online/timestamp/1500269775" "Mozilla/5.0 (compatible; spbot/5.0.3; +http://OpenLinkProfiler.org/bot )"
45.55.163.168 - - [17/Jul/2017:07:37:20 +0200] "GET /timestamp/1500269811 HTTP/1.1" 200 3665 "http://timestamp.online/timestamp/1500269780" "Mozilla/5.0 (compatible; spbot/5.0.3; +http://OpenLinkProfiler.org/bot )"
45.55.163.168 - - [17/Jul/2017:07:37:25 +0200] "GET /timestamp/1500269815 HTTP/1.1" 200 3665 "http://timestamp.online/timestamp/1500269785" "Mozilla/5.0 (compatible; spbot/5.0.3; +http://OpenLinkProfiler.org/bot )"
45.55.163.168 - - [17/Jul/2017:07:37:30 +0200] "GET /timestamp/1500269820 HTTP/1.1" 200 3665 "http://timestamp.online/timestamp/1500269790" "Mozilla/5.0 (compatible; spbot/5.0.3; +http://OpenLinkProfiler.org/bot )"
45.55.163.168 - - [17/Jul/2017:07:37:35 +0200] "GET /timestamp/1500269825 HTTP/1.1" 200 3665 "http://timestamp.online/timestamp/1500269795" "Mozilla/5.0 (compatible; spbot/5.0.3; +http://OpenLinkProfiler.org/bot )"
45.55.163.168 - - [17/Jul/2017:07:37:40 +0200] "GET /timestamp/1500269830 HTTP/1.1" 200 3665 "http://timestamp.online/timestamp/1500269800" "Mozilla/5.0 (compatible; spbot/5.0.3; +http://OpenLinkProfiler.org/bot )"
95.108.179.20 - - [17/Jul/2017:07:37:42 +0200] "GET /timestamp/1497556002 HTTP/1.1" 200 3665 "-" "Mozilla/5.0 (compatible; YandexBot/3.0; +http://yandex.com/bots)"
45.55.163.168 - - [17/Jul/2017:07:37:45 +0200] "GET /timestamp/1500269836 HTTP/1.1" 200 3665 "http://timestamp.online/timestamp/1500269805" "Mozilla/5.0 (compatible; spbot/5.0.3; +http://OpenLinkProfiler.org/bot )"
45.55.163.168 - - [17/Jul/2017:07:37:50 +0200] "GET /timestamp/1500269840 HTTP/1.1" 200 3665 "http://timestamp.online/timestamp/1500269811" "Mozilla/5.0 (compatible; spbot/5.0.3; +http://OpenLinkProfiler.org/bot )"
95.108.179.20 - - [17/Jul/2017:07:37:52 +0200] "GET /timestamp/1500189301 HTTP/1.1" 200 3665 "-" "Mozilla/5.0 (compatible; YandexBot/3.0; +http://yandex.com/bots)"
45.55.163.168 - - [17/Jul/2017:07:37:55 +0200] "GET /timestamp/1500269845 HTTP/1.1" 200 3665 "http://timestamp.online/timestamp/1500269815" "Mozilla/5.0 (compatible; spbot/5.0.3; +http://OpenLinkProfiler.org/bot )"
45.55.163.168 - - [17/Jul/2017:07:38:00 +0200] "GET /timestamp/1500269850 HTTP/1.1" 200 3665 "http://timestamp.online/timestamp/1500269820" "Mozilla/5.0 (compatible; spbot/5.0.3; +http://OpenLinkProfiler.org/bot )"
45.55.163.168 - - [17/Jul/2017:07:38:05 +0200] "GET /timestamp/1500269855 HTTP/1.1" 200 3665 "http://timestamp.online/timestamp/1500269825" "Mozilla/5.0 (compatible; spbot/5.0.3; +http://OpenLinkProfiler.org/bot )"
51.255.65.54 - - [17/Jul/2017:07:38:07 +0200] "GET /timestamp/1493896176 HTTP/1.1" 200 3665 "-" "Mozilla/5.0 (compatible; AhrefsBot/5.2; +http://ahrefs.com/robot/)"
89.25.216.1 - - [17/Jul/2017:07:38:08 +0200] "GET /favicon.ico HTTP/1.1" 404 22356 "-" "HipChat Mozilla/5.0 (X11; Linux x86_64) AppleWebKit/537.36 (KHTML, like Gecko) QtWebEngine/5.7.0 Chrome/49.0.2623.111 Safari/537.36"
135.245.248.71 - - [17/Jul/2017:07:38:08 +0200] "GET /countdown/1500000000 HTTP/1.1" 200 4349 "-" "Mozilla/5.0 (Windows NT 6.1; WOW64; rv:52.0) Gecko/20100101 Firefox/52.0"
135.245.248.71 - - [17/Jul/2017:07:38:08 +0200] "GET /zzstyle.css?1491341099 HTTP/1.1" 200 1389 "http://timestamp.online/countdown/1500000000" "Mozilla/5.0 (Windows NT 6.1; WOW64; rv:52.0) Gecko/20100101 Firefox/52.0"
135.245.248.71 - - [17/Jul/2017:07:38:08 +0200] "GET /timestamp.js?1491341099 HTTP/1.1" 200 2853 "http://timestamp.online/countdown/1500000000" "Mozilla/5.0 (Windows NT 6.1; WOW64; rv:52.0) Gecko/20100101 Firefox/52.0"
135.245.248.71 - - [17/Jul/2017:07:38:09 +0200] "GET /favicon.ico HTTP/1.1" 404 22356 "-" "Mozilla/5.0 (Windows NT 6.1; WOW64; rv:52.0) Gecko/20100101 Firefox/52.0"
135.245.248.71 - - [17/Jul/2017:07:38:10 +0200] "GET /favicon.ico HTTP/1.1" 404 22356 "-" "Mozilla/5.0 (Windows NT 6.1; WOW64; rv:52.0) Gecko/20100101 Firefox/52.0"
45.55.163.168 - - [17/Jul/2017:07:38:10 +0200] "GET /timestamp/1500269860 HTTP/1.1" 200 3665 "http://timestamp.online/timestamp/1500269830" "Mozilla/5.0 (compatible; spbot/5.0.3; +http://OpenLinkProfiler.org/bot )"
45.55.163.168 - - [17/Jul/2017:07:38:15 +0200] "GET /timestamp/1500269865 HTTP/1.1" 200 3665 "http://timestamp.online/timestamp/1500269836" "Mozilla/5.0 (compatible; spbot/5.0.3; +http://OpenLinkProfiler.org/bot )"
45.55.163.168 - - [17/Jul/2017:07:38:20 +0200] "GET /timestamp/1500269870 HTTP/1.1" 200 3665 "http://timestamp.online/timestamp/1500269840" "Mozilla/5.0 (compatible; spbot/5.0.3; +http://OpenLinkProfiler.org/bot )"
23.23.61.251 - - [17/Jul/2017:07:38:23 +0200] "GET /countdown/1500000000 HTTP/1.1" 200 4349 "-" "-"
45.55.163.168 - - [17/Jul/2017:07:38:26 +0200] "GET /timestamp/1500269875 HTTP/1.1" 200 3665 "http://timestamp.online/timestamp/1500269845" "Mozilla/5.0 (compatible; spbot/5.0.3; +http://OpenLinkProfiler.org/bot )"
135.245.248.81 - - [17/Jul/2017:07:38:26 +0200] "GET /countdown/1500000000 HTTP/1.1" 200 4349 "-" "Mozilla/5.0 (Windows NT 6.1; WOW64; rv:52.0) Gecko/20100101 Firefox/52.0"
135.245.248.81 - - [17/Jul/2017:07:38:26 +0200] "GET /zzstyle.css?1491341099 HTTP/1.1" 200 1389 "http://timestamp.online/countdown/1500000000" "Mozilla/5.0 (Windows NT 6.1; WOW64; rv:52.0) Gecko/20100101 Firefox/52.0"
135.245.248.81 - - [17/Jul/2017:07:38:26 +0200] "GET /timestamp.js?1491341099 HTTP/1.1" 200 2853 "http://timestamp.online/countdown/1500000000" "Mozilla/5.0 (Windows NT 6.1; WOW64; rv:52.0) Gecko/20100101 Firefox/52.0"
135.245.248.81 - - [17/Jul/2017:07:38:27 +0200] "GET /favicon.ico HTTP/1.1" 404 22356 "-" "Mozilla/5.0 (Windows NT 6.1; WOW64; rv:52.0) Gecko/20100101 Firefox/52.0"
135.245.248.81 - - [17/Jul/2017:07:38:27 +0200] "GET /favicon.ico HTTP/1.1" 404 22356 "-" "Mozilla/5.0 (Windows NT 6.1; WOW64; rv:52.0) Gecko/20100101 Firefox/52.0"
45.55.163.168 - - [17/Jul/2017:07:38:30 +0200] "GET /timestamp/1500269880 HTTP/1.1" 200 3665 "http://timestamp.online/timestamp/1500269850" "Mozilla/5.0 (compatible; spbot/5.0.3; +http://OpenLinkProfiler.org/bot )"
45.55.163.168 - - [17/Jul/2017:07:38:35 +0200] "GET /timestamp/1500269885 HTTP/1.1" 200 3665 "http://timestamp.online/timestamp/1500269855" "Mozilla/5.0 (compatible; spbot/5.0.3; +http://OpenLinkProfiler.org/bot )"
54.167.19.118 - - [17/Jul/2017:07:38:40 +0200] "GET /countdown/1500000000 HTTP/1.1" 200 4349 "-" "-"
164.132.161.25 - - [17/Jul/2017:07:38:40 +0200] "GET /timestamp/1494711511 HTTP/1.1" 200 3665 "-" "Mozilla/5.0 (compatible; AhrefsBot/5.2; +http://ahrefs.com/robot/)"
45.55.163.168 - - [17/Jul/2017:07:38:40 +0200] "GET /timestamp/1500269890 HTTP/1.1" 200 3665 "http://timestamp.online/timestamp/1500269860" "Mozilla/5.0 (compatible; spbot/5.0.3; +http://OpenLinkProfiler.org/bot )"
45.55.163.168 - - [17/Jul/2017:07:38:45 +0200] "GET /timestamp/1500269895 HTTP/1.1" 200 3665 "http://timestamp.online/timestamp/1500269865" "Mozilla/5.0 (compatible; spbot/5.0.3; +http://OpenLinkProfiler.org/bot )"
45.55.163.168 - - [17/Jul/2017:07:38:50 +0200] "GET /timestamp/1500269900 HTTP/1.1" 200 3665 "http://timestamp.online/timestamp/1500269870" "Mozilla/5.0 (compatible; spbot/5.0.3; +http://OpenLinkProfiler.org/bot )"
45.55.163.168 - - [17/Jul/2017:07:38:55 +0200] "GET /timestamp/1500269906 HTTP/1.1" 200 3665 "http://timestamp.online/timestamp/1500269875" "Mozilla/5.0 (compatible; spbot/5.0.3; +http://OpenLinkProfiler.org/bot )"
45.55.163.168 - - [17/Jul/2017:07:39:00 +0200] "GET /timestamp/1500269910 HTTP/1.1" 200 3665 "http://timestamp.online/timestamp/1500269880" "Mozilla/5.0 (compatible; spbot/5.0.3; +http://OpenLinkProfiler.org/bot )"
45.55.163.168 - - [17/Jul/2017:07:39:05 +0200] "GET /timestamp/1500269915 HTTP/1.1" 200 3665 "http://timestamp.online/timestamp/1500269885" "Mozilla/5.0 (compatible; spbot/5.0.3; +http://OpenLinkProfiler.org/bot )"
45.55.163.168 - - [17/Jul/2017:07:39:10 +0200] "GET /timestamp/1500269920 HTTP/1.1" 200 3665 "http://timestamp.online/timestamp/1500269890" "Mozilla/5.0 (compatible; spbot/5.0.3; +http://OpenLinkProfiler.org/bot )"
45.55.163.168 - - [17/Jul/2017:07:39:15 +0200] "GET /timestamp/1500269925 HTTP/1.1" 200 3665 "http://timestamp.online/timestamp/1500269895" "Mozilla/5.0 (compatible; spbot/5.0.3; +http://OpenLinkProfiler.org/bot )"
135.245.248.72 - - [17/Jul/2017:07:39:20 +0200] "GET /countdown/1500000000 HTTP/1.1" 200 4349 "-" "Mozilla/5.0 (Windows NT 6.1; Win64; x64) AppleWebKit/537.36 (KHTML, like Gecko) Chrome/59.0.3071.115 Safari/537.36"
45.55.163.168 - - [17/Jul/2017:07:39:20 +0200] "GET /timestamp/1500269930 HTTP/1.1" 200 3665 "http://timestamp.online/timestamp/1500269900" "Mozilla/5.0 (compatible; spbot/5.0.3; +http://OpenLinkProfiler.org/bot )"
135.245.248.72 - - [17/Jul/2017:07:39:20 +0200] "GET /zzstyle.css?1491341099 HTTP/1.1" 200 1389 "http://timestamp.online/countdown/1500000000" "Mozilla/5.0 (Windows NT 6.1; Win64; x64) AppleWebKit/537.36 (KHTML, like Gecko) Chrome/59.0.3071.115 Safari/537.36"
135.245.248.72 - - [17/Jul/2017:07:39:20 +0200] "GET /timestamp.js?1491341099 HTTP/1.1" 200 2853 "http://timestamp.online/countdown/1500000000" "Mozilla/5.0 (Windows NT 6.1; Win64; x64) AppleWebKit/537.36 (KHTML, like Gecko) Chrome/59.0.3071.115 Safari/537.36"
135.245.248.72 - - [17/Jul/2017:07:39:21 +0200] "GET /favicon.ico HTTP/1.1" 404 22529 "http://timestamp.online/countdown/1500000000" "Mozilla/5.0 (Windows NT 6.1; Win64; x64) AppleWebKit/537.36 (KHTML, like Gecko) Chrome/59.0.3071.115 Safari/537.36"
45.55.163.168 - - [17/Jul/2017:07:39:25 +0200] "GET /timestamp/1500269935 HTTP/1.1" 200 3665 "http://timestamp.online/timestamp/1500269906" "Mozilla/5.0 (compatible; spbot/5.0.3; +http://OpenLinkProfiler.org/bot )"
45.55.163.168 - - [17/Jul/2017:07:39:30 +0200] "GET /timestamp/1500269940 HTTP/1.1" 200 3665 "http://timestamp.online/timestamp/1500269910" "Mozilla/5.0 (compatible; spbot/5.0.3; +http://OpenLinkProfiler.org/bot )"
45.55.163.168 - - [17/Jul/2017:07:39:35 +0200] "GET /timestamp/1500269945 HTTP/1.1" 200 3665 "http://timestamp.online/timestamp/1500269915" "Mozilla/5.0 (compatible; spbot/5.0.3; +http://OpenLinkProfiler.org/bot )"
45.55.163.168 - - [17/Jul/2017:07:39:40 +0200] "GET /timestamp/1500269950 HTTP/1.1" 200 3665 "http://timestamp.online/timestamp/1500269920" "Mozilla/5.0 (compatible; spbot/5.0.3; +http://OpenLinkProfiler.org/bot )"
45.55.163.168 - - [17/Jul/2017:07:39:45 +0200] "GET /timestamp/1500269955 HTTP/1.1" 200 3665 "http://timestamp.online/timestamp/1500269925" "Mozilla/5.0 (compatible; spbot/5.0.3; +http://OpenLinkProfiler.org/bot )"
45.55.163.168 - - [17/Jul/2017:07:39:50 +0200] "GET /timestamp/1500269960 HTTP/1.1" 200 3665 "http://timestamp.online/timestamp/1500269930" "Mozilla/5.0 (compatible; spbot/5.0.3; +http://OpenLinkProfiler.org/bot )"
45.55.163.168 - - [17/Jul/2017:07:39:55 +0200] "GET /timestamp/1500269965 HTTP/1.1" 200 3665 "http://timestamp.online/timestamp/1500269935" "Mozilla/5.0 (compatible; spbot/5.0.3; +http://OpenLinkProfiler.org/bot )"
45.55.163.168 - - [17/Jul/2017:07:40:00 +0200] "GET /timestamp/1500269970 HTTP/1.1" 200 3665 "http://timestamp.online/timestamp/1500269940" "Mozilla/5.0 (compatible; spbot/5.0.3; +http://OpenLinkProfiler.org/bot )"
45.55.163.168 - - [17/Jul/2017:07:40:05 +0200] "GET /timestamp/1500269975 HTTP/1.1" 200 3665 "http://timestamp.online/timestamp/1500269945" "Mozilla/5.0 (compatible; spbot/5.0.3; +http://OpenLinkProfiler.org/bot )"
45.55.163.168 - - [17/Jul/2017:07:40:10 +0200] "GET /timestamp/1500269980 HTTP/1.1" 200 3665 "http://timestamp.online/timestamp/1500269950" "Mozilla/5.0 (compatible; spbot/5.0.3; +http://OpenLinkProfiler.org/bot )"
95.108.179.20 - - [17/Jul/2017:07:40:12 +0200] "GET /timestamp/1500160967 HTTP/1.1" 200 3665 "-" "Mozilla/5.0 (compatible; YandexBot/3.0; +http://yandex.com/bots)"
45.55.163.168 - - [17/Jul/2017:07:40:15 +0200] "GET /timestamp/1500269985 HTTP/1.1" 200 3665 "http://timestamp.online/timestamp/1500269955" "Mozilla/5.0 (compatible; spbot/5.0.3; +http://OpenLinkProfiler.org/bot )"
45.55.163.168 - - [17/Jul/2017:07:40:20 +0200] "GET /timestamp/1500269990 HTTP/1.1" 200 3665 "http://timestamp.online/timestamp/1500269960" "Mozilla/5.0 (compatible; spbot/5.0.3; +http://OpenLinkProfiler.org/bot )"
45.55.163.168 - - [17/Jul/2017:07:40:25 +0200] "GET /timestamp/1500269995 HTTP/1.1" 200 3665 "http://timestamp.online/timestamp/1500269965" "Mozilla/5.0 (compatible; spbot/5.0.3; +http://OpenLinkProfiler.org/bot )"
45.55.163.168 - - [17/Jul/2017:07:40:30 +0200] "GET /timestamp/1500270000 HTTP/1.1" 200 3665 "http://timestamp.online/timestamp/1500269970" "Mozilla/5.0 (compatible; spbot/5.0.3; +http://OpenLinkProfiler.org/bot )"
218.185.239.30 - - [17/Jul/2017:07:40:31 +0200] "GET /favicon.ico HTTP/1.1" 404 22356 "-" "Mozilla/5.0 (Macintosh; Intel Mac OS X 10_12_5) AppleWebKit/603.2.4 (KHTML, like Gecko) HipChat/732 (modern)"
45.55.163.168 - - [17/Jul/2017:07:40:35 +0200] "GET /timestamp/1500270005 HTTP/1.1" 200 3665 "http://timestamp.online/timestamp/1500269975" "Mozilla/5.0 (compatible; spbot/5.0.3; +http://OpenLinkProfiler.org/bot )"
45.55.163.168 - - [17/Jul/2017:07:40:40 +0200] "GET /timestamp/1500270010 HTTP/1.1" 200 3665 "http://timestamp.online/timestamp/1500269980" "Mozilla/5.0 (compatible; spbot/5.0.3; +http://OpenLinkProfiler.org/bot )"
95.108.179.20 - - [17/Jul/2017:07:40:42 +0200] "GET /timestamp/1500206100 HTTP/1.1" 200 3665 "-" "Mozilla/5.0 (compatible; YandexBot/3.0; +http://yandex.com/bots)"
45.55.163.168 - - [17/Jul/2017:07:40:45 +0200] "GET /timestamp/1500270015 HTTP/1.1" 200 3665 "http://timestamp.online/timestamp/1500269985" "Mozilla/5.0 (compatible; spbot/5.0.3; +http://OpenLinkProfiler.org/bot )"
45.55.163.168 - - [17/Jul/2017:07:40:50 +0200] "GET /timestamp/1500270020 HTTP/1.1" 200 3665 "http://timestamp.online/timestamp/1500269990" "Mozilla/5.0 (compatible; spbot/5.0.3; +http://OpenLinkProfiler.org/bot )"
45.55.163.168 - - [17/Jul/2017:07:40:55 +0200] "GET /timestamp/1500270025 HTTP/1.1" 200 3665 "http://timestamp.online/timestamp/1500269995" "Mozilla/5.0 (compatible; spbot/5.0.3; +http://OpenLinkProfiler.org/bot )"
45.55.163.168 - - [17/Jul/2017:07:41:00 +0200] "GET /timestamp/1500270030 HTTP/1.1" 200 3665 "http://timestamp.online/timestamp/1500270000" "Mozilla/5.0 (compatible; spbot/5.0.3; +http://OpenLinkProfiler.org/bot )"
45.55.163.168 - - [17/Jul/2017:07:41:05 +0200] "GET /timestamp/1500270035 HTTP/1.1" 200 3665 "http://timestamp.online/timestamp/1500270005" "Mozilla/5.0 (compatible; spbot/5.0.3; +http://OpenLinkProfiler.org/bot )"
45.55.163.168 - - [17/Jul/2017:07:41:10 +0200] "GET /timestamp/1500270040 HTTP/1.1" 200 3665 "http://timestamp.online/timestamp/1500270010" "Mozilla/5.0 (compatible; spbot/5.0.3; +http://OpenLinkProfiler.org/bot )"
45.55.163.168 - - [17/Jul/2017:07:41:15 +0200] "GET /timestamp/1500270045 HTTP/1.1" 200 3665 "http://timestamp.online/timestamp/1500270015" "Mozilla/5.0 (compatible; spbot/5.0.3; +http://OpenLinkProfiler.org/bot )"
164.132.161.4 - - [17/Jul/2017:07:41:19 +0200] "GET /timestamp/1498453870 HTTP/1.1" 200 3665 "-" "Mozilla/5.0 (compatible; AhrefsBot/5.2; +http://ahrefs.com/robot/)"
45.55.163.168 - - [17/Jul/2017:07:41:20 +0200] "GET /timestamp/1500270050 HTTP/1.1" 200 3665 "http://timestamp.online/timestamp/1500270020" "Mozilla/5.0 (compatible; spbot/5.0.3; +http://OpenLinkProfiler.org/bot )"
45.55.163.168 - - [17/Jul/2017:07:41:25 +0200] "GET /timestamp/1500270055 HTTP/1.1" 200 3665 "http://timestamp.online/timestamp/1500270025" "Mozilla/5.0 (compatible; spbot/5.0.3; +http://OpenLinkProfiler.org/bot )"
45.55.163.168 - - [17/Jul/2017:07:41:30 +0200] "GET /timestamp/1500270060 HTTP/1.1" 200 3665 "http://timestamp.online/timestamp/1500270030" "Mozilla/5.0 (compatible; spbot/5.0.3; +http://OpenLinkProfiler.org/bot )"
45.55.163.168 - - [17/Jul/2017:07:41:36 +0200] "GET /timestamp/1500270065 HTTP/1.1" 200 3665 "http://timestamp.online/timestamp/1500270035" "Mozilla/5.0 (compatible; spbot/5.0.3; +http://OpenLinkProfiler.org/bot )"
45.55.163.168 - - [17/Jul/2017:07:41:40 +0200] "GET /timestamp/1500270070 HTTP/1.1" 200 3665 "http://timestamp.online/timestamp/1500270040" "Mozilla/5.0 (compatible; spbot/5.0.3; +http://OpenLinkProfiler.org/bot )"
45.55.163.168 - - [17/Jul/2017:07:41:45 +0200] "GET /timestamp/1500270075 HTTP/1.1" 200 3665 "http://timestamp.online/timestamp/1500270045" "Mozilla/5.0 (compatible; spbot/5.0.3; +http://OpenLinkProfiler.org/bot )"
45.55.163.168 - - [17/Jul/2017:07:41:50 +0200] "GET /timestamp/1500270080 HTTP/1.1" 200 3665 "http://timestamp.online/timestamp/1500270050" "Mozilla/5.0 (compatible; spbot/5.0.3; +http://OpenLinkProfiler.org/bot )"
45.55.163.168 - - [17/Jul/2017:07:41:56 +0200] "GET /timestamp/1500270085 HTTP/1.1" 200 3665 "http://timestamp.online/timestamp/1500270055" "Mozilla/5.0 (compatible; spbot/5.0.3; +http://OpenLinkProfiler.org/bot )"
89.25.216.1 - - [17/Jul/2017:07:41:59 +0200] "GET /countdown/1500000000 HTTP/1.1" 200 4349 "-" "Mozilla/5.0 (X11; Linux x86_64) AppleWebKit/537.36 (KHTML, like Gecko) Chrome/58.0.3029.110 Safari/537.36"
89.25.216.1 - - [17/Jul/2017:07:42:00 +0200] "GET /zzstyle.css?1491341099 HTTP/1.1" 200 1389 "http://timestamp.online/countdown/1500000000" "Mozilla/5.0 (X11; Linux x86_64) AppleWebKit/537.36 (KHTML, like Gecko) Chrome/58.0.3029.110 Safari/537.36"
89.25.216.1 - - [17/Jul/2017:07:42:00 +0200] "GET /timestamp.js?1491341099 HTTP/1.1" 200 2853 "http://timestamp.online/countdown/1500000000" "Mozilla/5.0 (X11; Linux x86_64) AppleWebKit/537.36 (KHTML, like Gecko) Chrome/58.0.3029.110 Safari/537.36"
45.55.163.168 - - [17/Jul/2017:07:42:00 +0200] "GET /timestamp/1500270090 HTTP/1.1" 200 3665 "http://timestamp.online/timestamp/1500270060" "Mozilla/5.0 (compatible; spbot/5.0.3; +http://OpenLinkProfiler.org/bot )"
89.25.216.1 - - [17/Jul/2017:07:42:00 +0200] "GET /favicon.ico HTTP/1.1" 404 22529 "http://timestamp.online/countdown/1500000000" "Mozilla/5.0 (X11; Linux x86_64) AppleWebKit/537.36 (KHTML, like Gecko) Chrome/58.0.3029.110 Safari/537.36"
45.55.163.168 - - [17/Jul/2017:07:42:05 +0200] "GET /timestamp/1500270096 HTTP/1.1" 200 3665 "http://timestamp.online/timestamp/1500270065" "Mozilla/5.0 (compatible; spbot/5.0.3; +http://OpenLinkProfiler.org/bot )"
2605:e000:9193:3d00:f52a:5143:c711:3ecc - - [17/Jul/2017:07:42:09 +0200] "GET /countdown/1500000000 HTTP/1.1" 200 4349 "-" "Mozilla/5.0 (X11; Linux x86_64) AppleWebKit/537.36 (KHTML, like Gecko) Chrome/49.0.2623.75 Safari/537.36 Google Favicon"
2605:e000:9193:3d00:f52a:5143:c711:3ecc - - [17/Jul/2017:07:42:09 +0200] "GET /favicon.ico HTTP/1.1" 406 - "-" "Mozilla/5.0 (X11; Linux x86_64) AppleWebKit/537.36 (KHTML, like Gecko) Chrome/49.0.2623.75 Safari/537.36 Google Favicon"
45.55.163.168 - - [17/Jul/2017:07:42:10 +0200] "GET /timestamp/1500270100 HTTP/1.1" 200 3665 "http://timestamp.online/timestamp/1500270070" "Mozilla/5.0 (compatible; spbot/5.0.3; +http://OpenLinkProfiler.org/bot )"
45.55.163.168 - - [17/Jul/2017:07:42:15 +0200] "GET /timestamp/1500270105 HTTP/1.1" 200 3665 "http://timestamp.online/timestamp/1500270075" "Mozilla/5.0 (compatible; spbot/5.0.3; +http://OpenLinkProfiler.org/bot )"
45.55.163.168 - - [17/Jul/2017:07:42:20 +0200] "GET /timestamp/1500270110 HTTP/1.1" 200 3665 "http://timestamp.online/timestamp/1500270080" "Mozilla/5.0 (compatible; spbot/5.0.3; +http://OpenLinkProfiler.org/bot )"
45.55.163.168 - - [17/Jul/2017:07:42:25 +0200] "GET /timestamp/1500270116 HTTP/1.1" 200 3665 "http://timestamp.online/timestamp/1500270085" "Mozilla/5.0 (compatible; spbot/5.0.3; +http://OpenLinkProfiler.org/bot )"
89.25.216.1 - - [17/Jul/2017:07:42:25 +0200] "GET /countdown/1500300000 HTTP/1.1" 200 4341 "http://timestamp.online/countdown/1500000000" "Mozilla/5.0 (X11; Linux x86_64) AppleWebKit/537.36 (KHTML, like Gecko) Chrome/58.0.3029.110 Safari/537.36"
83.145.208.204 - - [17/Jul/2017:07:42:26 +0200] "GET /countdown/15000000000 HTTP/1.1" 200 4363 "-" "Mozilla/5.0 (Macintosh; Intel Mac OS X 10_12_5) AppleWebKit/537.36 (KHTML, like Gecko) Chrome/59.0.3071.115 Safari/537.36"
83.145.208.204 - - [17/Jul/2017:07:42:26 +0200] "GET /zzstyle.css?1491341099 HTTP/1.1" 200 1389 "http://timestamp.online/countdown/15000000000" "Mozilla/5.0 (Macintosh; Intel Mac OS X 10_12_5) AppleWebKit/537.36 (KHTML, like Gecko) Chrome/59.0.3071.115 Safari/537.36"
83.145.208.204 - - [17/Jul/2017:07:42:26 +0200] "GET /timestamp.js?1491341099 HTTP/1.1" 200 2853 "http://timestamp.online/countdown/15000000000" "Mozilla/5.0 (Macintosh; Intel Mac OS X 10_12_5) AppleWebKit/537.36 (KHTML, like Gecko) Chrome/59.0.3071.115 Safari/537.36"
83.145.208.204 - - [17/Jul/2017:07:42:26 +0200] "GET /favicon.ico HTTP/1.1" 404 22531 "http://timestamp.online/countdown/15000000000" "Mozilla/5.0 (Macintosh; Intel Mac OS X 10_12_5) AppleWebKit/537.36 (KHTML, like Gecko) Chrome/59.0.3071.115 Safari/537.36"
217.182.132.173 - - [17/Jul/2017:07:42:30 +0200] "GET /timestamp/1499681326 HTTP/1.1" 200 3665 "-" "Mozilla/5.0 (compatible; AhrefsBot/5.2; +http://ahrefs.com/robot/)"
45.55.163.168 - - [17/Jul/2017:07:42:30 +0200] "GET /timestamp/1500270120 HTTP/1.1" 200 3665 "http://timestamp.online/timestamp/1500270090" "Mozilla/5.0 (compatible; spbot/5.0.3; +http://OpenLinkProfiler.org/bot )"
138.68.29.145 - - [17/Jul/2017:07:42:32 +0200] "GET /countdown/1500000000?1499982347139=1 HTTP/1.1" 200 4349 "http://m.facebook.com/" "Mozilla/5.0 (Linux; Android 7.0; SM-G935F Build/NRD90M; wv) AppleWebKit/537.36 (KHTML, like Gecko) Version/4.0 Chrome/59.0.3071.125 Mobile Safari/537.36 [FB_IAB/FB4A;FBAV/132.0.0.20.85;]"
45.55.163.168 - - [17/Jul/2017:07:42:35 +0200] "GET /timestamp/1500270125 HTTP/1.1" 200 3665 "http://timestamp.online/timestamp/1500270096" "Mozilla/5.0 (compatible; spbot/5.0.3; +http://OpenLinkProfiler.org/bot )"
45.55.163.168 - - [17/Jul/2017:07:42:41 +0200] "GET /timestamp/1500270130 HTTP/1.1" 200 3665 "http://timestamp.online/timestamp/1500270100" "Mozilla/5.0 (compatible; spbot/5.0.3; +http://OpenLinkProfiler.org/bot )"
45.55.163.168 - - [17/Jul/2017:07:42:45 +0200] "GET /timestamp/1500270135 HTTP/1.1" 200 3665 "http://timestamp.online/timestamp/1500270105" "Mozilla/5.0 (compatible; spbot/5.0.3; +http://OpenLinkProfiler.org/bot )"
45.55.163.168 - - [17/Jul/2017:07:42:50 +0200] "GET /timestamp/1500270140 HTTP/1.1" 200 3665 "http://timestamp.online/timestamp/1500270110" "Mozilla/5.0 (compatible; spbot/5.0.3; +http://OpenLinkProfiler.org/bot )"
