45.55.163.168 - - [17/Jul/2017:06:24:30 +0200] "GET /timestamp/1500265440 HTTP/1.1" 200 3665 "http://timestamp.online/timestamp/1500265410" "Mozilla/5.0 (compatible; spbot/5.0.3; +http://OpenLinkProfiler.org/bot )"
45.55.163.168 - - [17/Jul/2017:06:24:35 +0200] "GET /timestamp/1500265445 HTTP/1.1" 200 3665 "http://timestamp.online/timestamp/1500265416" "Mozilla/5.0 (compatible; spbot/5.0.3; +http://OpenLinkProfiler.org/bot )"
45.55.163.168 - - [17/Jul/2017:06:24:41 +0200] "GET /timestamp/1500265450 HTTP/1.1" 200 3665 "http://timestamp.online/timestamp/1500265420" "Mozilla/5.0 (compatible; spbot/5.0.3; +http://OpenLinkProfiler.org/bot )"
45.55.163.168 - - [17/Jul/2017:06:24:45 +0200] "GET /timestamp/1500265455 HTTP/1.1" 200 3665 "http://timestamp.online/timestamp/1500265425" "Mozilla/5.0 (compatible; spbot/5.0.3; +http://OpenLinkProfiler.org/bot )"
45.55.163.168 - - [17/Jul/2017:06:24:50 +0200] "GET /timestamp/1500265461 HTTP/1.1" 200 3665 "http://timestamp.online/timestamp/1500265430" "Mozilla/5.0 (compatible; spbot/5.0.3; +http://OpenLinkProfiler.org/bot )"
45.55.163.168 - - [17/Jul/2017:06:24:55 +0200] "GET /timestamp/1500265465 HTTP/1.1" 200 3665 "http://timestamp.online/timestamp/1500265435" "Mozilla/5.0 (compatible; spbot/5.0.3; +http://OpenLinkProfiler.org/bot )"
45.55.163.168 - - [17/Jul/2017:06:25:00 +0200] "GET /timestamp/1500265470 HTTP/1.1" 200 3665 "http://timestamp.online/timestamp/1500265440" "Mozilla/5.0 (compatible; spbot/5.0.3; +http://OpenLinkProfiler.org/bot )"
45.55.163.168 - - [17/Jul/2017:06:25:05 +0200] "GET /timestamp/1500265475 HTTP/1.1" 200 3665 "http://timestamp.online/timestamp/1500265445" "Mozilla/5.0 (compatible; spbot/5.0.3; +http://OpenLinkProfiler.org/bot )"
45.55.163.168 - - [17/Jul/2017:06:25:10 +0200] "GET /timestamp/1500265481 HTTP/1.1" 200 3665 "http://timestamp.online/timestamp/1500265450" "Mozilla/5.0 (compatible; spbot/5.0.3; +http://OpenLinkProfiler.org/bot )"
95.108.179.20 - - [17/Jul/2017:06:25:12 +0200] "GET /timestamp/1498366367 HTTP/1.1" 200 3665 "-" "Mozilla/5.0 (compatible; YandexBot/3.0; +http://yandex.com/bots)"
45.55.163.168 - - [17/Jul/2017:06:25:15 +0200] "GET /timestamp/1500265485 HTTP/1.1" 200 3665 "http://timestamp.online/timestamp/1500265455" "Mozilla/5.0 (compatible; spbot/5.0.3; +http://OpenLinkProfiler.org/bot )"
45.55.163.168 - - [17/Jul/2017:06:25:20 +0200] "GET /timestamp/1500265490 HTTP/1.1" 200 3665 "http://timestamp.online/timestamp/1500265461" "Mozilla/5.0 (compatible; spbot/5.0.3; +http://OpenLinkProfiler.org/bot )"
45.55.163.168 - - [17/Jul/2017:06:25:25 +0200] "GET /timestamp/1500265495 HTTP/1.1" 200 3665 "http://timestamp.online/timestamp/1500265465" "Mozilla/5.0 (compatible; spbot/5.0.3; +http://OpenLinkProfiler.org/bot )"
45.55.163.168 - - [17/Jul/2017:06:25:30 +0200] "GET /timestamp/1500265500 HTTP/1.1" 200 3665 "http://timestamp.online/timestamp/1500265470" "Mozilla/5.0 (compatible; spbot/5.0.3; +http://OpenLinkProfiler.org/bot )"
51.255.65.82 - - [17/Jul/2017:06:25:33 +0200] "GET /timestamp/1498516230 HTTP/1.1" 200 3665 "-" "Mozilla/5.0 (compatible; AhrefsBot/5.2; +http://ahrefs.com/robot/)"
45.55.163.168 - - [17/Jul/2017:06:25:36 +0200] "GET /timestamp/1500265505 HTTP/1.1" 200 3665 "http://timestamp.online/timestamp/1500265475" "Mozilla/5.0 (compatible; spbot/5.0.3; +http://OpenLinkProfiler.org/bot )"
45.55.163.168 - - [17/Jul/2017:06:25:40 +0200] "GET /timestamp/1500265510 HTTP/1.1" 200 3665 "http://timestamp.online/timestamp/1500265481" "Mozilla/5.0 (compatible; spbot/5.0.3; +http://OpenLinkProfiler.org/bot )"
45.55.163.168 - - [17/Jul/2017:06:25:45 +0200] "GET /timestamp/1500265515 HTTP/1.1" 200 3665 "http://timestamp.online/timestamp/1500265485" "Mozilla/5.0 (compatible; spbot/5.0.3; +http://OpenLinkProfiler.org/bot )"
45.55.163.168 - - [17/Jul/2017:06:25:50 +0200] "GET /timestamp/1500265520 HTTP/1.1" 200 3665 "http://timestamp.online/timestamp/1500265490" "Mozilla/5.0 (compatible; spbot/5.0.3; +http://OpenLinkProfiler.org/bot )"
95.108.179.20 - - [17/Jul/2017:06:25:54 +0200] "GET /timestamp/1500061384 HTTP/1.1" 200 3665 "-" "Mozilla/5.0 (compatible; YandexBot/3.0; +http://yandex.com/bots)"
45.55.163.168 - - [17/Jul/2017:06:25:55 +0200] "GET /timestamp/1500265525 HTTP/1.1" 200 3665 "http://timestamp.online/timestamp/1500265495" "Mozilla/5.0 (compatible; spbot/5.0.3; +http://OpenLinkProfiler.org/bot )"
95.108.179.15 - - [17/Jul/2017:06:25:56 +0200] "GET /timestamp/1500066725 HTTP/1.1" 200 3665 "-" "Mozilla/5.0 (compatible; YandexBot/3.0; +http://yandex.com/bots)"
95.108.179.20 - - [17/Jul/2017:06:25:58 +0200] "GET /timestamp/1499025443 HTTP/1.1" 200 3665 "-" "Mozilla/5.0 (compatible; YandexBot/3.0; +http://yandex.com/bots)"
45.55.163.168 - - [17/Jul/2017:06:26:00 +0200] "GET /timestamp/1500265530 HTTP/1.1" 200 3665 "http://timestamp.online/timestamp/1500265500" "Mozilla/5.0 (compatible; spbot/5.0.3; +http://OpenLinkProfiler.org/bot )"
45.55.163.168 - - [17/Jul/2017:06:26:05 +0200] "GET /timestamp/1500265536 HTTP/1.1" 200 3665 "http://timestamp.online/timestamp/1500265505" "Mozilla/5.0 (compatible; spbot/5.0.3; +http://OpenLinkProfiler.org/bot )"
45.55.163.168 - - [17/Jul/2017:06:26:10 +0200] "GET /timestamp/1500265540 HTTP/1.1" 200 3665 "http://timestamp.online/timestamp/1500265510" "Mozilla/5.0 (compatible; spbot/5.0.3; +http://OpenLinkProfiler.org/bot )"
45.55.163.168 - - [17/Jul/2017:06:26:16 +0200] "GET /timestamp/1500265545 HTTP/1.1" 200 3665 "http://timestamp.online/timestamp/1500265515" "Mozilla/5.0 (compatible; spbot/5.0.3; +http://OpenLinkProfiler.org/bot )"
45.55.163.168 - - [17/Jul/2017:06:26:20 +0200] "GET /timestamp/1500265550 HTTP/1.1" 200 3665 "http://timestamp.online/timestamp/1500265520" "Mozilla/5.0 (compatible; spbot/5.0.3; +http://OpenLinkProfiler.org/bot )"
45.55.163.168 - - [17/Jul/2017:06:26:25 +0200] "GET /timestamp/1500265555 HTTP/1.1" 200 3665 "http://timestamp.online/timestamp/1500265525" "Mozilla/5.0 (compatible; spbot/5.0.3; +http://OpenLinkProfiler.org/bot )"
45.55.163.168 - - [17/Jul/2017:06:26:30 +0200] "GET /timestamp/1500265560 HTTP/1.1" 200 3665 "http://timestamp.online/timestamp/1500265530" "Mozilla/5.0 (compatible; spbot/5.0.3; +http://OpenLinkProfiler.org/bot )"
45.55.163.168 - - [17/Jul/2017:06:26:35 +0200] "GET /timestamp/1500265565 HTTP/1.1" 200 3665 "http://timestamp.online/timestamp/1500265536" "Mozilla/5.0 (compatible; spbot/5.0.3; +http://OpenLinkProfiler.org/bot )"
45.55.163.168 - - [17/Jul/2017:06:26:40 +0200] "GET /timestamp/1500265570 HTTP/1.1" 200 3665 "http://timestamp.online/timestamp/1500265540" "Mozilla/5.0 (compatible; spbot/5.0.3; +http://OpenLinkProfiler.org/bot )"
45.55.163.168 - - [17/Jul/2017:06:26:45 +0200] "GET /timestamp/1500265576 HTTP/1.1" 200 3665 "http://timestamp.online/timestamp/1500265545" "Mozilla/5.0 (compatible; spbot/5.0.3; +http://OpenLinkProfiler.org/bot )"
95.108.179.20 - - [17/Jul/2017:06:26:47 +0200] "GET /timestamp/1500007087 HTTP/1.1" 200 3665 "-" "Mozilla/5.0 (compatible; YandexBot/3.0; +http://yandex.com/bots)"
45.55.163.168 - - [17/Jul/2017:06:26:50 +0200] "GET /timestamp/1500265580 HTTP/1.1" 200 3665 "http://timestamp.online/timestamp/1500265550" "Mozilla/5.0 (compatible; spbot/5.0.3; +http://OpenLinkProfiler.org/bot )"
45.55.163.168 - - [17/Jul/2017:06:26:55 +0200] "GET /timestamp/1500265585 HTTP/1.1" 200 3665 "http://timestamp.online/timestamp/1500265555" "Mozilla/5.0 (compatible; spbot/5.0.3; +http://OpenLinkProfiler.org/bot )"
45.55.163.168 - - [17/Jul/2017:06:27:01 +0200] "GET /timestamp/1500265590 HTTP/1.1" 200 3665 "http://timestamp.online/timestamp/1500265560" "Mozilla/5.0 (compatible; spbot/5.0.3; +http://OpenLinkProfiler.org/bot )"
45.55.163.168 - - [17/Jul/2017:06:27:05 +0200] "GET /timestamp/1500265595 HTTP/1.1" 200 3665 "http://timestamp.online/timestamp/1500265565" "Mozilla/5.0 (compatible; spbot/5.0.3; +http://OpenLinkProfiler.org/bot )"
45.55.163.168 - - [17/Jul/2017:06:27:10 +0200] "GET /timestamp/1500265600 HTTP/1.1" 200 3665 "http://timestamp.online/timestamp/1500265570" "Mozilla/5.0 (compatible; spbot/5.0.3; +http://OpenLinkProfiler.org/bot )"
45.55.163.168 - - [17/Jul/2017:06:27:15 +0200] "GET /timestamp/1500265605 HTTP/1.1" 200 3665 "http://timestamp.online/timestamp/1500265576" "Mozilla/5.0 (compatible; spbot/5.0.3; +http://OpenLinkProfiler.org/bot )"
115.186.243.142 - - [17/Jul/2017:06:27:16 +0200] "GET /timestamp.js?1491341099 HTTP/1.1" 304 - "-" "Mozilla/4.0 (compatible;)"
45.55.163.168 - - [17/Jul/2017:06:27:21 +0200] "GET /timestamp/1500265610 HTTP/1.1" 200 3665 "http://timestamp.online/timestamp/1500265580" "Mozilla/5.0 (compatible; spbot/5.0.3; +http://OpenLinkProfiler.org/bot )"
45.55.163.168 - - [17/Jul/2017:06:27:25 +0200] "GET /timestamp/1500265615 HTTP/1.1" 200 3665 "http://timestamp.online/timestamp/1500265585" "Mozilla/5.0 (compatible; spbot/5.0.3; +http://OpenLinkProfiler.org/bot )"
45.55.163.168 - - [17/Jul/2017:06:27:30 +0200] "GET /timestamp/1500265621 HTTP/1.1" 200 3665 "http://timestamp.online/timestamp/1500265590" "Mozilla/5.0 (compatible; spbot/5.0.3; +http://OpenLinkProfiler.org/bot )"
45.55.163.168 - - [17/Jul/2017:06:27:35 +0200] "GET /timestamp/1500265625 HTTP/1.1" 200 3665 "http://timestamp.online/timestamp/1500265595" "Mozilla/5.0 (compatible; spbot/5.0.3; +http://OpenLinkProfiler.org/bot )"
45.55.163.168 - - [17/Jul/2017:06:27:40 +0200] "GET /timestamp/1500265630 HTTP/1.1" 200 3665 "http://timestamp.online/timestamp/1500265600" "Mozilla/5.0 (compatible; spbot/5.0.3; +http://OpenLinkProfiler.org/bot )"
96.48.166.92 - - [17/Jul/2017:06:27:41 +0200] "GET / HTTP/1.1" 200 8619 "-" "Mozilla/5.0 (Macintosh; Intel Mac OS X 10_12_5) AppleWebKit/603.2.4 (KHTML, like Gecko) Version/10.1.1 Safari/603.2.4"
96.48.166.92 - - [17/Jul/2017:06:27:41 +0200] "GET /zzstyle.css?1491341099 HTTP/1.1" 200 1389 "http://timestamp.online/" "Mozilla/5.0 (Macintosh; Intel Mac OS X 10_12_5) AppleWebKit/603.2.4 (KHTML, like Gecko) Version/10.1.1 Safari/603.2.4"
96.48.166.92 - - [17/Jul/2017:06:27:42 +0200] "GET /timestamp.js?1491341099 HTTP/1.1" 200 2853 "http://timestamp.online/" "Mozilla/5.0 (Macintosh; Intel Mac OS X 10_12_5) AppleWebKit/603.2.4 (KHTML, like Gecko) Version/10.1.1 Safari/603.2.4"
96.48.166.92 - - [17/Jul/2017:06:27:42 +0200] "GET /favicon.ico HTTP/1.1" 404 22489 "http://timestamp.online/" "Mozilla/5.0 (Macintosh; Intel Mac OS X 10_12_5) AppleWebKit/603.2.4 (KHTML, like Gecko) Version/10.1.1 Safari/603.2.4"
45.55.163.168 - - [17/Jul/2017:06:27:45 +0200] "GET /timestamp/1500265635 HTTP/1.1" 200 3665 "http://timestamp.online/timestamp/1500265605" "Mozilla/5.0 (compatible; spbot/5.0.3; +http://OpenLinkProfiler.org/bot )"
45.55.163.168 - - [17/Jul/2017:06:27:50 +0200] "GET /timestamp/1500265641 HTTP/1.1" 200 3665 "http://timestamp.online/timestamp/1500265610" "Mozilla/5.0 (compatible; spbot/5.0.3; +http://OpenLinkProfiler.org/bot )"
45.55.163.168 - - [17/Jul/2017:06:27:55 +0200] "GET /timestamp/1500265645 HTTP/1.1" 200 3665 "http://timestamp.online/timestamp/1500265615" "Mozilla/5.0 (compatible; spbot/5.0.3; +http://OpenLinkProfiler.org/bot )"
45.55.163.168 - - [17/Jul/2017:06:28:00 +0200] "GET /timestamp/1500265650 HTTP/1.1" 200 3665 "http://timestamp.online/timestamp/1500265621" "Mozilla/5.0 (compatible; spbot/5.0.3; +http://OpenLinkProfiler.org/bot )"
45.55.163.168 - - [17/Jul/2017:06:28:05 +0200] "GET /timestamp/1500265655 HTTP/1.1" 200 3665 "http://timestamp.online/timestamp/1500265625" "Mozilla/5.0 (compatible; spbot/5.0.3; +http://OpenLinkProfiler.org/bot )"
45.55.163.168 - - [17/Jul/2017:06:28:10 +0200] "GET /timestamp/1500265660 HTTP/1.1" 200 3665 "http://timestamp.online/timestamp/1500265630" "Mozilla/5.0 (compatible; spbot/5.0.3; +http://OpenLinkProfiler.org/bot )"
45.55.163.168 - - [17/Jul/2017:06:28:15 +0200] "GET /timestamp/1500265665 HTTP/1.1" 200 3665 "http://timestamp.online/timestamp/1500265635" "Mozilla/5.0 (compatible; spbot/5.0.3; +http://OpenLinkProfiler.org/bot )"
45.55.163.168 - - [17/Jul/2017:06:28:21 +0200] "GET /timestamp/1500265670 HTTP/1.1" 200 3665 "http://timestamp.online/timestamp/1500265641" "Mozilla/5.0 (compatible; spbot/5.0.3; +http://OpenLinkProfiler.org/bot )"
45.55.163.168 - - [17/Jul/2017:06:28:25 +0200] "GET /timestamp/1500265675 HTTP/1.1" 200 3665 "http://timestamp.online/timestamp/1500265645" "Mozilla/5.0 (compatible; spbot/5.0.3; +http://OpenLinkProfiler.org/bot )"
45.55.163.168 - - [17/Jul/2017:06:28:30 +0200] "GET /timestamp/1500265680 HTTP/1.1" 200 3665 "http://timestamp.online/timestamp/1500265650" "Mozilla/5.0 (compatible; spbot/5.0.3; +http://OpenLinkProfiler.org/bot )"
95.108.179.20 - - [17/Jul/2017:06:28:32 +0200] "GET /timestamp/1500165481 HTTP/1.1" 200 3665 "-" "Mozilla/5.0 (compatible; YandexBot/3.0; +http://yandex.com/bots)"
45.55.163.168 - - [17/Jul/2017:06:28:35 +0200] "GET /timestamp/1500265685 HTTP/1.1" 200 3665 "http://timestamp.online/timestamp/1500265655" "Mozilla/5.0 (compatible; spbot/5.0.3; +http://OpenLinkProfiler.org/bot )"
45.55.163.168 - - [17/Jul/2017:06:28:40 +0200] "GET /timestamp/1500265690 HTTP/1.1" 200 3665 "http://timestamp.online/timestamp/1500265660" "Mozilla/5.0 (compatible; spbot/5.0.3; +http://OpenLinkProfiler.org/bot )"
45.55.163.168 - - [17/Jul/2017:06:28:45 +0200] "GET /timestamp/1500265695 HTTP/1.1" 200 3665 "http://timestamp.online/timestamp/1500265665" "Mozilla/5.0 (compatible; spbot/5.0.3; +http://OpenLinkProfiler.org/bot )"
95.108.179.20 - - [17/Jul/2017:06:28:49 +0200] "GET /timestamp/1498320050 HTTP/1.1" 200 3665 "-" "Mozilla/5.0 (compatible; YandexBot/3.0; +http://yandex.com/bots)"
45.55.163.168 - - [17/Jul/2017:06:28:50 +0200] "GET /timestamp/1500265701 HTTP/1.1" 200 3665 "http://timestamp.online/timestamp/1500265670" "Mozilla/5.0 (compatible; spbot/5.0.3; +http://OpenLinkProfiler.org/bot )"
45.55.163.168 - - [17/Jul/2017:06:28:55 +0200] "GET /timestamp/1500265705 HTTP/1.1" 200 3665 "http://timestamp.online/timestamp/1500265675" "Mozilla/5.0 (compatible; spbot/5.0.3; +http://OpenLinkProfiler.org/bot )"
45.55.163.168 - - [17/Jul/2017:06:29:00 +0200] "GET /timestamp/1500265710 HTTP/1.1" 200 3665 "http://timestamp.online/timestamp/1500265680" "Mozilla/5.0 (compatible; spbot/5.0.3; +http://OpenLinkProfiler.org/bot )"
45.55.163.168 - - [17/Jul/2017:06:29:06 +0200] "GET /timestamp/1500265715 HTTP/1.1" 200 3665 "http://timestamp.online/timestamp/1500265685" "Mozilla/5.0 (compatible; spbot/5.0.3; +http://OpenLinkProfiler.org/bot )"
45.55.163.168 - - [17/Jul/2017:06:29:10 +0200] "GET /timestamp/1500265720 HTTP/1.1" 200 3665 "http://timestamp.online/timestamp/1500265690" "Mozilla/5.0 (compatible; spbot/5.0.3; +http://OpenLinkProfiler.org/bot )"
45.55.163.168 - - [17/Jul/2017:06:29:15 +0200] "GET /timestamp/1500265725 HTTP/1.1" 200 3665 "http://timestamp.online/timestamp/1500265695" "Mozilla/5.0 (compatible; spbot/5.0.3; +http://OpenLinkProfiler.org/bot )"
45.55.163.168 - - [17/Jul/2017:06:29:20 +0200] "GET /timestamp/1500265730 HTTP/1.1" 200 3665 "http://timestamp.online/timestamp/1500265701" "Mozilla/5.0 (compatible; spbot/5.0.3; +http://OpenLinkProfiler.org/bot )"
45.55.163.168 - - [17/Jul/2017:06:29:25 +0200] "GET /timestamp/1500265735 HTTP/1.1" 200 3665 "http://timestamp.online/timestamp/1500265705" "Mozilla/5.0 (compatible; spbot/5.0.3; +http://OpenLinkProfiler.org/bot )"
45.55.163.168 - - [17/Jul/2017:06:29:30 +0200] "GET /timestamp/1500265740 HTTP/1.1" 200 3665 "http://timestamp.online/timestamp/1500265710" "Mozilla/5.0 (compatible; spbot/5.0.3; +http://OpenLinkProfiler.org/bot )"
45.55.163.168 - - [17/Jul/2017:06:29:35 +0200] "GET /timestamp/1500265746 HTTP/1.1" 200 3665 "http://timestamp.online/timestamp/1500265715" "Mozilla/5.0 (compatible; spbot/5.0.3; +http://OpenLinkProfiler.org/bot )"
45.55.163.168 - - [17/Jul/2017:06:29:40 +0200] "GET /timestamp/1500265750 HTTP/1.1" 200 3665 "http://timestamp.online/timestamp/1500265720" "Mozilla/5.0 (compatible; spbot/5.0.3; +http://OpenLinkProfiler.org/bot )"
46.113.65.111 - - [17/Jul/2017:06:29:41 +0200] "GET /countdown/1500000000 HTTP/1.1" 200 4349 "http://www.wykop.pl/ramka/3827993/zostaly-4-godziny-do-unix-timestamp-1500000000/" "Mozilla/5.0 (Linux; Android 4.4.2; GT-I9515 Build/KOT49H) AppleWebKit/537.36 (KHTML, like Gecko) Chrome/58.0.3029.83 Mobile Safari/537.36"
46.113.65.111 - - [17/Jul/2017:06:29:41 +0200] "GET /zzstyle.css?1491341099 HTTP/1.1" 200 1389 "http://timestamp.online/countdown/1500000000" "Mozilla/5.0 (Linux; Android 4.4.2; GT-I9515 Build/KOT49H) AppleWebKit/537.36 (KHTML, like Gecko) Chrome/58.0.3029.83 Mobile Safari/537.36"
46.113.65.111 - - [17/Jul/2017:06:29:41 +0200] "GET /timestamp.js?1491341099 HTTP/1.1" 200 2853 "http://timestamp.online/countdown/1500000000" "Mozilla/5.0 (Linux; Android 4.4.2; GT-I9515 Build/KOT49H) AppleWebKit/537.36 (KHTML, like Gecko) Chrome/58.0.3029.83 Mobile Safari/537.36"
45.55.163.168 - - [17/Jul/2017:06:29:46 +0200] "GET /timestamp/1500265755 HTTP/1.1" 200 3665 "http://timestamp.online/timestamp/1500265725" "Mozilla/5.0 (compatible; spbot/5.0.3; +http://OpenLinkProfiler.org/bot )"
45.55.163.168 - - [17/Jul/2017:06:29:50 +0200] "GET /timestamp/1500265760 HTTP/1.1" 200 3665 "http://timestamp.online/timestamp/1500265730" "Mozilla/5.0 (compatible; spbot/5.0.3; +http://OpenLinkProfiler.org/bot )"
45.55.163.168 - - [17/Jul/2017:06:29:55 +0200] "GET /timestamp/1500265765 HTTP/1.1" 200 3665 "http://timestamp.online/timestamp/1500265735" "Mozilla/5.0 (compatible; spbot/5.0.3; +http://OpenLinkProfiler.org/bot )"
95.108.179.15 - - [17/Jul/2017:06:29:57 +0200] "GET /timestamp/1500062850 HTTP/1.1" 200 3665 "-" "Mozilla/5.0 (compatible; YandexBot/3.0; +http://yandex.com/bots)"
45.55.163.168 - - [17/Jul/2017:06:30:00 +0200] "GET /timestamp/1500265770 HTTP/1.1" 200 3665 "http://timestamp.online/timestamp/1500265740" "Mozilla/5.0 (compatible; spbot/5.0.3; +http://OpenLinkProfiler.org/bot )"
45.55.163.168 - - [17/Jul/2017:06:30:06 +0200] "GET /timestamp/1500265775 HTTP/1.1" 200 3665 "http://timestamp.online/timestamp/1500265746" "Mozilla/5.0 (compatible; spbot/5.0.3; +http://OpenLinkProfiler.org/bot )"
95.108.179.20 - - [17/Jul/2017:06:30:06 +0200] "GET /timestamp/1500172341 HTTP/1.1" 200 3665 "-" "Mozilla/5.0 (compatible; YandexBot/3.0; +http://yandex.com/bots)"
45.55.163.168 - - [17/Jul/2017:06:30:10 +0200] "GET /timestamp/1500265780 HTTP/1.1" 200 3665 "http://timestamp.online/timestamp/1500265750" "Mozilla/5.0 (compatible; spbot/5.0.3; +http://OpenLinkProfiler.org/bot )"
45.55.163.168 - - [17/Jul/2017:06:30:22 +0200] "GET /timestamp/1500265786 HTTP/1.1" 200 3665 "http://timestamp.online/timestamp/1500265755" "Mozilla/5.0 (compatible; spbot/5.0.3; +http://OpenLinkProfiler.org/bot )"
45.55.163.168 - - [17/Jul/2017:06:30:31 +0200] "GET /timestamp/1500265790 HTTP/1.1" 200 3665 "http://timestamp.online/timestamp/1500265760" "Mozilla/5.0 (compatible; spbot/5.0.3; +http://OpenLinkProfiler.org/bot )"
95.108.179.20 - - [17/Jul/2017:06:30:31 +0200] "GET /timestamp/1498138581 HTTP/1.1" 200 3665 "-" "Mozilla/5.0 (compatible; YandexBot/3.0; +http://yandex.com/bots)"
95.108.179.20 - - [17/Jul/2017:06:30:36 +0200] "GET /timestamp/1499470295 HTTP/1.1" 200 3665 "-" "Mozilla/5.0 (compatible; YandexBot/3.0; +http://yandex.com/bots)"
45.55.163.168 - - [17/Jul/2017:06:30:36 +0200] "GET /timestamp/1500265795 HTTP/1.1" 200 3665 "http://timestamp.online/timestamp/1500265765" "Mozilla/5.0 (compatible; spbot/5.0.3; +http://OpenLinkProfiler.org/bot )"
45.55.163.168 - - [17/Jul/2017:06:30:37 +0200] "GET /timestamp/1500265800 HTTP/1.1" 200 3665 "http://timestamp.online/timestamp/1500265770" "Mozilla/5.0 (compatible; spbot/5.0.3; +http://OpenLinkProfiler.org/bot )"
45.55.163.168 - - [17/Jul/2017:06:30:38 +0200] "GET /timestamp/1500265806 HTTP/1.1" 200 3665 "http://timestamp.online/timestamp/1500265775" "Mozilla/5.0 (compatible; spbot/5.0.3; +http://OpenLinkProfiler.org/bot )"
45.55.163.168 - - [17/Jul/2017:06:30:40 +0200] "GET /timestamp/1500265810 HTTP/1.1" 200 3665 "http://timestamp.online/timestamp/1500265780" "Mozilla/5.0 (compatible; spbot/5.0.3; +http://OpenLinkProfiler.org/bot )"
45.55.163.168 - - [17/Jul/2017:06:30:46 +0200] "GET /timestamp/1500265822 HTTP/1.1" 200 3665 "http://timestamp.online/timestamp/1500265786" "Mozilla/5.0 (compatible; spbot/5.0.3; +http://OpenLinkProfiler.org/bot )"
45.55.163.168 - - [17/Jul/2017:06:30:50 +0200] "GET /timestamp/1500265831 HTTP/1.1" 200 3665 "http://timestamp.online/timestamp/1500265790" "Mozilla/5.0 (compatible; spbot/5.0.3; +http://OpenLinkProfiler.org/bot )"
45.55.163.168 - - [17/Jul/2017:06:31:02 +0200] "GET /timestamp/1500265836 HTTP/1.1" 200 3665 "http://timestamp.online/timestamp/1500265795" "Mozilla/5.0 (compatible; spbot/5.0.3; +http://OpenLinkProfiler.org/bot )"
45.55.163.168 - - [17/Jul/2017:06:31:03 +0200] "GET /timestamp/1500265837 HTTP/1.1" 200 3665 "http://timestamp.online/timestamp/1500265800" "Mozilla/5.0 (compatible; spbot/5.0.3; +http://OpenLinkProfiler.org/bot )"
45.55.163.168 - - [17/Jul/2017:06:31:14 +0200] "GET /timestamp/1500265838 HTTP/1.1" 200 3665 "http://timestamp.online/timestamp/1500265806" "Mozilla/5.0 (compatible; spbot/5.0.3; +http://OpenLinkProfiler.org/bot )"
45.55.163.168 - - [17/Jul/2017:06:31:22 +0200] "GET /timestamp/1500265840 HTTP/1.1" 200 3665 "http://timestamp.online/timestamp/1500265810" "Mozilla/5.0 (compatible; spbot/5.0.3; +http://OpenLinkProfiler.org/bot )"
45.55.163.168 - - [17/Jul/2017:06:31:24 +0200] "GET /timestamp/1500265846 HTTP/1.1" 200 3665 "http://timestamp.online/timestamp/1500265822" "Mozilla/5.0 (compatible; spbot/5.0.3; +http://OpenLinkProfiler.org/bot )"
45.55.163.168 - - [17/Jul/2017:06:31:25 +0200] "GET /timestamp/1500265850 HTTP/1.1" 200 3665 "http://timestamp.online/timestamp/1500265831" "Mozilla/5.0 (compatible; spbot/5.0.3; +http://OpenLinkProfiler.org/bot )"
45.55.163.168 - - [17/Jul/2017:06:31:26 +0200] "GET /timestamp/1500265862 HTTP/1.1" 200 3665 "http://timestamp.online/timestamp/1500265836" "Mozilla/5.0 (compatible; spbot/5.0.3; +http://OpenLinkProfiler.org/bot )"
45.55.163.168 - - [17/Jul/2017:06:31:30 +0200] "GET /timestamp/1500265863 HTTP/1.1" 200 3665 "http://timestamp.online/timestamp/1500265837" "Mozilla/5.0 (compatible; spbot/5.0.3; +http://OpenLinkProfiler.org/bot )"
45.55.163.168 - - [17/Jul/2017:06:31:35 +0200] "GET /timestamp/1500265874 HTTP/1.1" 200 3665 "http://timestamp.online/timestamp/1500265838" "Mozilla/5.0 (compatible; spbot/5.0.3; +http://OpenLinkProfiler.org/bot )"
45.55.163.168 - - [17/Jul/2017:06:31:41 +0200] "GET /timestamp/1500265882 HTTP/1.1" 200 3665 "http://timestamp.online/timestamp/1500265840" "Mozilla/5.0 (compatible; spbot/5.0.3; +http://OpenLinkProfiler.org/bot )"
45.55.163.168 - - [17/Jul/2017:06:31:45 +0200] "GET /timestamp/1500265884 HTTP/1.1" 200 3665 "http://timestamp.online/timestamp/1500265846" "Mozilla/5.0 (compatible; spbot/5.0.3; +http://OpenLinkProfiler.org/bot )"
45.55.163.168 - - [17/Jul/2017:06:31:50 +0200] "GET /timestamp/1500265885 HTTP/1.1" 200 3665 "http://timestamp.online/timestamp/1500265850" "Mozilla/5.0 (compatible; spbot/5.0.3; +http://OpenLinkProfiler.org/bot )"
45.55.163.168 - - [17/Jul/2017:06:31:55 +0200] "GET /timestamp/1500265886 HTTP/1.1" 200 3665 "http://timestamp.online/timestamp/1500265862" "Mozilla/5.0 (compatible; spbot/5.0.3; +http://OpenLinkProfiler.org/bot )"
45.55.163.168 - - [17/Jul/2017:06:32:01 +0200] "GET /timestamp/1500265890 HTTP/1.1" 200 3665 "http://timestamp.online/timestamp/1500265863" "Mozilla/5.0 (compatible; spbot/5.0.3; +http://OpenLinkProfiler.org/bot )"
45.55.163.168 - - [17/Jul/2017:06:32:09 +0200] "GET /timestamp/1500265895 HTTP/1.1" 200 3665 "http://timestamp.online/timestamp/1500265874" "Mozilla/5.0 (compatible; spbot/5.0.3; +http://OpenLinkProfiler.org/bot )"
42.118.81.150 - - [17/Jul/2017:06:32:09 +0200] "GET /countdown/1500000000 HTTP/1.1" 200 4349 "-" "Mozilla/5.0 (Macintosh; Intel Mac OS X 10_11_6) AppleWebKit/537.36 (KHTML, like Gecko) Chrome/59.0.3071.115 Safari/537.36"
42.118.81.150 - - [17/Jul/2017:06:32:10 +0200] "GET /zzstyle.css?1491341099 HTTP/1.1" 200 1389 "http://timestamp.online/countdown/1500000000" "Mozilla/5.0 (Macintosh; Intel Mac OS X 10_11_6) AppleWebKit/537.36 (KHTML, like Gecko) Chrome/59.0.3071.115 Safari/537.36"
42.118.81.150 - - [17/Jul/2017:06:32:10 +0200] "GET /timestamp.js?1491341099 HTTP/1.1" 200 2853 "http://timestamp.online/countdown/1500000000" "Mozilla/5.0 (Macintosh; Intel Mac OS X 10_11_6) AppleWebKit/537.36 (KHTML, like Gecko) Chrome/59.0.3071.115 Safari/537.36"
42.118.81.150 - - [17/Jul/2017:06:32:10 +0200] "GET /favicon.ico HTTP/1.1" 404 22529 "http://timestamp.online/countdown/1500000000" "Mozilla/5.0 (Macintosh; Intel Mac OS X 10_11_6) AppleWebKit/537.36 (KHTML, like Gecko) Chrome/59.0.3071.115 Safari/537.36"
45.55.163.168 - - [17/Jul/2017:06:32:10 +0200] "GET /timestamp/1500265901 HTTP/1.1" 200 3665 "http://timestamp.online/timestamp/1500265882" "Mozilla/5.0 (compatible; spbot/5.0.3; +http://OpenLinkProfiler.org/bot )"
45.55.163.168 - - [17/Jul/2017:06:32:15 +0200] "GET /timestamp/1500265905 HTTP/1.1" 200 3665 "http://timestamp.online/timestamp/1500265884" "Mozilla/5.0 (compatible; spbot/5.0.3; +http://OpenLinkProfiler.org/bot )"
45.55.163.168 - - [17/Jul/2017:06:32:20 +0200] "GET /timestamp/1500265910 HTTP/1.1" 200 3665 "http://timestamp.online/timestamp/1500265885" "Mozilla/5.0 (compatible; spbot/5.0.3; +http://OpenLinkProfiler.org/bot )"
45.55.163.168 - - [17/Jul/2017:06:32:25 +0200] "GET /timestamp/1500265915 HTTP/1.1" 200 3665 "http://timestamp.online/timestamp/1500265886" "Mozilla/5.0 (compatible; spbot/5.0.3; +http://OpenLinkProfiler.org/bot )"
45.55.163.168 - - [17/Jul/2017:06:32:30 +0200] "GET /timestamp/1500265921 HTTP/1.1" 200 3665 "http://timestamp.online/timestamp/1500265890" "Mozilla/5.0 (compatible; spbot/5.0.3; +http://OpenLinkProfiler.org/bot )"
45.55.163.168 - - [17/Jul/2017:06:32:36 +0200] "GET /timestamp/1500265929 HTTP/1.1" 200 3665 "http://timestamp.online/timestamp/1500265895" "Mozilla/5.0 (compatible; spbot/5.0.3; +http://OpenLinkProfiler.org/bot )"
45.55.163.168 - - [17/Jul/2017:06:32:40 +0200] "GET /timestamp/1500265930 HTTP/1.1" 200 3665 "http://timestamp.online/timestamp/1500265901" "Mozilla/5.0 (compatible; spbot/5.0.3; +http://OpenLinkProfiler.org/bot )"
45.55.163.168 - - [17/Jul/2017:06:32:45 +0200] "GET /timestamp/1500265935 HTTP/1.1" 200 3665 "http://timestamp.online/timestamp/1500265905" "Mozilla/5.0 (compatible; spbot/5.0.3; +http://OpenLinkProfiler.org/bot )"
164.132.161.16 - - [17/Jul/2017:06:32:50 +0200] "GET /timestamp/1499579755 HTTP/1.1" 200 3665 "-" "Mozilla/5.0 (compatible; AhrefsBot/5.2; +http://ahrefs.com/robot/)"
45.55.163.168 - - [17/Jul/2017:06:32:50 +0200] "GET /timestamp/1500265940 HTTP/1.1" 200 3665 "http://timestamp.online/timestamp/1500265910" "Mozilla/5.0 (compatible; spbot/5.0.3; +http://OpenLinkProfiler.org/bot )"
189.217.97.19 - - [17/Jul/2017:06:32:55 +0200] "GET /countdown/1500000000 HTTP/1.1" 200 4349 "http://m.facebook.com/" "Mozilla/5.0 (Linux; Android 6.0; MotoG3 Build/MPIS24.65-33.1-2-10; wv) AppleWebKit/537.36 (KHTML, like Gecko) Version/4.0 Chrome/59.0.3071.125 Mobile Safari/537.36 [FB_IAB/FB4A;FBAV/132.0.0.20.85;]"
45.55.163.168 - - [17/Jul/2017:06:32:55 +0200] "GET /timestamp/1500265945 HTTP/1.1" 200 3665 "http://timestamp.online/timestamp/1500265915" "Mozilla/5.0 (compatible; spbot/5.0.3; +http://OpenLinkProfiler.org/bot )"
45.55.163.168 - - [17/Jul/2017:06:33:00 +0200] "GET /timestamp/1500265950 HTTP/1.1" 200 3665 "http://timestamp.online/timestamp/1500265921" "Mozilla/5.0 (compatible; spbot/5.0.3; +http://OpenLinkProfiler.org/bot )"
45.55.163.168 - - [17/Jul/2017:06:33:05 +0200] "GET /timestamp/1500265956 HTTP/1.1" 200 3665 "http://timestamp.online/timestamp/1500265929" "Mozilla/5.0 (compatible; spbot/5.0.3; +http://OpenLinkProfiler.org/bot )"
130.255.153.77 - - [17/Jul/2017:06:33:09 +0200] "GET /countdown/1500000000 HTTP/1.1" 200 4349 "-" "Mozilla/5.0 (Windows NT 6.1; Win64; x64) AppleWebKit/537.36 (KHTML, like Gecko) Chrome/59.0.3071.115 Safari/537.36"
130.255.153.77 - - [17/Jul/2017:06:33:09 +0200] "GET /zzstyle.css?1491341099 HTTP/1.1" 200 1389 "http://timestamp.online/countdown/1500000000" "Mozilla/5.0 (Windows NT 6.1; Win64; x64) AppleWebKit/537.36 (KHTML, like Gecko) Chrome/59.0.3071.115 Safari/537.36"
130.255.153.77 - - [17/Jul/2017:06:33:09 +0200] "GET /timestamp.js?1491341099 HTTP/1.1" 200 2853 "http://timestamp.online/countdown/1500000000" "Mozilla/5.0 (Windows NT 6.1; Win64; x64) AppleWebKit/537.36 (KHTML, like Gecko) Chrome/59.0.3071.115 Safari/537.36"
130.255.153.77 - - [17/Jul/2017:06:33:09 +0200] "GET /favicon.ico HTTP/1.1" 404 22621 "http://timestamp.online/countdown/1500000000" "Mozilla/5.0 (Windows NT 6.1; Win64; x64) AppleWebKit/537.36 (KHTML, like Gecko) Chrome/59.0.3071.115 Safari/537.36"
45.55.163.168 - - [17/Jul/2017:06:33:10 +0200] "GET /timestamp/1500265960 HTTP/1.1" 200 3665 "http://timestamp.online/timestamp/1500265930" "Mozilla/5.0 (compatible; spbot/5.0.3; +http://OpenLinkProfiler.org/bot )"
45.55.163.168 - - [17/Jul/2017:06:33:16 +0200] "GET /timestamp/1500265965 HTTP/1.1" 200 3665 "http://timestamp.online/timestamp/1500265935" "Mozilla/5.0 (compatible; spbot/5.0.3; +http://OpenLinkProfiler.org/bot )"
45.55.163.168 - - [17/Jul/2017:06:33:20 +0200] "GET /timestamp/1500265970 HTTP/1.1" 200 3665 "http://timestamp.online/timestamp/1500265940" "Mozilla/5.0 (compatible; spbot/5.0.3; +http://OpenLinkProfiler.org/bot )"
45.55.163.168 - - [17/Jul/2017:06:33:25 +0200] "GET /timestamp/1500265975 HTTP/1.1" 200 3665 "http://timestamp.online/timestamp/1500265945" "Mozilla/5.0 (compatible; spbot/5.0.3; +http://OpenLinkProfiler.org/bot )"
45.55.163.168 - - [17/Jul/2017:06:33:30 +0200] "GET /timestamp/1500265980 HTTP/1.1" 200 3665 "http://timestamp.online/timestamp/1500265950" "Mozilla/5.0 (compatible; spbot/5.0.3; +http://OpenLinkProfiler.org/bot )"
45.55.163.168 - - [17/Jul/2017:06:33:36 +0200] "GET /timestamp/1500265985 HTTP/1.1" 200 3665 "http://timestamp.online/timestamp/1500265956" "Mozilla/5.0 (compatible; spbot/5.0.3; +http://OpenLinkProfiler.org/bot )"
130.255.153.77 - - [17/Jul/2017:06:33:38 +0200] "GET /countdown/1600000000 HTTP/1.1" 200 4360 "-" "Mozilla/5.0 (Windows NT 6.1; Win64; x64) AppleWebKit/537.36 (KHTML, like Gecko) Chrome/59.0.3071.115 Safari/537.36"
45.55.163.168 - - [17/Jul/2017:06:33:40 +0200] "GET /timestamp/1500265990 HTTP/1.1" 200 3665 "http://timestamp.online/timestamp/1500265960" "Mozilla/5.0 (compatible; spbot/5.0.3; +http://OpenLinkProfiler.org/bot )"
45.55.163.168 - - [17/Jul/2017:06:33:45 +0200] "GET /timestamp/1500265996 HTTP/1.1" 200 3665 "http://timestamp.online/timestamp/1500265965" "Mozilla/5.0 (compatible; spbot/5.0.3; +http://OpenLinkProfiler.org/bot )"
45.55.163.168 - - [17/Jul/2017:06:33:50 +0200] "GET /timestamp/1500266000 HTTP/1.1" 200 3665 "http://timestamp.online/timestamp/1500265970" "Mozilla/5.0 (compatible; spbot/5.0.3; +http://OpenLinkProfiler.org/bot )"
95.108.179.15 - - [17/Jul/2017:06:33:54 +0200] "GET /timestamp/1500189466 HTTP/1.1" 200 3665 "-" "Mozilla/5.0 (compatible; YandexBot/3.0; +http://yandex.com/bots)"
45.55.163.168 - - [17/Jul/2017:06:33:55 +0200] "GET /timestamp/1500266005 HTTP/1.1" 200 3665 "http://timestamp.online/timestamp/1500265975" "Mozilla/5.0 (compatible; spbot/5.0.3; +http://OpenLinkProfiler.org/bot )"
45.55.163.168 - - [17/Jul/2017:06:34:00 +0200] "GET /timestamp/1500266010 HTTP/1.1" 200 3665 "http://timestamp.online/timestamp/1500265980" "Mozilla/5.0 (compatible; spbot/5.0.3; +http://OpenLinkProfiler.org/bot )"
45.55.163.168 - - [17/Jul/2017:06:34:05 +0200] "GET /timestamp/1500266016 HTTP/1.1" 200 3665 "http://timestamp.online/timestamp/1500265985" "Mozilla/5.0 (compatible; spbot/5.0.3; +http://OpenLinkProfiler.org/bot )"
45.55.163.168 - - [17/Jul/2017:06:34:10 +0200] "GET /timestamp/1500266020 HTTP/1.1" 200 3665 "http://timestamp.online/timestamp/1500265990" "Mozilla/5.0 (compatible; spbot/5.0.3; +http://OpenLinkProfiler.org/bot )"
45.55.163.168 - - [17/Jul/2017:06:34:15 +0200] "GET /timestamp/1500266025 HTTP/1.1" 200 3665 "http://timestamp.online/timestamp/1500265996" "Mozilla/5.0 (compatible; spbot/5.0.3; +http://OpenLinkProfiler.org/bot )"
51.255.65.18 - - [17/Jul/2017:06:34:19 +0200] "GET /timestamp/1498464028 HTTP/1.1" 200 3665 "-" "Mozilla/5.0 (compatible; AhrefsBot/5.2; +http://ahrefs.com/robot/)"
45.55.163.168 - - [17/Jul/2017:06:34:20 +0200] "GET /timestamp/1500266030 HTTP/1.1" 200 3665 "http://timestamp.online/timestamp/1500266000" "Mozilla/5.0 (compatible; spbot/5.0.3; +http://OpenLinkProfiler.org/bot )"
95.108.179.20 - - [17/Jul/2017:06:34:23 +0200] "GET /timestamp/1500066538 HTTP/1.1" 200 3665 "-" "Mozilla/5.0 (compatible; YandexBot/3.0; +http://yandex.com/bots)"
45.55.163.168 - - [17/Jul/2017:06:34:25 +0200] "GET /timestamp/1500266035 HTTP/1.1" 200 3665 "http://timestamp.online/timestamp/1500266005" "Mozilla/5.0 (compatible; spbot/5.0.3; +http://OpenLinkProfiler.org/bot )"
95.108.179.20 - - [17/Jul/2017:06:34:25 +0200] "GET /timestamp/1500173016 HTTP/1.1" 200 3665 "-" "Mozilla/5.0 (compatible; YandexBot/3.0; +http://yandex.com/bots)"
45.55.163.168 - - [17/Jul/2017:06:34:30 +0200] "GET /timestamp/1500266040 HTTP/1.1" 200 3665 "http://timestamp.online/timestamp/1500266010" "Mozilla/5.0 (compatible; spbot/5.0.3; +http://OpenLinkProfiler.org/bot )"
45.55.163.168 - - [17/Jul/2017:06:34:35 +0200] "GET /timestamp/1500266045 HTTP/1.1" 200 3665 "http://timestamp.online/timestamp/1500266016" "Mozilla/5.0 (compatible; spbot/5.0.3; +http://OpenLinkProfiler.org/bot )"
45.55.163.168 - - [17/Jul/2017:06:34:40 +0200] "GET /timestamp/1500266050 HTTP/1.1" 200 3665 "http://timestamp.online/timestamp/1500266020" "Mozilla/5.0 (compatible; spbot/5.0.3; +http://OpenLinkProfiler.org/bot )"
45.55.163.168 - - [17/Jul/2017:06:34:46 +0200] "GET /timestamp/1500266055 HTTP/1.1" 200 3665 "http://timestamp.online/timestamp/1500266025" "Mozilla/5.0 (compatible; spbot/5.0.3; +http://OpenLinkProfiler.org/bot )"
45.55.163.168 - - [17/Jul/2017:06:34:50 +0200] "GET /timestamp/1500266060 HTTP/1.1" 200 3665 "http://timestamp.online/timestamp/1500266030" "Mozilla/5.0 (compatible; spbot/5.0.3; +http://OpenLinkProfiler.org/bot )"
45.55.163.168 - - [17/Jul/2017:06:34:55 +0200] "GET /timestamp/1500266065 HTTP/1.1" 200 3665 "http://timestamp.online/timestamp/1500266035" "Mozilla/5.0 (compatible; spbot/5.0.3; +http://OpenLinkProfiler.org/bot )"
45.55.163.168 - - [17/Jul/2017:06:35:00 +0200] "GET /timestamp/1500266070 HTTP/1.1" 200 3665 "http://timestamp.online/timestamp/1500266040" "Mozilla/5.0 (compatible; spbot/5.0.3; +http://OpenLinkProfiler.org/bot )"
45.55.163.168 - - [17/Jul/2017:06:35:05 +0200] "GET /timestamp/1500266075 HTTP/1.1" 200 3665 "http://timestamp.online/timestamp/1500266045" "Mozilla/5.0 (compatible; spbot/5.0.3; +http://OpenLinkProfiler.org/bot )"
45.55.163.168 - - [17/Jul/2017:06:35:10 +0200] "GET /timestamp/1500266080 HTTP/1.1" 200 3665 "http://timestamp.online/timestamp/1500266050" "Mozilla/5.0 (compatible; spbot/5.0.3; +http://OpenLinkProfiler.org/bot )"
45.55.163.168 - - [17/Jul/2017:06:35:15 +0200] "GET /timestamp/1500266086 HTTP/1.1" 200 3665 "http://timestamp.online/timestamp/1500266055" "Mozilla/5.0 (compatible; spbot/5.0.3; +http://OpenLinkProfiler.org/bot )"
45.55.163.168 - - [17/Jul/2017:06:35:20 +0200] "GET /timestamp/1500266090 HTTP/1.1" 200 3665 "http://timestamp.online/timestamp/1500266060" "Mozilla/5.0 (compatible; spbot/5.0.3; +http://OpenLinkProfiler.org/bot )"
45.55.163.168 - - [17/Jul/2017:06:35:25 +0200] "GET /timestamp/1500266095 HTTP/1.1" 200 3665 "http://timestamp.online/timestamp/1500266065" "Mozilla/5.0 (compatible; spbot/5.0.3; +http://OpenLinkProfiler.org/bot )"
45.55.163.168 - - [17/Jul/2017:06:35:30 +0200] "GET /timestamp/1500266100 HTTP/1.1" 200 3665 "http://timestamp.online/timestamp/1500266070" "Mozilla/5.0 (compatible; spbot/5.0.3; +http://OpenLinkProfiler.org/bot )"
45.55.163.168 - - [17/Jul/2017:06:35:35 +0200] "GET /timestamp/1500266105 HTTP/1.1" 200 3665 "http://timestamp.online/timestamp/1500266075" "Mozilla/5.0 (compatible; spbot/5.0.3; +http://OpenLinkProfiler.org/bot )"
45.55.163.168 - - [17/Jul/2017:06:35:40 +0200] "GET /timestamp/1500266110 HTTP/1.1" 200 3665 "http://timestamp.online/timestamp/1500266080" "Mozilla/5.0 (compatible; spbot/5.0.3; +http://OpenLinkProfiler.org/bot )"
45.55.163.168 - - [17/Jul/2017:06:35:45 +0200] "GET /timestamp/1500266115 HTTP/1.1" 200 3665 "http://timestamp.online/timestamp/1500266086" "Mozilla/5.0 (compatible; spbot/5.0.3; +http://OpenLinkProfiler.org/bot )"
49.185.236.250 - - [17/Jul/2017:06:35:48 +0200] "GET /favicon.ico HTTP/1.1" 404 22356 "-" "Mozilla/5.0 (Macintosh; Intel Mac OS X 10_12_5) AppleWebKit/603.2.4 (KHTML, like Gecko) HipChat/732 (modern)"
45.55.163.168 - - [17/Jul/2017:06:35:50 +0200] "GET /timestamp/1500266120 HTTP/1.1" 200 3665 "http://timestamp.online/timestamp/1500266090" "Mozilla/5.0 (compatible; spbot/5.0.3; +http://OpenLinkProfiler.org/bot )"
45.55.163.168 - - [17/Jul/2017:06:35:55 +0200] "GET /timestamp/1500266125 HTTP/1.1" 200 3665 "http://timestamp.online/timestamp/1500266095" "Mozilla/5.0 (compatible; spbot/5.0.3; +http://OpenLinkProfiler.org/bot )"
45.55.163.168 - - [17/Jul/2017:06:36:00 +0200] "GET /timestamp/1500266130 HTTP/1.1" 200 3665 "http://timestamp.online/timestamp/1500266100" "Mozilla/5.0 (compatible; spbot/5.0.3; +http://OpenLinkProfiler.org/bot )"
164.132.161.26 - - [17/Jul/2017:06:36:00 +0200] "GET /timestamp/1499667703 HTTP/1.1" 200 3665 "-" "Mozilla/5.0 (compatible; AhrefsBot/5.2; +http://ahrefs.com/robot/)"
45.55.163.168 - - [17/Jul/2017:06:36:05 +0200] "GET /timestamp/1500266135 HTTP/1.1" 200 3665 "http://timestamp.online/timestamp/1500266105" "Mozilla/5.0 (compatible; spbot/5.0.3; +http://OpenLinkProfiler.org/bot )"
45.55.163.168 - - [17/Jul/2017:06:36:11 +0200] "GET /timestamp/1500266140 HTTP/1.1" 200 3665 "http://timestamp.online/timestamp/1500266110" "Mozilla/5.0 (compatible; spbot/5.0.3; +http://OpenLinkProfiler.org/bot )"
45.55.163.168 - - [17/Jul/2017:06:36:15 +0200] "GET /timestamp/1500266145 HTTP/1.1" 200 3665 "http://timestamp.online/timestamp/1500266115" "Mozilla/5.0 (compatible; spbot/5.0.3; +http://OpenLinkProfiler.org/bot )"
45.55.163.168 - - [17/Jul/2017:06:36:20 +0200] "GET /timestamp/1500266150 HTTP/1.1" 200 3665 "http://timestamp.online/timestamp/1500266120" "Mozilla/5.0 (compatible; spbot/5.0.3; +http://OpenLinkProfiler.org/bot )"
45.55.163.168 - - [17/Jul/2017:06:36:25 +0200] "GET /timestamp/1500266155 HTTP/1.1" 200 3665 "http://timestamp.online/timestamp/1500266125" "Mozilla/5.0 (compatible; spbot/5.0.3; +http://OpenLinkProfiler.org/bot )"
45.55.163.168 - - [17/Jul/2017:06:36:30 +0200] "GET /timestamp/1500266160 HTTP/1.1" 200 3665 "http://timestamp.online/timestamp/1500266130" "Mozilla/5.0 (compatible; spbot/5.0.3; +http://OpenLinkProfiler.org/bot )"
45.55.163.168 - - [17/Jul/2017:06:36:35 +0200] "GET /timestamp/1500266165 HTTP/1.1" 200 3665 "http://timestamp.online/timestamp/1500266135" "Mozilla/5.0 (compatible; spbot/5.0.3; +http://OpenLinkProfiler.org/bot )"
45.55.163.168 - - [17/Jul/2017:06:36:40 +0200] "GET /timestamp/1500266171 HTTP/1.1" 200 3665 "http://timestamp.online/timestamp/1500266140" "Mozilla/5.0 (compatible; spbot/5.0.3; +http://OpenLinkProfiler.org/bot )"
45.55.163.168 - - [17/Jul/2017:06:36:45 +0200] "GET /timestamp/1500266175 HTTP/1.1" 200 3665 "http://timestamp.online/timestamp/1500266145" "Mozilla/5.0 (compatible; spbot/5.0.3; +http://OpenLinkProfiler.org/bot )"
45.55.163.168 - - [17/Jul/2017:06:36:50 +0200] "GET /timestamp/1500266180 HTTP/1.1" 200 3665 "http://timestamp.online/timestamp/1500266150" "Mozilla/5.0 (compatible; spbot/5.0.3; +http://OpenLinkProfiler.org/bot )"
95.108.179.20 - - [17/Jul/2017:06:36:53 +0200] "GET /timestamp/1500162203 HTTP/1.1" 200 3665 "-" "Mozilla/5.0 (compatible; YandexBot/3.0; +http://yandex.com/bots)"
45.55.163.168 - - [17/Jul/2017:06:36:55 +0200] "GET /timestamp/1500266185 HTTP/1.1" 200 3665 "http://timestamp.online/timestamp/1500266155" "Mozilla/5.0 (compatible; spbot/5.0.3; +http://OpenLinkProfiler.org/bot )"
45.55.163.168 - - [17/Jul/2017:06:37:00 +0200] "GET /timestamp/1500266190 HTTP/1.1" 200 3665 "http://timestamp.online/timestamp/1500266160" "Mozilla/5.0 (compatible; spbot/5.0.3; +http://OpenLinkProfiler.org/bot )"
45.55.163.168 - - [17/Jul/2017:06:37:05 +0200] "GET /timestamp/1500266195 HTTP/1.1" 200 3665 "http://timestamp.online/timestamp/1500266165" "Mozilla/5.0 (compatible; spbot/5.0.3; +http://OpenLinkProfiler.org/bot )"
45.55.163.168 - - [17/Jul/2017:06:37:10 +0200] "GET /timestamp/1500266200 HTTP/1.1" 200 3665 "http://timestamp.online/timestamp/1500266171" "Mozilla/5.0 (compatible; spbot/5.0.3; +http://OpenLinkProfiler.org/bot )"
45.55.163.168 - - [17/Jul/2017:06:37:15 +0200] "GET /timestamp/1500266205 HTTP/1.1" 200 3665 "http://timestamp.online/timestamp/1500266175" "Mozilla/5.0 (compatible; spbot/5.0.3; +http://OpenLinkProfiler.org/bot )"
45.55.163.168 - - [17/Jul/2017:06:37:20 +0200] "GET /timestamp/1500266210 HTTP/1.1" 200 3665 "http://timestamp.online/timestamp/1500266180" "Mozilla/5.0 (compatible; spbot/5.0.3; +http://OpenLinkProfiler.org/bot )"
45.55.163.168 - - [17/Jul/2017:06:37:25 +0200] "GET /timestamp/1500266215 HTTP/1.1" 200 3665 "http://timestamp.online/timestamp/1500266185" "Mozilla/5.0 (compatible; spbot/5.0.3; +http://OpenLinkProfiler.org/bot )"
45.55.163.168 - - [17/Jul/2017:06:37:30 +0200] "GET /timestamp/1500266220 HTTP/1.1" 200 3665 "http://timestamp.online/timestamp/1500266190" "Mozilla/5.0 (compatible; spbot/5.0.3; +http://OpenLinkProfiler.org/bot )"
45.55.163.168 - - [17/Jul/2017:06:37:35 +0200] "GET /timestamp/1500266225 HTTP/1.1" 200 3665 "http://timestamp.online/timestamp/1500266195" "Mozilla/5.0 (compatible; spbot/5.0.3; +http://OpenLinkProfiler.org/bot )"
45.55.163.168 - - [17/Jul/2017:06:37:40 +0200] "GET /timestamp/1500266230 HTTP/1.1" 200 3665 "http://timestamp.online/timestamp/1500266200" "Mozilla/5.0 (compatible; spbot/5.0.3; +http://OpenLinkProfiler.org/bot )"
45.55.163.168 - - [17/Jul/2017:06:37:45 +0200] "GET /timestamp/1500266235 HTTP/1.1" 200 3665 "http://timestamp.online/timestamp/1500266205" "Mozilla/5.0 (compatible; spbot/5.0.3; +http://OpenLinkProfiler.org/bot )"
45.55.163.168 - - [17/Jul/2017:06:37:50 +0200] "GET /timestamp/1500266240 HTTP/1.1" 200 3665 "http://timestamp.online/timestamp/1500266210" "Mozilla/5.0 (compatible; spbot/5.0.3; +http://OpenLinkProfiler.org/bot )"
45.55.163.168 - - [17/Jul/2017:06:37:55 +0200] "GET /timestamp/1500266245 HTTP/1.1" 200 3665 "http://timestamp.online/timestamp/1500266215" "Mozilla/5.0 (compatible; spbot/5.0.3; +http://OpenLinkProfiler.org/bot )"
45.55.163.168 - - [17/Jul/2017:06:38:00 +0200] "GET /timestamp/1500266250 HTTP/1.1" 200 3665 "http://timestamp.online/timestamp/1500266220" "Mozilla/5.0 (compatible; spbot/5.0.3; +http://OpenLinkProfiler.org/bot )"
45.55.163.168 - - [17/Jul/2017:06:38:05 +0200] "GET /timestamp/1500266255 HTTP/1.1" 200 3665 "http://timestamp.online/timestamp/1500266225" "Mozilla/5.0 (compatible; spbot/5.0.3; +http://OpenLinkProfiler.org/bot )"
45.55.163.168 - - [17/Jul/2017:06:38:10 +0200] "GET /timestamp/1500266260 HTTP/1.1" 200 3665 "http://timestamp.online/timestamp/1500266230" "Mozilla/5.0 (compatible; spbot/5.0.3; +http://OpenLinkProfiler.org/bot )"
164.132.162.154 - - [17/Jul/2017:06:38:11 +0200] "GET /timestamp/1493358107 HTTP/1.1" 200 3665 "-" "Mozilla/5.0 (compatible; AhrefsBot/5.2; +http://ahrefs.com/robot/)"
45.55.163.168 - - [17/Jul/2017:06:38:16 +0200] "GET /timestamp/1500266265 HTTP/1.1" 200 3665 "http://timestamp.online/timestamp/1500266235" "Mozilla/5.0 (compatible; spbot/5.0.3; +http://OpenLinkProfiler.org/bot )"
45.55.163.168 - - [17/Jul/2017:06:38:20 +0200] "GET /timestamp/1500266270 HTTP/1.1" 200 3665 "http://timestamp.online/timestamp/1500266240" "Mozilla/5.0 (compatible; spbot/5.0.3; +http://OpenLinkProfiler.org/bot )"
45.55.163.168 - - [17/Jul/2017:06:38:25 +0200] "GET /timestamp/1500266275 HTTP/1.1" 200 3665 "http://timestamp.online/timestamp/1500266245" "Mozilla/5.0 (compatible; spbot/5.0.3; +http://OpenLinkProfiler.org/bot )"
45.55.163.168 - - [17/Jul/2017:06:38:31 +0200] "GET /timestamp/1500266280 HTTP/1.1" 200 3665 "http://timestamp.online/timestamp/1500266250" "Mozilla/5.0 (compatible; spbot/5.0.3; +http://OpenLinkProfiler.org/bot )"
45.55.163.168 - - [17/Jul/2017:06:38:35 +0200] "GET /timestamp/1500266285 HTTP/1.1" 200 3665 "http://timestamp.online/timestamp/1500266255" "Mozilla/5.0 (compatible; spbot/5.0.3; +http://OpenLinkProfiler.org/bot )"
45.55.163.168 - - [17/Jul/2017:06:38:40 +0200] "GET /timestamp/1500266290 HTTP/1.1" 200 3665 "http://timestamp.online/timestamp/1500266260" "Mozilla/5.0 (compatible; spbot/5.0.3; +http://OpenLinkProfiler.org/bot )"
164.132.161.71 - - [17/Jul/2017:06:38:44 +0200] "GET /timestamp/1499623936 HTTP/1.1" 200 3665 "-" "Mozilla/5.0 (compatible; AhrefsBot/5.2; +http://ahrefs.com/robot/)"
45.55.163.168 - - [17/Jul/2017:06:38:45 +0200] "GET /timestamp/1500266296 HTTP/1.1" 200 3665 "http://timestamp.online/timestamp/1500266265" "Mozilla/5.0 (compatible; spbot/5.0.3; +http://OpenLinkProfiler.org/bot )"
45.55.163.168 - - [17/Jul/2017:06:38:50 +0200] "GET /timestamp/1500266300 HTTP/1.1" 200 3665 "http://timestamp.online/timestamp/1500266270" "Mozilla/5.0 (compatible; spbot/5.0.3; +http://OpenLinkProfiler.org/bot )"
45.55.163.168 - - [17/Jul/2017:06:38:55 +0200] "GET /timestamp/1500266305 HTTP/1.1" 200 3665 "http://timestamp.online/timestamp/1500266275" "Mozilla/5.0 (compatible; spbot/5.0.3; +http://OpenLinkProfiler.org/bot )"
45.55.163.168 - - [17/Jul/2017:06:39:00 +0200] "GET /timestamp/1500266311 HTTP/1.1" 200 3665 "http://timestamp.online/timestamp/1500266280" "Mozilla/5.0 (compatible; spbot/5.0.3; +http://OpenLinkProfiler.org/bot )"
45.55.163.168 - - [17/Jul/2017:06:39:05 +0200] "GET /timestamp/1500266315 HTTP/1.1" 200 3665 "http://timestamp.online/timestamp/1500266285" "Mozilla/5.0 (compatible; spbot/5.0.3; +http://OpenLinkProfiler.org/bot )"
45.55.163.168 - - [17/Jul/2017:06:39:10 +0200] "GET /timestamp/1500266320 HTTP/1.1" 200 3665 "http://timestamp.online/timestamp/1500266290" "Mozilla/5.0 (compatible; spbot/5.0.3; +http://OpenLinkProfiler.org/bot )"
45.55.163.168 - - [17/Jul/2017:06:39:15 +0200] "GET /timestamp/1500266325 HTTP/1.1" 200 3665 "http://timestamp.online/timestamp/1500266296" "Mozilla/5.0 (compatible; spbot/5.0.3; +http://OpenLinkProfiler.org/bot )"
45.55.163.168 - - [17/Jul/2017:06:39:20 +0200] "GET /timestamp/1500266330 HTTP/1.1" 200 3665 "http://timestamp.online/timestamp/1500266300" "Mozilla/5.0 (compatible; spbot/5.0.3; +http://OpenLinkProfiler.org/bot )"
45.55.163.168 - - [17/Jul/2017:06:39:25 +0200] "GET /timestamp/1500266335 HTTP/1.1" 200 3665 "http://timestamp.online/timestamp/1500266305" "Mozilla/5.0 (compatible; spbot/5.0.3; +http://OpenLinkProfiler.org/bot )"
45.55.163.168 - - [17/Jul/2017:06:39:30 +0200] "GET /timestamp/1500266340 HTTP/1.1" 200 3665 "http://timestamp.online/timestamp/1500266311" "Mozilla/5.0 (compatible; spbot/5.0.3; +http://OpenLinkProfiler.org/bot )"
45.55.163.168 - - [17/Jul/2017:06:39:35 +0200] "GET /timestamp/1500266345 HTTP/1.1" 200 3665 "http://timestamp.online/timestamp/1500266315" "Mozilla/5.0 (compatible; spbot/5.0.3; +http://OpenLinkProfiler.org/bot )"
45.55.163.168 - - [17/Jul/2017:06:39:40 +0200] "GET /timestamp/1500266350 HTTP/1.1" 200 3665 "http://timestamp.online/timestamp/1500266320" "Mozilla/5.0 (compatible; spbot/5.0.3; +http://OpenLinkProfiler.org/bot )"
45.55.163.168 - - [17/Jul/2017:06:39:46 +0200] "GET /timestamp/1500266355 HTTP/1.1" 200 3665 "http://timestamp.online/timestamp/1500266325" "Mozilla/5.0 (compatible; spbot/5.0.3; +http://OpenLinkProfiler.org/bot )"
68.238.240.169 - - [17/Jul/2017:06:39:49 +0200] "GET /countdown/1500000000 HTTP/1.1" 200 4349 "-" "Mozilla/5.0 (iPhone; CPU iPhone OS 10_3_2 like Mac OS X) AppleWebKit/603.2.4 (KHTML, like Gecko) Version/10.0 Mobile/14F89 Safari/602.1"
68.238.240.169 - - [17/Jul/2017:06:39:49 +0200] "GET /zzstyle.css?1491341099 HTTP/1.1" 200 1389 "http://timestamp.online/countdown/1500000000" "Mozilla/5.0 (iPhone; CPU iPhone OS 10_3_2 like Mac OS X) AppleWebKit/603.2.4 (KHTML, like Gecko) Version/10.0 Mobile/14F89 Safari/602.1"
68.238.240.169 - - [17/Jul/2017:06:39:49 +0200] "GET /timestamp.js?1491341099 HTTP/1.1" 200 2853 "http://timestamp.online/countdown/1500000000" "Mozilla/5.0 (iPhone; CPU iPhone OS 10_3_2 like Mac OS X) AppleWebKit/603.2.4 (KHTML, like Gecko) Version/10.0 Mobile/14F89 Safari/602.1"
45.55.163.168 - - [17/Jul/2017:06:39:50 +0200] "GET /timestamp/1500266360 HTTP/1.1" 200 3665 "http://timestamp.online/timestamp/1500266330" "Mozilla/5.0 (compatible; spbot/5.0.3; +http://OpenLinkProfiler.org/bot )"
45.55.163.168 - - [17/Jul/2017:06:39:55 +0200] "GET /timestamp/1500266365 HTTP/1.1" 200 3665 "http://timestamp.online/timestamp/1500266335" "Mozilla/5.0 (compatible; spbot/5.0.3; +http://OpenLinkProfiler.org/bot )"
45.55.163.168 - - [17/Jul/2017:06:40:00 +0200] "GET /timestamp/1500266370 HTTP/1.1" 200 3665 "http://timestamp.online/timestamp/1500266340" "Mozilla/5.0 (compatible; spbot/5.0.3; +http://OpenLinkProfiler.org/bot )"
217.182.132.171 - - [17/Jul/2017:06:40:05 +0200] "GET /timestamp/1499576226 HTTP/1.1" 200 3665 "-" "Mozilla/5.0 (compatible; AhrefsBot/5.2; +http://ahrefs.com/robot/)"
45.55.163.168 - - [17/Jul/2017:06:40:05 +0200] "GET /timestamp/1500266375 HTTP/1.1" 200 3665 "http://timestamp.online/timestamp/1500266345" "Mozilla/5.0 (compatible; spbot/5.0.3; +http://OpenLinkProfiler.org/bot )"
45.55.163.168 - - [17/Jul/2017:06:40:10 +0200] "GET /timestamp/1500266380 HTTP/1.1" 200 3665 "http://timestamp.online/timestamp/1500266350" "Mozilla/5.0 (compatible; spbot/5.0.3; +http://OpenLinkProfiler.org/bot )"
45.55.163.168 - - [17/Jul/2017:06:40:15 +0200] "GET /timestamp/1500266386 HTTP/1.1" 200 3665 "http://timestamp.online/timestamp/1500266355" "Mozilla/5.0 (compatible; spbot/5.0.3; +http://OpenLinkProfiler.org/bot )"
